{"id":80,"date":"2016-05-05T14:00:01","date_gmt":"2016-05-05T13:00:01","guid":{"rendered":"http:\/\/www.lembach.fr\/mairie\/?page_id=80"},"modified":"2025-11-10T11:56:02","modified_gmt":"2025-11-10T10:56:02","slug":"identite","status":"publish","type":"page","link":"https:\/\/www.lembach.fr\/mairie\/demarches-administratives\/identite\/","title":{"rendered":"Titres d&rsquo;identit\u00e9"},"content":{"rendered":"<p><img loading=\"lazy\" decoding=\"async\" class=\"size-full wp-image-752 aligncenter\" style=\"border: 0pt none;\" src=\"http:\/\/www.lembach.fr\/mairie\/wp-content\/uploads\/2012\/05\/passeport.jpg\" alt=\"\" width=\"200\" height=\"150\" \/><\/p>\n<p style=\"text-align: left;\"><strong>Depuis avril 2017, les demandes de carte nationale d&rsquo;identit\u00e9 sont \u00e0 d\u00e9poser, \u00e0 l&rsquo;instar des demandes de passeport, aupr\u00e8s de n&rsquo;importe quelle mairie \u00e9quip\u00e9e d&rsquo;un dispositif de recueil.<\/strong> Les communes les proches pour d\u00e9poser sa demande, <strong>sur rendez-vous<\/strong>, sont :<\/p>\n<ul>\n<li>Wissembourg : par t\u00e9l. 03.88.54.87.87 (11 place de la R\u00e9publique) &#8211;<\/li>\n<\/ul>\n<p>Horaires d&rsquo;ouverture :<br \/>\nDu lundi\u00a0au jeudi : de 8h30 \u00e0 12h00 et de 13h30 \u00e0 17h30<br \/>\nLe vendredi : de 8h30 \u00e0 12h00 et de 16h30 \u00e0 16h30<br \/>\nLe samedi : de 9h00 \u00e0 12h00<\/p>\n<ul>\n<li>Haguenau : par t\u00e9l. au 03 88 90 68 50<\/li>\n<\/ul>\n<p><img loading=\"lazy\" decoding=\"async\" class=\"size-full wp-image-756 aligncenter\" style=\"border: 0pt none;\" src=\"http:\/\/www.lembach.fr\/mairie\/wp-content\/uploads\/2012\/05\/carte_identite.gif\" alt=\"\" width=\"200\" height=\"146\" \/><\/p>\n<p><strong>A compter du 1er janvier 2014, la dur\u00e9e de validit\u00e9 de la carte nationale d\u2019identit\u00e9 passe de 10 \u00e0 15 ans pour les personnes majeures (plus de 18 ans).<\/strong><\/p>\n<p>L\u2019allongement de cinq ans pour les cartes d\u2019identit\u00e9 concerne :<br \/>\n&#8211; les nouvelles cartes d\u2019identit\u00e9 s\u00e9curis\u00e9es (cartes plastifi\u00e9es) d\u00e9livr\u00e9es \u00e0 partir du 1er janvier 2014 \u00e0 des personnes majeures.<br \/>\n&#8211; les cartes d\u2019identit\u00e9 s\u00e9curis\u00e9es d\u00e9livr\u00e9es (cartes plastifi\u00e9es) entre le 2 janvier 2004 et le 31 d\u00e9cembre 2013 \u00e0 des personnes majeures.<\/p>\n<p>Cette prolongation ne s\u2019applique pas aux cartes nationales d\u2019identit\u00e9 s\u00e9curis\u00e9e pour les personnes mineures. Elles seront valables 10 ans lors de la d\u00e9livrance.<\/p>\n<p>Si votre carte d\u2019identit\u00e9 a \u00e9t\u00e9 d\u00e9livr\u00e9e <strong>entre le 2 janvier 2004<\/strong> et le<strong> 31 d\u00e9cembre 2013<\/strong>, la prolongation de 5 ans de la validit\u00e9 de votre carte est automatique. Elle ne n\u00e9cessite aucune d\u00e9marche particuli\u00e8re. La date de validit\u00e9 inscrite sur le titre ne sera pas modifi\u00e9e.<\/p>\n<p><span style=\"text-decoration: underline;\">Pi\u00e8ces \u00e0 fournir pour une premi\u00e8re demande ou un renouvellement de carte d\u2019identit\u00e9 :<\/span><\/p>\n<ul>\n<li>1\u00a0photo d\u2019identit\u00e9 r\u00e9cente de format 35 x 45mm, t\u00eate nue, sur fond clair,\u00a0sans expression, visage d\u00e9gag\u00e9 et yeux visibles (port de lunettes possible)<\/li>\n<li>un justificatif de domicile\u00a0\u00e0 votre nom et de moins de 6 mois (facture de t\u00e9l\u00e9phone, d\u2019\u00e9lectricit\u00e9 ou d&rsquo;eau ; avis d\u2019imposition ou de non-imposition ;\u00a0quittance de loyer ; titre de propri\u00e9t\u00e9)<\/li>\n<li>votre ancienne carte nationale d\u2019identit\u00e9\u00a0(ou du repr\u00e9sentant l\u00e9gal pour les demandeurs mineurs)<br \/>\nou<br \/>\nune d\u00e9claration de perte (en mairie) ou de vol (\u00e0 la gendarmerie) de CNI et un timbre fiscal de 25,00 \u20ac (cheter le timbre fiscal en ligne : <a href=\"https:\/\/timbres.impots.gouv.fr\/\"><u><span style=\"color: #000080;\">timbres.impots.gouv.fr\u00a0<\/span><\/u><\/a><br \/>\nou<br \/>\nune copie int\u00e9grale de l\u2019acte de naissance en original (en cas de premi\u00e8re demande, de perte ou\u00a0de vol)<\/li>\n<\/ul>\n<div class=\"alert alert-warning\" role=\"alert\"><p class=\"printonly\"><strong>Warning!<\/strong><\/p>\n<p align=\"CENTER\" class=\"first-p\"><strong><span style=\"color: #ff0000;\"><span style=\"font-size: large;\">ATTENTION !<\/span><\/span>\u00a0<\/strong><\/p>\n<\/div>\n<strong>Pour voyager \u00e0\u00a0l\u2019\u00e9tranger : r<\/strong><strong>enseignez-vous avant votre d\u00e9part car tous les pays n\u2019acceptent pas la prolongation de validit\u00e9 de 5 ans des Cartes Nationales d\u2019Identit\u00e9 (CNI) sur leur territoire.<\/strong><\/p>\n<p>Certains pays\u00a0n&rsquo;autorisent pas l&rsquo;entr\u00e9e sur leur territoire aux personnes titulaires d&rsquo;une carte portant une date de validit\u00e9 en apparence p\u00e9rim\u00e9e. D&rsquo;autres pays, tels que notamment <strong>l&rsquo;Allemagne<\/strong>, l&rsquo;Espagne, l&rsquo;Italie, le Portugal,\u00a0n&rsquo;ont pas express\u00e9ment fait savoir s&rsquo;ils reconnaissent ou non la validit\u00e9 de telles cartes (au 07\/11\/2016).<\/p>\n<p>Il est en cons\u00e9quence fortement recommand\u00e9 aux voyageurs de v\u00e9rifier quelle est la position du pays dans lequel ils envisagent de se rendre et si n\u00e9cessaire, de demander le renouvellement de leur carte d&rsquo;identit\u00e9 ou de se munir d&rsquo;un passeport.<\/p>\n<p>La liste des pays ayant officiellement confirm\u00e9 qu&rsquo;ils acceptaient les cartes dont la validit\u00e9 est prolong\u00e9e de 5 ans, celles des pays n&rsquo;ayant pas officiellement transmis leur position et la liste des pays ne reconnaissant pas la carte d&rsquo;identit\u00e9 portant une date de validit\u00e9 en apparence p\u00e9rim\u00e9e comme document de voyage sont consultables sur le <a title=\"site du minist\u00e8re des Affaires \u00e9trang\u00e8res. - Nouvelle fen\u00eatre\" href=\"http:\/\/www.diplomatie.gouv.fr\/fr\/services-aux-citoyens\/actualites\/article\/extension-de-la-duree-de-validite-de-la-carte-nationale-d-identite-decembre\" target=\"_blank\" rel=\"noopener noreferrer\" data-xiti-name=\"Particuliers::Actualite::Navigation_Directe::site_du_minist\u00e8re_des_Affaires_\u00e9trang\u00e8res.\" data-xiti-type=\"exit\"><u><span style=\"color: #000080;\">site du minist\u00e8re des Affaires \u00e9trang\u00e8res.<\/span><\/u><\/a><\/p>\n<p>&nbsp;<\/p>\n<p>&nbsp;<\/p>\n<h4>Vous avez chang\u00e9 de nom et\/ou de pr\u00e9nom? Pour renouveler votre carte d&rsquo;identit\u00e9 ou passeport :<\/h4>\n<h4><\/h4>\n<h4><a href=\"https:\/\/www.lembach.fr\/mairie\/wp-content\/uploads\/2025\/11\/carte-identite.jpg\"><img loading=\"lazy\" decoding=\"async\" class=\"alignnone size-full wp-image-8616\" src=\"https:\/\/www.lembach.fr\/mairie\/wp-content\/uploads\/2025\/11\/carte-identite.jpg\" alt=\"\" width=\"597\" height=\"808\" srcset=\"https:\/\/www.lembach.fr\/mairie\/wp-content\/uploads\/2025\/11\/carte-identite.jpg 597w, https:\/\/www.lembach.fr\/mairie\/wp-content\/uploads\/2025\/11\/carte-identite-222x300.jpg 222w\" sizes=\"auto, (max-width: 597px) 100vw, 597px\" \/><\/a> <a href=\"https:\/\/www.lembach.fr\/mairie\/wp-content\/uploads\/2025\/11\/carte-didentite2.jpg\"><img loading=\"lazy\" decoding=\"async\" class=\"alignnone size-full wp-image-8615\" src=\"https:\/\/www.lembach.fr\/mairie\/wp-content\/uploads\/2025\/11\/carte-didentite2.jpg\" alt=\"\" width=\"539\" height=\"816\" srcset=\"https:\/\/www.lembach.fr\/mairie\/wp-content\/uploads\/2025\/11\/carte-didentite2.jpg 539w, https:\/\/www.lembach.fr\/mairie\/wp-content\/uploads\/2025\/11\/carte-didentite2-198x300.jpg 198w\" sizes=\"auto, (max-width: 539px) 100vw, 539px\" \/><\/a><\/h4>\n<p>&nbsp;<\/p>\n<p>&nbsp;<\/p>\n<p>&nbsp;<\/p>\n<p>&nbsp;<\/p>\n","protected":false},"excerpt":{"rendered":"<p>Depuis avril 2017, les demandes de carte nationale d&rsquo;identit\u00e9 sont \u00e0 d\u00e9poser, \u00e0 l&rsquo;instar des demandes de passeport, aupr\u00e8s de n&rsquo;importe quelle mairie \u00e9quip\u00e9e d&rsquo;un dispositif de recueil. Les communes les proches pour d\u00e9poser sa demande, sur rendez-vous, sont : Wissembourg : par t\u00e9l. 03.88.54.87.87 (11 place de la R\u00e9publique) &#8211; Horaires d&rsquo;ouverture : Du &hellip; <\/p>\n<p><a class=\"more-link btn\" href=\"https:\/\/www.lembach.fr\/mairie\/demarches-administratives\/identite\/\">Lire la suite<\/a><\/p>\n","protected":false},"author":1,"featured_media":0,"parent":56,"menu_order":0,"comment_status":"closed","ping_status":"open","template":"","meta":{"footnotes":""},"class_list":["post-80","page","type-page","status-publish","hentry","nodate","item-wrap"],"_links":{"self":[{"href":"https:\/\/www.lembach.fr\/mairie\/wp-json\/wp\/v2\/pages\/80","targetHints":{"allow":["GET"]}}],"collection":[{"href":"https:\/\/www.lembach.fr\/mairie\/wp-json\/wp\/v2\/pages"}],"about":[{"href":"https:\/\/www.lembach.fr\/mairie\/wp-json\/wp\/v2\/types\/page"}],"author":[{"embeddable":true,"href":"https:\/\/www.lembach.fr\/mairie\/wp-json\/wp\/v2\/users\/1"}],"replies":[{"embeddable":true,"href":"https:\/\/www.lembach.fr\/mairie\/wp-json\/wp\/v2\/comments?post=80"}],"version-history":[{"count":2,"href":"https:\/\/www.lembach.fr\/mairie\/wp-json\/wp\/v2\/pages\/80\/revisions"}],"predecessor-version":[{"id":8618,"href":"https:\/\/www.lembach.fr\/mairie\/wp-json\/wp\/v2\/pages\/80\/revisions\/8618"}],"up":[{"embeddable":true,"href":"https:\/\/www.lembach.fr\/mairie\/wp-json\/wp\/v2\/pages\/56"}],"wp:attachment":[{"href":"https:\/\/www.lembach.fr\/mairie\/wp-json\/wp\/v2\/media?parent=80"}],"curies":[{"name":"wp","href":"https:\/\/api.w.org\/{rel}","templated":true}]}}

Titres d&rsquo;identité

<p><img loading="lazy" decoding="async" class="size-full wp-image-752 aligncenter" style="border: 0pt none;" src="http://www.lembach.fr/mairie/wp-content/uploads/2012/05/passeport.jpg" alt="" width="200" height="150" /></p>
<p style="text-align: left;"><strong>Depuis avril 2017, les demandes de carte nationale d&rsquo;identité sont à déposer, à l&rsquo;instar des demandes de passeport, auprès de n&rsquo;importe quelle mairie équipée d&rsquo;un dispositif de recueil.</strong> Les communes les proches pour déposer sa demande, <strong>sur rendez-vous</strong>, sont :</p>
<ul>
<li>Wissembourg : par tél. 03.88.54.87.87 (11 place de la République) &#8211;</li>
</ul>
<p>Horaires d&rsquo;ouverture :<br />
Du lundi au jeudi : de 8h30 à 12h00 et de 13h30 à 17h30<br />
Le vendredi : de 8h30 à 12h00 et de 16h30 à 16h30<br />
Le samedi : de 9h00 à 12h00</p>
<ul>
<li>Haguenau : par tél. au 03 88 90 68 50</li>
</ul>
<p><img loading="lazy" decoding="async" class="size-full wp-image-756 aligncenter" style="border: 0pt none;" src="http://www.lembach.fr/mairie/wp-content/uploads/2012/05/carte_identite.gif" alt="" width="200" height="146" /></p>
<p><strong>A compter du 1er janvier 2014, la durée de validité de la carte nationale d’identité passe de 10 à 15 ans pour les personnes majeures (plus de 18 ans).</strong></p>
<p>L’allongement de cinq ans pour les cartes d’identité concerne :<br />
&#8211; les nouvelles cartes d’identité sécurisées (cartes plastifiées) délivrées à partir du 1er janvier 2014 à des personnes majeures.<br />
&#8211; les cartes d’identité sécurisées délivrées (cartes plastifiées) entre le 2 janvier 2004 et le 31 décembre 2013 à des personnes majeures.</p>
<p>Cette prolongation ne s’applique pas aux cartes nationales d’identité sécurisée pour les personnes mineures. Elles seront valables 10 ans lors de la délivrance.</p>
<p>Si votre carte d’identité a été délivrée <strong>entre le 2 janvier 2004</strong> et le<strong> 31 décembre 2013</strong>, la prolongation de 5 ans de la validité de votre carte est automatique. Elle ne nécessite aucune démarche particulière. La date de validité inscrite sur le titre ne sera pas modifiée.</p>
<p><span style="text-decoration: underline;">Pièces à fournir pour une première demande ou un renouvellement de carte d’identité :</span></p>
<ul>
<li>1 photo d’identité récente de format 35 x 45mm, tête nue, sur fond clair, sans expression, visage dégagé et yeux visibles (port de lunettes possible)</li>
<li>un justificatif de domicile à votre nom et de moins de 6 mois (facture de téléphone, d’électricité ou d&rsquo;eau ; avis d’imposition ou de non-imposition ; quittance de loyer ; titre de propriété)</li>
<li>votre ancienne carte nationale d’identité (ou du représentant légal pour les demandeurs mineurs)<br />
ou<br />
une déclaration de perte (en mairie) ou de vol (à la gendarmerie) de CNI et un timbre fiscal de 25,00 € (cheter le timbre fiscal en ligne : <a href="https://timbres.impots.gouv.fr/"><u><span style="color: #000080;">timbres.impots.gouv.fr </span></u></a><br />
ou<br />
une copie intégrale de l’acte de naissance en original (en cas de première demande, de perte ou de vol)</li>
</ul>
<div class="alert alert-warning" role="alert"><p class="printonly"><strong>Warning!</strong></p>
<p align="CENTER" class="first-p"><strong><span style="color: #ff0000;"><span style="font-size: large;">ATTENTION !</span></span> </strong></p>
</div>
<strong>Pour voyager à l’étranger : r</strong><strong>enseignez-vous avant votre départ car tous les pays n’acceptent pas la prolongation de validité de 5 ans des Cartes Nationales d’Identité (CNI) sur leur territoire.</strong></p>
<p>Certains pays n&rsquo;autorisent pas l&rsquo;entrée sur leur territoire aux personnes titulaires d&rsquo;une carte portant une date de validité en apparence périmée. D&rsquo;autres pays, tels que notamment <strong>l&rsquo;Allemagne</strong>, l&rsquo;Espagne, l&rsquo;Italie, le Portugal, n&rsquo;ont pas expressément fait savoir s&rsquo;ils reconnaissent ou non la validité de telles cartes (au 07/11/2016).</p>
<p>Il est en conséquence fortement recommandé aux voyageurs de vérifier quelle est la position du pays dans lequel ils envisagent de se rendre et si nécessaire, de demander le renouvellement de leur carte d&rsquo;identité ou de se munir d&rsquo;un passeport.</p>
<p>La liste des pays ayant officiellement confirmé qu&rsquo;ils acceptaient les cartes dont la validité est prolongée de 5 ans, celles des pays n&rsquo;ayant pas officiellement transmis leur position et la liste des pays ne reconnaissant pas la carte d&rsquo;identité portant une date de validité en apparence périmée comme document de voyage sont consultables sur le <a title="site du ministère des Affaires étrangères. - Nouvelle fenêtre" href="http://www.diplomatie.gouv.fr/fr/services-aux-citoyens/actualites/article/extension-de-la-duree-de-validite-de-la-carte-nationale-d-identite-decembre" target="_blank" rel="noopener noreferrer" data-xiti-name="Particuliers::Actualite::Navigation_Directe::site_du_ministère_des_Affaires_étrangères." data-xiti-type="exit"><u><span style="color: #000080;">site du ministère des Affaires étrangères.</span></u></a></p>
<p>&nbsp;</p>
<p>&nbsp;</p>
<h4>Vous avez changé de nom et/ou de prénom? Pour renouveler votre carte d&rsquo;identité ou passeport :</h4>
<h4></h4>
<h4><a href="https://www.lembach.fr/mairie/wp-content/uploads/2025/11/carte-identite.jpg"><img loading="lazy" decoding="async" class="alignnone size-full wp-image-8616" src="https://www.lembach.fr/mairie/wp-content/uploads/2025/11/carte-identite.jpg" alt="" width="597" height="808" srcset="https://www.lembach.fr/mairie/wp-content/uploads/2025/11/carte-identite.jpg 597w, https://www.lembach.fr/mairie/wp-content/uploads/2025/11/carte-identite-222x300.jpg 222w" sizes="auto, (max-width: 597px) 100vw, 597px" /></a> <a href="https://www.lembach.fr/mairie/wp-content/uploads/2025/11/carte-didentite2.jpg"><img loading="lazy" decoding="async" class="alignnone size-full wp-image-8615" src="https://www.lembach.fr/mairie/wp-content/uploads/2025/11/carte-didentite2.jpg" alt="" width="539" height="816" srcset="https://www.lembach.fr/mairie/wp-content/uploads/2025/11/carte-didentite2.jpg 539w, https://www.lembach.fr/mairie/wp-content/uploads/2025/11/carte-didentite2-198x300.jpg 198w" sizes="auto, (max-width: 539px) 100vw, 539px" /></a></h4>
<p>&nbsp;</p>
<p>&nbsp;</p>
<p>&nbsp;</p>
<p>&nbsp;</p>

<p>Depuis avril 2017, les demandes de carte nationale d&rsquo;identité sont à déposer, à l&rsquo;instar des demandes de passeport, auprès de n&rsquo;importe quelle mairie équipée d&rsquo;un dispositif de recueil. Les communes les proches pour déposer sa demande, sur rendez-vous, sont : Wissembourg : par tél. 03.88.54.87.87 (11 place de la République) &#8211; Horaires d&rsquo;ouverture : Du &hellip; </p>
<p><a class="more-link btn" href="https://www.lembach.fr/mairie/demarches-administratives/identite/">Lire la suite</a></p>
