{"id":78,"date":"2012-05-05T13:59:26","date_gmt":"2012-05-05T13:59:26","guid":{"rendered":"http:\/\/www.lembach.fr\/mairie\/?page_id=78"},"modified":"2012-06-10T16:44:18","modified_gmt":"2012-06-10T14:44:18","slug":"recensement","status":"publish","type":"page","link":"https:\/\/www.lembach.fr\/mairie\/demarches-administratives\/recensement\/","title":{"rendered":"Recensement"},"content":{"rendered":"<p>D\u00e8s 16 ans, le recensement en Mairie est obligatoire pour les jeunes filles et jeunes gens de nationalit\u00e9 fran\u00e7aise<\/p>\n<p>Cette d\u00e9marche peut \u00eatre effectu\u00e9e par l\u2019int\u00e9ress\u00e9(e) ou par son repr\u00e9sentant l\u00e9gal \u00e0 la Mairie qui d\u00e9livrera une attestation.<\/p>\n<p>Celle-ci est exig\u00e9e pour passer vos examens et concours, votre inscription au permis de conduire et pour effectuer votre Journ\u00e9e d\u2019Appel \u00e0 la D\u00e9fense<\/p>\n<p>Cette journ\u00e9e appel\u00e9e \u00ab\u00a0JAPD \u00a0\u00bb est obligatoire pour les gar\u00e7ons et les filles et permettra d\u2019\u00eatre en r\u00e8gle vis-\u00e0-vis du service national et de futures d\u00e9marches administratives.<\/p>\n<p>Le recensement permettra d\u2019\u00eatre inscrit automatiquement par la Mairie sur les listes \u00e9lectorales.<\/p>\n<p>Les documents \u00e0 fournir pour l\u2019obtention de l\u2019attestation sont : une pi\u00e8ce d\u2019identit\u00e9, le livret de famille et un justificatif de domicile.<\/p>\n<p>&nbsp;<\/p>\n<p style=\"text-align: center;\"><img loading=\"lazy\" decoding=\"async\" class=\"size-full wp-image-640 aligncenter\" style=\"border: 0pt none;\" src=\"http:\/\/www.lembach.fr\/mairie\/wp-content\/uploads\/2012\/05\/chart-icon.png\" alt=\"\" width=\"128\" height=\"128\" \/><\/p>\n","protected":false},"excerpt":{"rendered":"<p>D\u00e8s 16 ans, le recensement en Mairie est obligatoire pour les jeunes filles et jeunes gens de nationalit\u00e9 fran\u00e7aise Cette d\u00e9marche peut \u00eatre effectu\u00e9e par l\u2019int\u00e9ress\u00e9(e) ou par son repr\u00e9sentant l\u00e9gal \u00e0 la Mairie qui d\u00e9livrera une attestation. Celle-ci est exig\u00e9e pour passer vos examens et concours, votre inscription au permis de conduire et pour &hellip; <\/p>\n<p><a class=\"more-link btn\" href=\"https:\/\/www.lembach.fr\/mairie\/demarches-administratives\/recensement\/\">Lire la suite<\/a><\/p>\n","protected":false},"author":1,"featured_media":0,"parent":56,"menu_order":5,"comment_status":"closed","ping_status":"open","template":"","meta":{"footnotes":""},"class_list":["post-78","page","type-page","status-publish","hentry","nodate","item-wrap"],"_links":{"self":[{"href":"https:\/\/www.lembach.fr\/mairie\/wp-json\/wp\/v2\/pages\/78","targetHints":{"allow":["GET"]}}],"collection":[{"href":"https:\/\/www.lembach.fr\/mairie\/wp-json\/wp\/v2\/pages"}],"about":[{"href":"https:\/\/www.lembach.fr\/mairie\/wp-json\/wp\/v2\/types\/page"}],"author":[{"embeddable":true,"href":"https:\/\/www.lembach.fr\/mairie\/wp-json\/wp\/v2\/users\/1"}],"replies":[{"embeddable":true,"href":"https:\/\/www.lembach.fr\/mairie\/wp-json\/wp\/v2\/comments?post=78"}],"version-history":[{"count":0,"href":"https:\/\/www.lembach.fr\/mairie\/wp-json\/wp\/v2\/pages\/78\/revisions"}],"up":[{"embeddable":true,"href":"https:\/\/www.lembach.fr\/mairie\/wp-json\/wp\/v2\/pages\/56"}],"wp:attachment":[{"href":"https:\/\/www.lembach.fr\/mairie\/wp-json\/wp\/v2\/media?parent=78"}],"curies":[{"name":"wp","href":"https:\/\/api.w.org\/{rel}","templated":true}]}}