{"id":569,"date":"2012-05-07T15:25:18","date_gmt":"2012-05-07T15:25:18","guid":{"rendered":"http:\/\/www.lembach.fr\/mairie\/?page_id=569"},"modified":"2020-10-13T17:27:36","modified_gmt":"2020-10-13T15:27:36","slug":"galerie-photo","status":"publish","type":"page","link":"https:\/\/www.lembach.fr\/mairie\/galerie-photo\/","title":{"rendered":"M\u00e9dias"},"content":{"rendered":"<p>Vous trouverez ici des publications diverses, des vid\u00e9os et de belles galeries de photos de notre r\u00e9gion.<\/p>\n<p style=\"text-align: center;\"><img loading=\"lazy\" decoding=\"async\" class=\"alignnone size-full wp-image-1127\" style=\"border: 0pt none;\" title=\"Leica-3-icon\" src=\"http:\/\/www.lembach.fr\/mairie\/wp-content\/uploads\/2012\/05\/Leica-3-icon.png\" alt=\"\" width=\"128\" height=\"128\" \/><img loading=\"lazy\" decoding=\"async\" class=\"alignnone size-full wp-image-1126\" style=\"border: 0pt none;\" title=\"film-camera-35mm-icon\" src=\"http:\/\/www.lembach.fr\/mairie\/wp-content\/uploads\/2012\/05\/film-camera-35mm-icon.png\" alt=\"\" width=\"128\" height=\"128\" \/><\/p>\n","protected":false},"excerpt":{"rendered":"<p>Vous trouverez ici des publications diverses, des vid\u00e9os et de belles galeries de photos de notre r\u00e9gion.<\/p>\n","protected":false},"author":1,"featured_media":0,"parent":0,"menu_order":9,"comment_status":"closed","ping_status":"open","template":"","meta":{"footnotes":""},"class_list":["post-569","page","type-page","status-publish","hentry","nodate","item-wrap"],"_links":{"self":[{"href":"https:\/\/www.lembach.fr\/mairie\/wp-json\/wp\/v2\/pages\/569","targetHints":{"allow":["GET"]}}],"collection":[{"href":"https:\/\/www.lembach.fr\/mairie\/wp-json\/wp\/v2\/pages"}],"about":[{"href":"https:\/\/www.lembach.fr\/mairie\/wp-json\/wp\/v2\/types\/page"}],"author":[{"embeddable":true,"href":"https:\/\/www.lembach.fr\/mairie\/wp-json\/wp\/v2\/users\/1"}],"replies":[{"embeddable":true,"href":"https:\/\/www.lembach.fr\/mairie\/wp-json\/wp\/v2\/comments?post=569"}],"version-history":[{"count":0,"href":"https:\/\/www.lembach.fr\/mairie\/wp-json\/wp\/v2\/pages\/569\/revisions"}],"wp:attachment":[{"href":"https:\/\/www.lembach.fr\/mairie\/wp-json\/wp\/v2\/media?parent=569"}],"curies":[{"name":"wp","href":"https:\/\/api.w.org\/{rel}","templated":true}]}}

Médias

<p>Vous trouverez ici des publications diverses, des vidéos et de belles galeries de photos de notre région.</p>
<p style="text-align: center;"><img loading="lazy" decoding="async" class="alignnone size-full wp-image-1127" style="border: 0pt none;" title="Leica-3-icon" src="http://www.lembach.fr/mairie/wp-content/uploads/2012/05/Leica-3-icon.png" alt="" width="128" height="128" /><img loading="lazy" decoding="async" class="alignnone size-full wp-image-1126" style="border: 0pt none;" title="film-camera-35mm-icon" src="http://www.lembach.fr/mairie/wp-content/uploads/2012/05/film-camera-35mm-icon.png" alt="" width="128" height="128" /></p>

<p>Vous trouverez ici des publications diverses, des vidéos et de belles galeries de photos de notre région.</p>
