{"id":506,"date":"2022-09-01T15:03:49","date_gmt":"2022-09-01T13:03:49","guid":{"rendered":"http:\/\/www.lembach.fr\/mairie\/?page_id=506"},"modified":"2023-02-20T09:54:09","modified_gmt":"2023-02-20T08:54:09","slug":"agence-postale","status":"publish","type":"page","link":"https:\/\/www.lembach.fr\/mairie\/infos\/agence-postale\/","title":{"rendered":"Agence postale"},"content":{"rendered":"<h4>Cr\u00e9\u00e9e \u00e0 l&rsquo;initiative de la commune, pour am\u00e9liorer le service rendu au public, l&rsquo;agence postale de Lembach a ouvert ses portes le\u00a01er d\u00e9cembre 2011.<\/h4>\n<p>Les locaux spacieux, enti\u00e8rement r\u00e9am\u00e9nag\u00e9s, se situent en plein centre de la commune, pr\u00e8s du rond-point et en face de la place de la mairie.<\/p>\n<p>&nbsp;<\/p>\n<p><a href=\"https:\/\/www.lembach.fr\/mairie\/wp-content\/uploads\/2023\/02\/2022-HORAIRES-DOUVERTURE-POSTE.jpg\"><img loading=\"lazy\" decoding=\"async\" class=\"alignnone size-full wp-image-7499\" src=\"https:\/\/www.lembach.fr\/mairie\/wp-content\/uploads\/2023\/02\/2022-HORAIRES-DOUVERTURE-POSTE.jpg\" alt=\"\" width=\"1123\" height=\"794\" srcset=\"https:\/\/www.lembach.fr\/mairie\/wp-content\/uploads\/2023\/02\/2022-HORAIRES-DOUVERTURE-POSTE.jpg 1123w, https:\/\/www.lembach.fr\/mairie\/wp-content\/uploads\/2023\/02\/2022-HORAIRES-DOUVERTURE-POSTE-300x212.jpg 300w, https:\/\/www.lembach.fr\/mairie\/wp-content\/uploads\/2023\/02\/2022-HORAIRES-DOUVERTURE-POSTE-1024x724.jpg 1024w, https:\/\/www.lembach.fr\/mairie\/wp-content\/uploads\/2023\/02\/2022-HORAIRES-DOUVERTURE-POSTE-768x543.jpg 768w, https:\/\/www.lembach.fr\/mairie\/wp-content\/uploads\/2023\/02\/2022-HORAIRES-DOUVERTURE-POSTE-847x599.jpg 847w\" sizes=\"auto, (max-width: 1123px) 100vw, 1123px\" \/><\/a><\/p>\n<p style=\"text-align: center;\"><div class=\"alert alert-success\" role=\"alert\"><p class=\"printonly\"><strong>Important!<\/strong><\/p>\n<p style=\"text-align: center;\" class=\"first-p\">Lev\u00e9e du courrier : 14h30 en semaine et 10h le samedi<\/p>\n<p style=\"text-align: center;\"><\/div>\n<p style=\"text-align: center;\"><img loading=\"lazy\" decoding=\"async\" class=\"size-full wp-image-507 aligncenter\" style=\"border: 0pt none;\" src=\"http:\/\/www.lembach.fr\/mairie\/wp-content\/uploads\/2012\/05\/agence_postale.jpg\" alt=\"\" width=\"217\" height=\"141\" \/><\/p>\n","protected":false},"excerpt":{"rendered":"<p>Cr\u00e9\u00e9e \u00e0 l&rsquo;initiative de la commune, pour am\u00e9liorer le service rendu au public, l&rsquo;agence postale de Lembach a ouvert ses portes le\u00a01er d\u00e9cembre 2011. Les locaux spacieux, enti\u00e8rement r\u00e9am\u00e9nag\u00e9s, se situent en plein centre de la commune, pr\u00e8s du rond-point et en face de la place de la mairie. &nbsp;<\/p>\n","protected":false},"author":1,"featured_media":0,"parent":254,"menu_order":3,"comment_status":"closed","ping_status":"open","template":"","meta":{"footnotes":""},"class_list":["post-506","page","type-page","status-publish","hentry","nodate","item-wrap"],"_links":{"self":[{"href":"https:\/\/www.lembach.fr\/mairie\/wp-json\/wp\/v2\/pages\/506","targetHints":{"allow":["GET"]}}],"collection":[{"href":"https:\/\/www.lembach.fr\/mairie\/wp-json\/wp\/v2\/pages"}],"about":[{"href":"https:\/\/www.lembach.fr\/mairie\/wp-json\/wp\/v2\/types\/page"}],"author":[{"embeddable":true,"href":"https:\/\/www.lembach.fr\/mairie\/wp-json\/wp\/v2\/users\/1"}],"replies":[{"embeddable":true,"href":"https:\/\/www.lembach.fr\/mairie\/wp-json\/wp\/v2\/comments?post=506"}],"version-history":[{"count":0,"href":"https:\/\/www.lembach.fr\/mairie\/wp-json\/wp\/v2\/pages\/506\/revisions"}],"up":[{"embeddable":true,"href":"https:\/\/www.lembach.fr\/mairie\/wp-json\/wp\/v2\/pages\/254"}],"wp:attachment":[{"href":"https:\/\/www.lembach.fr\/mairie\/wp-json\/wp\/v2\/media?parent=506"}],"curies":[{"name":"wp","href":"https:\/\/api.w.org\/{rel}","templated":true}]}}