{"id":4655,"date":"2017-07-11T08:03:50","date_gmt":"2017-07-11T07:03:50","guid":{"rendered":"http:\/\/www.lembach.fr\/mairie\/?page_id=4655"},"modified":"2020-10-13T17:24:33","modified_gmt":"2020-10-13T15:24:33","slug":"videos","status":"publish","type":"page","link":"https:\/\/www.lembach.fr\/mairie\/galerie-photo\/videos\/","title":{"rendered":"Vid\u00e9os"},"content":{"rendered":"<p style=\"text-align: center;\">Veuillez choisir une vid\u00e9o dans le sous-menu :<\/p>\n<ul>\n<li><a href=\"https:\/\/www.lembach.fr\/mairie\/?page_id=2983\">Le ch\u00e2teau de Fleckenstein<\/a><\/li>\n<li><a href=\"https:\/\/www.lembach.fr\/mairie\/?page_id=1117\">Vosges du Nord<\/a><\/li>\n<li><a href=\"https:\/\/www.lembach.fr\/mairie\/?page_id=4115\">Le Four \u00e0 Chaux<\/a><\/li>\n<li><a href=\"https:\/\/www.lembach.fr\/mairie\/?page_id=3383\">\u00ab\u00a0A Gueter\u201d<\/a><\/li>\n<li><a href=\"https:\/\/www.lembach.fr\/mairie\/?page_id=5606\">\u201cAppolo 9 \u2013 un Alsacien dans l\u2019espace<\/a><\/li>\n<\/ul>\n<p style=\"text-align: center;\"><img loading=\"lazy\" decoding=\"async\" class=\"aligncenter size-full wp-image-4656\" style=\"border: 0pt none;\" src=\"http:\/\/www.lembach.fr\/mairie\/wp-content\/uploads\/2017\/07\/camera.jpg\" alt=\"\" width=\"400\" height=\"250\" srcset=\"https:\/\/www.lembach.fr\/mairie\/wp-content\/uploads\/2017\/07\/camera.jpg 400w, https:\/\/www.lembach.fr\/mairie\/wp-content\/uploads\/2017\/07\/camera-300x188.jpg 300w\" sizes=\"auto, (max-width: 400px) 100vw, 400px\" \/><\/p>\n","protected":false},"excerpt":{"rendered":"<p>Veuillez choisir une vid\u00e9o dans le sous-menu : Le ch\u00e2teau de Fleckenstein Vosges du Nord Le Four \u00e0 Chaux \u00ab\u00a0A Gueter\u201d \u201cAppolo 9 \u2013 un Alsacien dans l\u2019espace<\/p>\n","protected":false},"author":1,"featured_media":0,"parent":569,"menu_order":2,"comment_status":"closed","ping_status":"closed","template":"","meta":{"footnotes":""},"class_list":["post-4655","page","type-page","status-publish","hentry","nodate","item-wrap"],"_links":{"self":[{"href":"https:\/\/www.lembach.fr\/mairie\/wp-json\/wp\/v2\/pages\/4655","targetHints":{"allow":["GET"]}}],"collection":[{"href":"https:\/\/www.lembach.fr\/mairie\/wp-json\/wp\/v2\/pages"}],"about":[{"href":"https:\/\/www.lembach.fr\/mairie\/wp-json\/wp\/v2\/types\/page"}],"author":[{"embeddable":true,"href":"https:\/\/www.lembach.fr\/mairie\/wp-json\/wp\/v2\/users\/1"}],"replies":[{"embeddable":true,"href":"https:\/\/www.lembach.fr\/mairie\/wp-json\/wp\/v2\/comments?post=4655"}],"version-history":[{"count":0,"href":"https:\/\/www.lembach.fr\/mairie\/wp-json\/wp\/v2\/pages\/4655\/revisions"}],"up":[{"embeddable":true,"href":"https:\/\/www.lembach.fr\/mairie\/wp-json\/wp\/v2\/pages\/569"}],"wp:attachment":[{"href":"https:\/\/www.lembach.fr\/mairie\/wp-json\/wp\/v2\/media?parent=4655"}],"curies":[{"name":"wp","href":"https:\/\/api.w.org\/{rel}","templated":true}]}}

Vidéos

<p style="text-align: center;">Veuillez choisir une vidéo dans le sous-menu :</p>
<ul>
<li><a href="https://www.lembach.fr/mairie/?page_id=2983">Le château de Fleckenstein</a></li>
<li><a href="https://www.lembach.fr/mairie/?page_id=1117">Vosges du Nord</a></li>
<li><a href="https://www.lembach.fr/mairie/?page_id=4115">Le Four à Chaux</a></li>
<li><a href="https://www.lembach.fr/mairie/?page_id=3383">« A Gueter”</a></li>
<li><a href="https://www.lembach.fr/mairie/?page_id=5606">“Appolo 9 – un Alsacien dans l’espace</a></li>
</ul>
<p style="text-align: center;"><img loading="lazy" decoding="async" class="aligncenter size-full wp-image-4656" style="border: 0pt none;" src="http://www.lembach.fr/mairie/wp-content/uploads/2017/07/camera.jpg" alt="" width="400" height="250" srcset="https://www.lembach.fr/mairie/wp-content/uploads/2017/07/camera.jpg 400w, https://www.lembach.fr/mairie/wp-content/uploads/2017/07/camera-300x188.jpg 300w" sizes="auto, (max-width: 400px) 100vw, 400px" /></p>

<p>Veuillez choisir une vidéo dans le sous-menu : Le château de Fleckenstein Vosges du Nord Le Four à Chaux « A Gueter” “Appolo 9 – un Alsacien dans l’espace</p>
