{"id":4616,"date":"2017-10-30T10:16:49","date_gmt":"2017-10-30T09:16:49","guid":{"rendered":"http:\/\/www.lembach.fr\/mairie\/?page_id=4616"},"modified":"2017-11-01T11:18:50","modified_gmt":"2017-11-01T10:18:50","slug":"disteldorf","status":"publish","type":"page","link":"https:\/\/www.lembach.fr\/mairie\/galerie-photo\/publications\/disteldorf\/","title":{"rendered":"Disteldorf, terre de charbonniers"},"content":{"rendered":"<p>\u00c0 travers des t\u00e9moignages d\u2019anciens du lieu r\u00e9dig\u00e9s sur un cahier d\u2019\u00e9cole, des informations glan\u00e9es dans les registres paroissiaux, dans des fiches de recensement jaunies par le temps ou dans les rares archives, l\u2019auteur, <em><strong>Charles SCHLOSSER<\/strong><\/em>, apr\u00e8s avoir \u00e9voqu\u00e9 l\u2019histoire de sa commune dans \u00ab<em><strong> Lembach, au fil du temps<\/strong><\/em>, \u00bb, se propose d\u2019ouvrir pour vous et avec vous le petit livre d\u2019histoire de <em><strong>Disteldorf<\/strong><\/em>, terre de charbonniers.<\/p>\n<p style=\"text-align: center;\"><img loading=\"lazy\" decoding=\"async\" class=\"aligncenter size-full wp-image-4619\" src=\"http:\/\/www.lembach.fr\/mairie\/wp-content\/uploads\/2017\/07\/disteldorf1.jpg\" alt=\"\" width=\"400\" height=\"481\" srcset=\"https:\/\/www.lembach.fr\/mairie\/wp-content\/uploads\/2017\/07\/disteldorf1.jpg 400w, https:\/\/www.lembach.fr\/mairie\/wp-content\/uploads\/2017\/07\/disteldorf1-249x300.jpg 249w\" sizes=\"auto, (max-width: 400px) 100vw, 400px\" \/><\/p>\n<p><em><strong>Disteldorf<\/strong><\/em> : au lendemain de la guerre de 1870, le petit village d\u2019une douzaine de maisons et d\u2019une centaine d\u2019habitants se montrait fi\u00e8re de sa nouvelle \u00e9cole lui servant aussi de chapelle. Au lendemain de la deuxi\u00e8me guerre mondiale il se retrouvait en ruines. Seule la famille<strong><em> ISEL<\/em><\/strong> r\u00e9siste alors \u00e0 l\u2019appel de la vall\u00e9e. On lui doit sans doute que ce hameau perdu dans la for\u00eat du <strong><em>Kraehberg<\/em><\/strong> continue \u00e0 vivre. C\u2019est un lieu particulier qui ne laisse personne indiff\u00e9rent, ni ceux qui le connaissent, ni ceux qui le d\u00e9couvrent. Un lieu o\u00f9 r\u00e8gne un esprit, o\u00f9 on per\u00e7oit comme un souffle mythique.<\/p>\n<p><img loading=\"lazy\" decoding=\"async\" class=\"aligncenter size-full wp-image-4620\" src=\"http:\/\/www.lembach.fr\/mairie\/wp-content\/uploads\/2017\/07\/disteldorf2.jpg\" alt=\"\" width=\"400\" height=\"466\" srcset=\"https:\/\/www.lembach.fr\/mairie\/wp-content\/uploads\/2017\/07\/disteldorf2.jpg 400w, https:\/\/www.lembach.fr\/mairie\/wp-content\/uploads\/2017\/07\/disteldorf2-258x300.jpg 258w\" sizes=\"auto, (max-width: 400px) 100vw, 400px\" \/><\/p>\n<p style=\"text-align: center;\">L\u2019ouvrage est disponible chez l\u2019\u00e9diteur et l\u2019auteur <strong>depuis octobre 2017<\/strong>.<\/p>\n<p style=\"text-align: center;\">Bon de souscription \u00e0 t\u00e9l\u00e9charger<\/p>\n<p style=\"text-align: center;\"><a href=\"http:\/\/www.lembach.fr\/mairie\/wp-content\/uploads\/2017\/07\/disteldorf_bon_de_souscription.pdf\" target=\"_blank\" rel=\"noopener\"><img loading=\"lazy\" decoding=\"async\" class=\"aligncenter size-full wp-image-4622\" src=\"http:\/\/www.lembach.fr\/mairie\/wp-content\/uploads\/2017\/07\/disteldorf3.jpg\" alt=\"\" width=\"300\" height=\"172\" \/><\/a><\/p>\n<p style=\"text-align: center;\">et \u00e0 retourner \u00e0<br \/>\n<strong>I.D. l\u2019\u00c9dition<br \/>\n<\/strong><strong>9 rue des Artisans<br \/>\n67210 Bernardswiller<\/strong><\/p>\n<p style=\"text-align: center;\">ou \u00e0<br \/>\n<strong>Charles Schlosser<br \/>\n17 rue de Wingen<br \/>\n67510 Lembach<\/strong><a href=\"https:\/\/www.lembach.fr\/mairie\/wp-content\/uploads\/2017\/11\/disteldorf_dna_20171101.pdf\" target=\"_blank\" rel=\"noopener\"><img loading=\"lazy\" decoding=\"async\" class=\"aligncenter size-full wp-image-5083\" src=\"https:\/\/www.lembach.fr\/mairie\/wp-content\/uploads\/2017\/11\/disteldorf_dna_20171101.jpg\" alt=\"\" width=\"300\" height=\"400\" srcset=\"https:\/\/www.lembach.fr\/mairie\/wp-content\/uploads\/2017\/11\/disteldorf_dna_20171101.jpg 300w, https:\/\/www.lembach.fr\/mairie\/wp-content\/uploads\/2017\/11\/disteldorf_dna_20171101-225x300.jpg 225w\" sizes=\"auto, (max-width: 300px) 100vw, 300px\" \/><\/a>Article DNA du 1er novembre 2017<\/p>\n","protected":false},"excerpt":{"rendered":"<p>\u00c0 travers des t\u00e9moignages d\u2019anciens du lieu r\u00e9dig\u00e9s sur un cahier d\u2019\u00e9cole, des informations glan\u00e9es dans les registres paroissiaux, dans des fiches de recensement jaunies par le temps ou dans les rares archives, l\u2019auteur, Charles SCHLOSSER, apr\u00e8s avoir \u00e9voqu\u00e9 l\u2019histoire de sa commune dans \u00ab Lembach, au fil du temps, \u00bb, se propose d\u2019ouvrir pour &hellip; <\/p>\n<p><a class=\"more-link btn\" href=\"https:\/\/www.lembach.fr\/mairie\/galerie-photo\/publications\/disteldorf\/\">Lire la suite<\/a><\/p>\n","protected":false},"author":1,"featured_media":0,"parent":4652,"menu_order":2,"comment_status":"closed","ping_status":"closed","template":"","meta":{"footnotes":""},"class_list":["post-4616","page","type-page","status-publish","hentry","nodate","item-wrap"],"_links":{"self":[{"href":"https:\/\/www.lembach.fr\/mairie\/wp-json\/wp\/v2\/pages\/4616","targetHints":{"allow":["GET"]}}],"collection":[{"href":"https:\/\/www.lembach.fr\/mairie\/wp-json\/wp\/v2\/pages"}],"about":[{"href":"https:\/\/www.lembach.fr\/mairie\/wp-json\/wp\/v2\/types\/page"}],"author":[{"embeddable":true,"href":"https:\/\/www.lembach.fr\/mairie\/wp-json\/wp\/v2\/users\/1"}],"replies":[{"embeddable":true,"href":"https:\/\/www.lembach.fr\/mairie\/wp-json\/wp\/v2\/comments?post=4616"}],"version-history":[{"count":0,"href":"https:\/\/www.lembach.fr\/mairie\/wp-json\/wp\/v2\/pages\/4616\/revisions"}],"up":[{"embeddable":true,"href":"https:\/\/www.lembach.fr\/mairie\/wp-json\/wp\/v2\/pages\/4652"}],"wp:attachment":[{"href":"https:\/\/www.lembach.fr\/mairie\/wp-json\/wp\/v2\/media?parent=4616"}],"curies":[{"name":"wp","href":"https:\/\/api.w.org\/{rel}","templated":true}]}}

<p>À travers des témoignages d’anciens du lieu rédigés sur un cahier d’école, des informations glanées dans les registres paroissiaux, dans des fiches de recensement jaunies par le temps ou dans les rares archives, l’auteur, <em><strong>Charles SCHLOSSER</strong></em>, après avoir évoqué l’histoire de sa commune dans «<em><strong> Lembach, au fil du temps</strong></em>, », se propose d’ouvrir pour vous et avec vous le petit livre d’histoire de <em><strong>Disteldorf</strong></em>, terre de charbonniers.</p>
<p style="text-align: center;"><img loading="lazy" decoding="async" class="aligncenter size-full wp-image-4619" src="http://www.lembach.fr/mairie/wp-content/uploads/2017/07/disteldorf1.jpg" alt="" width="400" height="481" srcset="https://www.lembach.fr/mairie/wp-content/uploads/2017/07/disteldorf1.jpg 400w, https://www.lembach.fr/mairie/wp-content/uploads/2017/07/disteldorf1-249x300.jpg 249w" sizes="auto, (max-width: 400px) 100vw, 400px" /></p>
<p><em><strong>Disteldorf</strong></em> : au lendemain de la guerre de 1870, le petit village d’une douzaine de maisons et d’une centaine d’habitants se montrait fière de sa nouvelle école lui servant aussi de chapelle. Au lendemain de la deuxième guerre mondiale il se retrouvait en ruines. Seule la famille<strong><em> ISEL</em></strong> résiste alors à l’appel de la vallée. On lui doit sans doute que ce hameau perdu dans la forêt du <strong><em>Kraehberg</em></strong> continue à vivre. C’est un lieu particulier qui ne laisse personne indifférent, ni ceux qui le connaissent, ni ceux qui le découvrent. Un lieu où règne un esprit, où on perçoit comme un souffle mythique.</p>
<p><img loading="lazy" decoding="async" class="aligncenter size-full wp-image-4620" src="http://www.lembach.fr/mairie/wp-content/uploads/2017/07/disteldorf2.jpg" alt="" width="400" height="466" srcset="https://www.lembach.fr/mairie/wp-content/uploads/2017/07/disteldorf2.jpg 400w, https://www.lembach.fr/mairie/wp-content/uploads/2017/07/disteldorf2-258x300.jpg 258w" sizes="auto, (max-width: 400px) 100vw, 400px" /></p>
<p style="text-align: center;">L’ouvrage est disponible chez l’éditeur et l’auteur <strong>depuis octobre 2017</strong>.</p>
<p style="text-align: center;">Bon de souscription à télécharger</p>
<p style="text-align: center;"><a href="http://www.lembach.fr/mairie/wp-content/uploads/2017/07/disteldorf_bon_de_souscription.pdf" target="_blank" rel="noopener"><img loading="lazy" decoding="async" class="aligncenter size-full wp-image-4622" src="http://www.lembach.fr/mairie/wp-content/uploads/2017/07/disteldorf3.jpg" alt="" width="300" height="172" /></a></p>
<p style="text-align: center;">et à retourner à<br />
<strong>I.D. l’Édition<br />
</strong><strong>9 rue des Artisans<br />
67210 Bernardswiller</strong></p>
<p style="text-align: center;">ou à<br />
<strong>Charles Schlosser<br />
17 rue de Wingen<br />
67510 Lembach</strong><a href="https://www.lembach.fr/mairie/wp-content/uploads/2017/11/disteldorf_dna_20171101.pdf" target="_blank" rel="noopener"><img loading="lazy" decoding="async" class="aligncenter size-full wp-image-5083" src="https://www.lembach.fr/mairie/wp-content/uploads/2017/11/disteldorf_dna_20171101.jpg" alt="" width="300" height="400" srcset="https://www.lembach.fr/mairie/wp-content/uploads/2017/11/disteldorf_dna_20171101.jpg 300w, https://www.lembach.fr/mairie/wp-content/uploads/2017/11/disteldorf_dna_20171101-225x300.jpg 225w" sizes="auto, (max-width: 300px) 100vw, 300px" /></a>Article DNA du 1er novembre 2017</p>

<p>À travers des témoignages d’anciens du lieu rédigés sur un cahier d’école, des informations glanées dans les registres paroissiaux, dans des fiches de recensement jaunies par le temps ou dans les rares archives, l’auteur, Charles SCHLOSSER, après avoir évoqué l’histoire de sa commune dans « Lembach, au fil du temps, », se propose d’ouvrir pour &hellip; </p>
<p><a class="more-link btn" href="https://www.lembach.fr/mairie/galerie-photo/publications/disteldorf/">Lire la suite</a></p>
