{"id":4115,"date":"2016-10-14T17:44:26","date_gmt":"2016-10-14T16:44:26","guid":{"rendered":"http:\/\/www.lembach.fr\/mairie\/?page_id=4115"},"modified":"2017-10-22T11:14:46","modified_gmt":"2017-10-22T10:14:46","slug":"4115-2","status":"publish","type":"page","link":"https:\/\/www.lembach.fr\/mairie\/galerie-photo\/videos\/4115-2\/","title":{"rendered":"Vid\u00e9o : le Four \u00e0 Chaux"},"content":{"rendered":"<h3>Un reportage de France 3 Alsace sur l&rsquo;ouvrage du Four \u00e0 Chaux de Lembach dans son \u00e9mission \u00ab\u00a0Route 67\u00a0\u00bb.<\/h3>\n<p>La ligne Maginot, construite pour d\u00e9fendre la France entre les deux guerres compte sur ses 750 kms de long 108 forts. Parmi eux, le four \u00e0 chaux de Lembach. Les b\u00e9n\u00e9voles des Amis de la ligne Maginot de Lembach entretiennent et font visiter le fort toute l&rsquo;ann\u00e9e.<\/p>\n<p>Le fort n&rsquo;a de four que le nom, le four \u00e0 chaux se trouvait en r\u00e9alit\u00e9 plus bas dans le village. L&rsquo;\u00e9difice militaire achev\u00e9 en 1935 fait partie de la ligne Maginot, cette fameuse ligne de d\u00e9fense construite entre les deux guerres tout le long de la fronti\u00e8re orientale fran\u00e7aise pour pr\u00e9venir une \u00e9ventuelle invasion.<\/p>\n<p>En 1937, quand l&rsquo;\u00e9difice est op\u00e9rationnel, 600 hommes viennent y vivre, s&rsquo;entra\u00eener et attendre. Les soldats restaient parfois un mois sans voir la lumi\u00e8re du jour. Pour compenser, ils b\u00e9n\u00e9ficient d&rsquo;une certaine modernit\u00e9, par exemple dans les cuisines, tr\u00e8s en avance pour l&rsquo;\u00e9poque avec les autocuiseurs.<\/p>\n<p>Le fort s&rsquo;\u00e9tend sur 4 kilom\u00e8tres et demi de galeries souterraines qui couvrent les 26 hectares. Les soldats utilisaient des wagonnets sur rail pour d\u00e9placer armes et munitions.<\/p>\n<p>Le fort a \u00e9t\u00e9 laiss\u00e9 \u00e0 l&rsquo;abandon des ann\u00e9es durant avant d&rsquo;\u00eatre en partie r\u00e9nov\u00e9 et ouvert au public au d\u00e9but des ann\u00e9es 1980. Aujourd&rsquo;hui, il appartient toujours \u00e0 l&rsquo;arm\u00e9e mais est il g\u00e9r\u00e9 par le syndicat d&rsquo;initiatives de Lembach et les b\u00e9n\u00e9voles de l&rsquo;association des amis de la ligne Maginot qui ont m\u00eame mis en place un mus\u00e9e. Ils organisent des visites guid\u00e9es. 20.000 personnes d\u00e9couvrent le four \u00e0 chaux chaque ann\u00e9e.<\/p>\n<p style=\"text-align: center;\"><video controls=\"controls\" width=\"600\" height=\"337\"><source src=\"http:\/\/lembach.fr\/mairie\/wp-content\/uploads\/videos\/le_four_a_chaux_de_Lembach.mp4\" type=\"video\/mp4\" \/><\/video><\/p>\n","protected":false},"excerpt":{"rendered":"<p>Un reportage de France 3 Alsace sur l&rsquo;ouvrage du Four \u00e0 Chaux de Lembach dans son \u00e9mission \u00ab\u00a0Route 67\u00a0\u00bb. La ligne Maginot, construite pour d\u00e9fendre la France entre les deux guerres compte sur ses 750 kms de long 108 forts. Parmi eux, le four \u00e0 chaux de Lembach. Les b\u00e9n\u00e9voles des Amis de la ligne &hellip; <\/p>\n<p><a class=\"more-link btn\" href=\"https:\/\/www.lembach.fr\/mairie\/galerie-photo\/videos\/4115-2\/\">Lire la suite<\/a><\/p>\n","protected":false},"author":1,"featured_media":0,"parent":4655,"menu_order":2,"comment_status":"closed","ping_status":"closed","template":"","meta":{"footnotes":""},"class_list":["post-4115","page","type-page","status-publish","hentry","nodate","item-wrap"],"_links":{"self":[{"href":"https:\/\/www.lembach.fr\/mairie\/wp-json\/wp\/v2\/pages\/4115","targetHints":{"allow":["GET"]}}],"collection":[{"href":"https:\/\/www.lembach.fr\/mairie\/wp-json\/wp\/v2\/pages"}],"about":[{"href":"https:\/\/www.lembach.fr\/mairie\/wp-json\/wp\/v2\/types\/page"}],"author":[{"embeddable":true,"href":"https:\/\/www.lembach.fr\/mairie\/wp-json\/wp\/v2\/users\/1"}],"replies":[{"embeddable":true,"href":"https:\/\/www.lembach.fr\/mairie\/wp-json\/wp\/v2\/comments?post=4115"}],"version-history":[{"count":0,"href":"https:\/\/www.lembach.fr\/mairie\/wp-json\/wp\/v2\/pages\/4115\/revisions"}],"up":[{"embeddable":true,"href":"https:\/\/www.lembach.fr\/mairie\/wp-json\/wp\/v2\/pages\/4655"}],"wp:attachment":[{"href":"https:\/\/www.lembach.fr\/mairie\/wp-json\/wp\/v2\/media?parent=4115"}],"curies":[{"name":"wp","href":"https:\/\/api.w.org\/{rel}","templated":true}]}}

Vidéo : le Four à Chaux

<h3>Un reportage de France 3 Alsace sur l&rsquo;ouvrage du Four à Chaux de Lembach dans son émission « Route 67 ».</h3>
<p>La ligne Maginot, construite pour défendre la France entre les deux guerres compte sur ses 750 kms de long 108 forts. Parmi eux, le four à chaux de Lembach. Les bénévoles des Amis de la ligne Maginot de Lembach entretiennent et font visiter le fort toute l&rsquo;année.</p>
<p>Le fort n&rsquo;a de four que le nom, le four à chaux se trouvait en réalité plus bas dans le village. L&rsquo;édifice militaire achevé en 1935 fait partie de la ligne Maginot, cette fameuse ligne de défense construite entre les deux guerres tout le long de la frontière orientale française pour prévenir une éventuelle invasion.</p>
<p>En 1937, quand l&rsquo;édifice est opérationnel, 600 hommes viennent y vivre, s&rsquo;entraîner et attendre. Les soldats restaient parfois un mois sans voir la lumière du jour. Pour compenser, ils bénéficient d&rsquo;une certaine modernité, par exemple dans les cuisines, très en avance pour l&rsquo;époque avec les autocuiseurs.</p>
<p>Le fort s&rsquo;étend sur 4 kilomètres et demi de galeries souterraines qui couvrent les 26 hectares. Les soldats utilisaient des wagonnets sur rail pour déplacer armes et munitions.</p>
<p>Le fort a été laissé à l&rsquo;abandon des années durant avant d&rsquo;être en partie rénové et ouvert au public au début des années 1980. Aujourd&rsquo;hui, il appartient toujours à l&rsquo;armée mais est il géré par le syndicat d&rsquo;initiatives de Lembach et les bénévoles de l&rsquo;association des amis de la ligne Maginot qui ont même mis en place un musée. Ils organisent des visites guidées. 20.000 personnes découvrent le four à chaux chaque année.</p>
<p style="text-align: center;"><video controls="controls" width="600" height="337"><source src="http://lembach.fr/mairie/wp-content/uploads/videos/le_four_a_chaux_de_Lembach.mp4" type="video/mp4" /></video></p>

<p>Un reportage de France 3 Alsace sur l&rsquo;ouvrage du Four à Chaux de Lembach dans son émission « Route 67 ». La ligne Maginot, construite pour défendre la France entre les deux guerres compte sur ses 750 kms de long 108 forts. Parmi eux, le four à chaux de Lembach. Les bénévoles des Amis de la ligne &hellip; </p>
<p><a class="more-link btn" href="https://www.lembach.fr/mairie/galerie-photo/videos/4115-2/">Lire la suite</a></p>
