{"id":3761,"date":"2016-05-02T19:55:09","date_gmt":"2016-05-02T18:55:09","guid":{"rendered":"http:\/\/www.lembach.fr\/mairie\/?page_id=3761"},"modified":"2017-10-22T11:11:15","modified_gmt":"2017-10-22T10:11:15","slug":"eichbaam-special-mattstall","status":"publish","type":"page","link":"https:\/\/www.lembach.fr\/mairie\/galerie-photo\/publications\/eichbaam-special-mattstall\/","title":{"rendered":"Eichbaam sp\u00e9cial Mattstall"},"content":{"rendered":"<p align=\"justify\">Ce num\u00e9ro de la publication locale<b> <\/b><i><b>\u00ab\u00a0De Eichbaam\u00a0\u00bb<\/b><\/i> est consacr\u00e9 enti\u00e8rement au village de<i> <b>Mattstall.<\/b><\/i><\/p>\n<p align=\"justify\"><i><b>Charles S<\/b><\/i><i><b>CHLOSSER<\/b><\/i> (Maire-historien) a profit\u00e9 de ses recherches de son livre <b>\u00ab\u00a0Lembach, Au fil du temps\u00a0\u00bb<\/b>, pour rassembler les informations historiques du village associ\u00e9.<\/p>\n<p align=\"justify\">Tout cela a \u00e9t\u00e9 publi\u00e9 dans cette \u00e9dition sp\u00e9ciale fort int\u00e9ressante \u00e9dit\u00e9e par l&rsquo;ACLLE.<\/p>\n<p align=\"justify\"><img loading=\"lazy\" decoding=\"async\" class=\"aligncenter size-full wp-image-3762\" src=\"http:\/\/www.lembach.fr\/mairie\/wp-content\/uploads\/2016\/05\/eichbaam_2016.jpg\" alt=\"eichbaam_2016\" width=\"300\" height=\"429\" srcset=\"https:\/\/www.lembach.fr\/mairie\/wp-content\/uploads\/2016\/05\/eichbaam_2016.jpg 300w, https:\/\/www.lembach.fr\/mairie\/wp-content\/uploads\/2016\/05\/eichbaam_2016-210x300.jpg 210w\" sizes=\"auto, (max-width: 300px) 100vw, 300px\" \/><\/p>\n<div class=\"alert alert-success\" role=\"alert\"><p class=\"printonly\"><strong>Important!<\/strong><\/p>\n<p style=\"text-align: center;\" class=\"first-p\">Disponible en Mairie et \u00e0 l&rsquo;Office de Tourisme<\/p>\n<p align=\"center\">Au prix de vente de 11 \u20ac.<\/p>\n<p style=\"text-align: left;\" align=\"center\"><\/div>\n<p style=\"text-align: left;\" align=\"center\"><img loading=\"lazy\" decoding=\"async\" class=\"aligncenter size-full wp-image-3763\" src=\"http:\/\/www.lembach.fr\/mairie\/wp-content\/uploads\/2016\/05\/eichbaam_mattstall_4eme.jpg\" alt=\"eichbaam_mattstall_4eme\" width=\"500\" height=\"632\" srcset=\"https:\/\/www.lembach.fr\/mairie\/wp-content\/uploads\/2016\/05\/eichbaam_mattstall_4eme.jpg 500w, https:\/\/www.lembach.fr\/mairie\/wp-content\/uploads\/2016\/05\/eichbaam_mattstall_4eme-237x300.jpg 237w\" sizes=\"auto, (max-width: 500px) 100vw, 500px\" \/><\/p>\n","protected":false},"excerpt":{"rendered":"<p>Ce num\u00e9ro de la publication locale \u00ab\u00a0De Eichbaam\u00a0\u00bb est consacr\u00e9 enti\u00e8rement au village de Mattstall. Charles SCHLOSSER (Maire-historien) a profit\u00e9 de ses recherches de son livre \u00ab\u00a0Lembach, Au fil du temps\u00a0\u00bb, pour rassembler les informations historiques du village associ\u00e9. Tout cela a \u00e9t\u00e9 publi\u00e9 dans cette \u00e9dition sp\u00e9ciale fort int\u00e9ressante \u00e9dit\u00e9e par l&rsquo;ACLLE.<\/p>\n","protected":false},"author":1,"featured_media":0,"parent":4652,"menu_order":1,"comment_status":"closed","ping_status":"closed","template":"","meta":{"footnotes":""},"class_list":["post-3761","page","type-page","status-publish","hentry","nodate","item-wrap"],"_links":{"self":[{"href":"https:\/\/www.lembach.fr\/mairie\/wp-json\/wp\/v2\/pages\/3761","targetHints":{"allow":["GET"]}}],"collection":[{"href":"https:\/\/www.lembach.fr\/mairie\/wp-json\/wp\/v2\/pages"}],"about":[{"href":"https:\/\/www.lembach.fr\/mairie\/wp-json\/wp\/v2\/types\/page"}],"author":[{"embeddable":true,"href":"https:\/\/www.lembach.fr\/mairie\/wp-json\/wp\/v2\/users\/1"}],"replies":[{"embeddable":true,"href":"https:\/\/www.lembach.fr\/mairie\/wp-json\/wp\/v2\/comments?post=3761"}],"version-history":[{"count":0,"href":"https:\/\/www.lembach.fr\/mairie\/wp-json\/wp\/v2\/pages\/3761\/revisions"}],"up":[{"embeddable":true,"href":"https:\/\/www.lembach.fr\/mairie\/wp-json\/wp\/v2\/pages\/4652"}],"wp:attachment":[{"href":"https:\/\/www.lembach.fr\/mairie\/wp-json\/wp\/v2\/media?parent=3761"}],"curies":[{"name":"wp","href":"https:\/\/api.w.org\/{rel}","templated":true}]}}

Eichbaam spécial Mattstall

<p align="justify">Ce numéro de la publication locale<b> </b><i><b>« De Eichbaam »</b></i> est consacré entièrement au village de<i> <b>Mattstall.</b></i></p>
<p align="justify"><i><b>Charles S</b></i><i><b>CHLOSSER</b></i> (Maire-historien) a profité de ses recherches de son livre <b>« Lembach, Au fil du temps »</b>, pour rassembler les informations historiques du village associé.</p>
<p align="justify">Tout cela a été publié dans cette édition spéciale fort intéressante éditée par l&rsquo;ACLLE.</p>
<p align="justify"><img loading="lazy" decoding="async" class="aligncenter size-full wp-image-3762" src="http://www.lembach.fr/mairie/wp-content/uploads/2016/05/eichbaam_2016.jpg" alt="eichbaam_2016" width="300" height="429" srcset="https://www.lembach.fr/mairie/wp-content/uploads/2016/05/eichbaam_2016.jpg 300w, https://www.lembach.fr/mairie/wp-content/uploads/2016/05/eichbaam_2016-210x300.jpg 210w" sizes="auto, (max-width: 300px) 100vw, 300px" /></p>
<div class="alert alert-success" role="alert"><p class="printonly"><strong>Important!</strong></p>
<p style="text-align: center;" class="first-p">Disponible en Mairie et à l&rsquo;Office de Tourisme</p>
<p align="center">Au prix de vente de 11 €.</p>
<p style="text-align: left;" align="center"></div>
<p style="text-align: left;" align="center"><img loading="lazy" decoding="async" class="aligncenter size-full wp-image-3763" src="http://www.lembach.fr/mairie/wp-content/uploads/2016/05/eichbaam_mattstall_4eme.jpg" alt="eichbaam_mattstall_4eme" width="500" height="632" srcset="https://www.lembach.fr/mairie/wp-content/uploads/2016/05/eichbaam_mattstall_4eme.jpg 500w, https://www.lembach.fr/mairie/wp-content/uploads/2016/05/eichbaam_mattstall_4eme-237x300.jpg 237w" sizes="auto, (max-width: 500px) 100vw, 500px" /></p>

<p>Ce numéro de la publication locale « De Eichbaam » est consacré entièrement au village de Mattstall. Charles SCHLOSSER (Maire-historien) a profité de ses recherches de son livre « Lembach, Au fil du temps », pour rassembler les informations historiques du village associé. Tout cela a été publié dans cette édition spéciale fort intéressante éditée par l&rsquo;ACLLE.</p>
