{"id":3658,"date":"2016-03-07T10:18:58","date_gmt":"2016-03-07T09:18:58","guid":{"rendered":"http:\/\/www.lembach.fr\/mairie\/?page_id=3658"},"modified":"2017-10-18T19:32:15","modified_gmt":"2017-10-18T18:32:15","slug":"espace-sportif-et-festif-la-scierie-dsajmehl","status":"publish","type":"page","link":"https:\/\/www.lembach.fr\/mairie\/vivre-a-lembach\/espace-sportif-et-festif-la-scierie-dsajmehl\/","title":{"rendered":"Espace sportif et festif \u00ab\u00a0La Scierie\u00a0\u00bb &#8211; \u00ab\u00a0D&rsquo;S\u00e4jmehl\u00a0\u00bb"},"content":{"rendered":"<p style=\"text-align: center;\"><img loading=\"lazy\" decoding=\"async\" class=\"aligncenter size-full wp-image-4940\" src=\"https:\/\/www.lembach.fr\/mairie\/wp-content\/uploads\/2017\/10\/Salle-Scierie-768x499.jpg\" alt=\"\" width=\"768\" height=\"499\" srcset=\"https:\/\/www.lembach.fr\/mairie\/wp-content\/uploads\/2017\/10\/Salle-Scierie-768x499.jpg 768w, https:\/\/www.lembach.fr\/mairie\/wp-content\/uploads\/2017\/10\/Salle-Scierie-768x499-300x195.jpg 300w\" sizes=\"auto, (max-width: 768px) 100vw, 768px\" \/><\/p>\n<p>L\u2019ancien gymnase de la commune a fait peau neuve en 2015. A pr\u00e9sent, la salle sportive et festive se nomme \u00ab\u00a0<strong><em>La Scierie<\/em><\/strong><strong><em>, D\u2019S\u00e4jmehl<\/em><\/strong>\u00a0\u00bb.<\/p>\n<p>L\u2019espace principal est utilis\u00e9 comme gymnase par l\u2019\u00e9cole et les associations sportives locales\u00a0(danse, football en hiver, volley-ball, a\u00e9robic). La pratique de la gymnastique, du judo et de l\u2019a\u00efkido requiert un rev\u00eatement sp\u00e9cifique mis en place dans un espace s\u00e9par\u00e9\u00a0: le dojo.<\/p>\n<p>La cuisine et le bar attenant \u00e0 la salle principale permettent aux associations et aux particuliers d\u2019organiser leurs f\u00eates, banquets familiaux et autres manifestations culturelles (exposition). Seul le maintien au chaud des repas est possible. Pour la confection des repas, il est conseill\u00e9 de s\u2019adresser \u00e0 un traiteur.<\/p>\n<p>Pour tout renseignement sur les disponibilit\u00e9s et pour visiter la Scierie, contacter le secr\u00e9tariat de la mairie de Lembach\u00a0au 03.88.94.42.84.<\/p>\n<p><img loading=\"lazy\" decoding=\"async\" class=\"wp-image-4068 aligncenter\" style=\"border: 0pt none;\" src=\"http:\/\/www.lembach.fr\/mairie\/wp-content\/uploads\/2016\/03\/Scierie-Photo-tables-dress\u00e9es-rev.jpg\" alt=\"scierie-photo-tables-dressees-rev\" width=\"603\" height=\"342\" srcset=\"https:\/\/www.lembach.fr\/mairie\/wp-content\/uploads\/2016\/03\/Scierie-Photo-tables-dress\u00e9es-rev.jpg 3254w, https:\/\/www.lembach.fr\/mairie\/wp-content\/uploads\/2016\/03\/Scierie-Photo-tables-dress\u00e9es-rev-300x170.jpg 300w, https:\/\/www.lembach.fr\/mairie\/wp-content\/uploads\/2016\/03\/Scierie-Photo-tables-dress\u00e9es-rev-768x435.jpg 768w, https:\/\/www.lembach.fr\/mairie\/wp-content\/uploads\/2016\/03\/Scierie-Photo-tables-dress\u00e9es-rev-1024x581.jpg 1024w\" sizes=\"auto, (max-width: 603px) 100vw, 603px\" \/><\/p>\n<p style=\"text-align: center;\"><u>Acc\u00e8s \u00e0 la Salle<\/u>\u00a0:<\/p>\n<p style=\"text-align: center;\">2 rue Andr\u00e9 Maginot<br \/>\n67510 LEMBACH<br \/>\nCoordonn\u00e9es GPS\u00a0: <strong><a href=\"https:\/\/www.google.fr\/maps\/@48.9986373,7.7864142,18.17z\">48.998696, 7.787033<\/a><\/strong><\/p>\n<p style=\"text-align: center;\"><strong><a href=\"http:\/\/www.lembach.fr\/mairie\/wp-content\/uploads\/2016\/03\/R\u00e8glement-de-location-Sign\u00e9.pdf\" target=\"_blank\" rel=\"noopener\">R\u00e8glement de location<\/a><\/strong><\/p>\n<p style=\"text-align: center;\"><img loading=\"lazy\" decoding=\"async\" class=\"alignnone wp-image-4066\" style=\"border: 0pt none;\" src=\"http:\/\/www.lembach.fr\/mairie\/wp-content\/uploads\/2016\/03\/Scierie-mariage.png\" alt=\"scierie-mariage\" width=\"511\" height=\"710\" srcset=\"https:\/\/www.lembach.fr\/mairie\/wp-content\/uploads\/2016\/03\/Scierie-mariage.png 558w, https:\/\/www.lembach.fr\/mairie\/wp-content\/uploads\/2016\/03\/Scierie-mariage-216x300.png 216w\" sizes=\"auto, (max-width: 511px) 100vw, 511px\" \/><\/p>\n<p style=\"text-align: center;\"><img loading=\"lazy\" decoding=\"async\" class=\"aligncenter size-full wp-image-4275\" src=\"http:\/\/www.lembach.fr\/mairie\/wp-content\/uploads\/2016\/03\/salle_scierie.jpg\" alt=\"\" width=\"450\" height=\"600\" srcset=\"https:\/\/www.lembach.fr\/mairie\/wp-content\/uploads\/2016\/03\/salle_scierie.jpg 450w, https:\/\/www.lembach.fr\/mairie\/wp-content\/uploads\/2016\/03\/salle_scierie-225x300.jpg 225w\" sizes=\"auto, (max-width: 450px) 100vw, 450px\" \/><\/p>\n","protected":false},"excerpt":{"rendered":"<p>L\u2019ancien gymnase de la commune a fait peau neuve en 2015. A pr\u00e9sent, la salle sportive et festive se nomme \u00ab\u00a0La Scierie, D\u2019S\u00e4jmehl\u00a0\u00bb. L\u2019espace principal est utilis\u00e9 comme gymnase par l\u2019\u00e9cole et les associations sportives locales\u00a0(danse, football en hiver, volley-ball, a\u00e9robic). La pratique de la gymnastique, du judo et de l\u2019a\u00efkido requiert un rev\u00eatement sp\u00e9cifique &hellip; <\/p>\n<p><a class=\"more-link btn\" href=\"https:\/\/www.lembach.fr\/mairie\/vivre-a-lembach\/espace-sportif-et-festif-la-scierie-dsajmehl\/\">Lire la suite<\/a><\/p>\n","protected":false},"author":1,"featured_media":0,"parent":159,"menu_order":0,"comment_status":"closed","ping_status":"closed","template":"","meta":{"footnotes":""},"class_list":["post-3658","page","type-page","status-publish","hentry","nodate","item-wrap"],"_links":{"self":[{"href":"https:\/\/www.lembach.fr\/mairie\/wp-json\/wp\/v2\/pages\/3658","targetHints":{"allow":["GET"]}}],"collection":[{"href":"https:\/\/www.lembach.fr\/mairie\/wp-json\/wp\/v2\/pages"}],"about":[{"href":"https:\/\/www.lembach.fr\/mairie\/wp-json\/wp\/v2\/types\/page"}],"author":[{"embeddable":true,"href":"https:\/\/www.lembach.fr\/mairie\/wp-json\/wp\/v2\/users\/1"}],"replies":[{"embeddable":true,"href":"https:\/\/www.lembach.fr\/mairie\/wp-json\/wp\/v2\/comments?post=3658"}],"version-history":[{"count":0,"href":"https:\/\/www.lembach.fr\/mairie\/wp-json\/wp\/v2\/pages\/3658\/revisions"}],"up":[{"embeddable":true,"href":"https:\/\/www.lembach.fr\/mairie\/wp-json\/wp\/v2\/pages\/159"}],"wp:attachment":[{"href":"https:\/\/www.lembach.fr\/mairie\/wp-json\/wp\/v2\/media?parent=3658"}],"curies":[{"name":"wp","href":"https:\/\/api.w.org\/{rel}","templated":true}]}}