{"id":3383,"date":"2015-11-01T22:45:16","date_gmt":"2015-11-01T21:45:16","guid":{"rendered":"http:\/\/www.lembach.fr\/mairie\/?page_id=3383"},"modified":"2017-10-22T17:12:31","modified_gmt":"2017-10-22T16:12:31","slug":"video-a-gueter","status":"publish","type":"page","link":"https:\/\/www.lembach.fr\/mairie\/galerie-photo\/videos\/video-a-gueter\/","title":{"rendered":"Vid\u00e9o : \u00ab\u00a0A Gueter\u00a0\u00bb"},"content":{"rendered":"<h2><img loading=\"lazy\" decoding=\"async\" class=\"aligncenter size-full wp-image-3389\" src=\"http:\/\/www.lembach.fr\/mairie\/wp-content\/uploads\/2015\/11\/bandeau_agueter.png\" alt=\"bandeau_agueter\" width=\"640\" height=\"101\" srcset=\"https:\/\/www.lembach.fr\/mairie\/wp-content\/uploads\/2015\/11\/bandeau_agueter.png 640w, https:\/\/www.lembach.fr\/mairie\/wp-content\/uploads\/2015\/11\/bandeau_agueter-300x47.png 300w\" sizes=\"auto, (max-width: 640px) 100vw, 640px\" \/><\/h2>\n<h4>Avec son v\u00e9lo reconnaissable entre mille, le journaliste-bourlingueur <em><strong>Andr\u00e9 Muller<\/strong><\/em> parcourt l\u2019Alsace \u00e0 la d\u00e9couverte des \u00e9tablissements-fleurons de la gastronomie et de la convivialit\u00e9 r\u00e9gionales. H\u00f4tels-restaurants, fermes-auberges, \u00e9toil\u00e9s Michelin, p\u00e2tisseries&#8230;<\/h4>\n<p><em>\u00ab\u00a0Andr\u00e9 Muller visite le grand nord alsacien. Dans l&rsquo;\u00e9mission du 11 novembre 2015, il se rend chez le ma\u00eetre boucher-charcutier de Lembach, Guido Muller. Il pr\u00e9pare sa saucisse des charbonniers d&rsquo;antan. Puis, au Cheval Blanc \u00e0 Niedersteinbach, Andr\u00e9 fait la connaissance du ma\u00eetre-cuisinier de France, Michel Zinck. Il concocte un canard en cocotte&#8230;.\u00a0\u00bb<\/em><\/p>\n<p style=\"text-align: center;\"><video controls=\"controls\" width=\"600\" height=\"337\"><source src=\"http:\/\/lembach.fr\/mairie\/wp-content\/uploads\/videos\/a_gueter_20151101.mp4\" type=\"video\/mp4\" \/><\/video><\/p>\n","protected":false},"excerpt":{"rendered":"<p>Avec son v\u00e9lo reconnaissable entre mille, le journaliste-bourlingueur Andr\u00e9 Muller parcourt l\u2019Alsace \u00e0 la d\u00e9couverte des \u00e9tablissements-fleurons de la gastronomie et de la convivialit\u00e9 r\u00e9gionales. H\u00f4tels-restaurants, fermes-auberges, \u00e9toil\u00e9s Michelin, p\u00e2tisseries&#8230; \u00ab\u00a0Andr\u00e9 Muller visite le grand nord alsacien. Dans l&rsquo;\u00e9mission du 11 novembre 2015, il se rend chez le ma\u00eetre boucher-charcutier de Lembach, Guido Muller. Il &hellip; <\/p>\n<p><a class=\"more-link btn\" href=\"https:\/\/www.lembach.fr\/mairie\/galerie-photo\/videos\/video-a-gueter\/\">Lire la suite<\/a><\/p>\n","protected":false},"author":1,"featured_media":0,"parent":4655,"menu_order":4,"comment_status":"closed","ping_status":"closed","template":"","meta":{"footnotes":""},"class_list":["post-3383","page","type-page","status-publish","hentry","nodate","item-wrap"],"_links":{"self":[{"href":"https:\/\/www.lembach.fr\/mairie\/wp-json\/wp\/v2\/pages\/3383","targetHints":{"allow":["GET"]}}],"collection":[{"href":"https:\/\/www.lembach.fr\/mairie\/wp-json\/wp\/v2\/pages"}],"about":[{"href":"https:\/\/www.lembach.fr\/mairie\/wp-json\/wp\/v2\/types\/page"}],"author":[{"embeddable":true,"href":"https:\/\/www.lembach.fr\/mairie\/wp-json\/wp\/v2\/users\/1"}],"replies":[{"embeddable":true,"href":"https:\/\/www.lembach.fr\/mairie\/wp-json\/wp\/v2\/comments?post=3383"}],"version-history":[{"count":0,"href":"https:\/\/www.lembach.fr\/mairie\/wp-json\/wp\/v2\/pages\/3383\/revisions"}],"up":[{"embeddable":true,"href":"https:\/\/www.lembach.fr\/mairie\/wp-json\/wp\/v2\/pages\/4655"}],"wp:attachment":[{"href":"https:\/\/www.lembach.fr\/mairie\/wp-json\/wp\/v2\/media?parent=3383"}],"curies":[{"name":"wp","href":"https:\/\/api.w.org\/{rel}","templated":true}]}}

Vidéo : « A Gueter »

<h2><img loading="lazy" decoding="async" class="aligncenter size-full wp-image-3389" src="http://www.lembach.fr/mairie/wp-content/uploads/2015/11/bandeau_agueter.png" alt="bandeau_agueter" width="640" height="101" srcset="https://www.lembach.fr/mairie/wp-content/uploads/2015/11/bandeau_agueter.png 640w, https://www.lembach.fr/mairie/wp-content/uploads/2015/11/bandeau_agueter-300x47.png 300w" sizes="auto, (max-width: 640px) 100vw, 640px" /></h2>
<h4>Avec son vélo reconnaissable entre mille, le journaliste-bourlingueur <em><strong>André Muller</strong></em> parcourt l’Alsace à la découverte des établissements-fleurons de la gastronomie et de la convivialité régionales. Hôtels-restaurants, fermes-auberges, étoilés Michelin, pâtisseries&#8230;</h4>
<p><em>« André Muller visite le grand nord alsacien. Dans l&rsquo;émission du 11 novembre 2015, il se rend chez le maître boucher-charcutier de Lembach, Guido Muller. Il prépare sa saucisse des charbonniers d&rsquo;antan. Puis, au Cheval Blanc à Niedersteinbach, André fait la connaissance du maître-cuisinier de France, Michel Zinck. Il concocte un canard en cocotte&#8230;. »</em></p>
<p style="text-align: center;"><video controls="controls" width="600" height="337"><source src="http://lembach.fr/mairie/wp-content/uploads/videos/a_gueter_20151101.mp4" type="video/mp4" /></video></p>

<p>Avec son vélo reconnaissable entre mille, le journaliste-bourlingueur André Muller parcourt l’Alsace à la découverte des établissements-fleurons de la gastronomie et de la convivialité régionales. Hôtels-restaurants, fermes-auberges, étoilés Michelin, pâtisseries&#8230; « André Muller visite le grand nord alsacien. Dans l&rsquo;émission du 11 novembre 2015, il se rend chez le maître boucher-charcutier de Lembach, Guido Muller. Il &hellip; </p>
<p><a class="more-link btn" href="https://www.lembach.fr/mairie/galerie-photo/videos/video-a-gueter/">Lire la suite</a></p>
