{"id":2983,"date":"2015-02-19T13:23:33","date_gmt":"2015-02-19T11:23:33","guid":{"rendered":"http:\/\/www.lembach.fr\/mairie\/?page_id=2983"},"modified":"2017-10-22T11:17:22","modified_gmt":"2017-10-22T10:17:22","slug":"video-le-chateau-de-fleckenstein","status":"publish","type":"page","link":"https:\/\/www.lembach.fr\/mairie\/galerie-photo\/videos\/video-le-chateau-de-fleckenstein\/","title":{"rendered":"Vid\u00e9o : \u00ab\u00a0Le ch\u00e2teau de Fleckenstein\u00a0\u00bb"},"content":{"rendered":"<h4>Ce 18 f\u00e9vrier 2015, <i><strong>Des racines et des ailes<\/strong><\/i> explorait une fois de plus le territoire fran\u00e7ais \u00ab\u00a0<i>des Vosges au lac Leman<\/i>\u00a0\u00bb.<\/h4>\n<h4>D\u00e8s 20h50, Carole Gaessler invitait les t\u00e9l\u00e9spectateurs \u00e0 red\u00e9couvrir la route des Cr\u00eates et le massif des Vosges. Historien, architecteur et g\u00e9ologue apportaient leur contribution afin de d\u00e9voiler un peu plus le patrimoine naturel pr\u00e9sent\u00e9 en images.<\/h4>\n<h4><strong>3.37 millions de Fran\u00e7ais r\u00e9pondaient pr\u00e9sent pour cette excursion dans l\u2019Hexagone, soit 13.7% de part de march\u00e9<\/strong>. France 3 signait ainsi une bonne performance et devan\u00e7ait tr\u00e8s largement M6.<\/h4>\n<p>Du massif des Vosges aux rives suisses du lac L\u00e9man, en passant par les montagnes du Jura, un voyage de plus de 350 kilom\u00e8tres permet de rencontrer des historiens, g\u00e9ologues et passionn\u00e9s, qui r\u00e9v\u00e8lent l&rsquo;histoire et les tr\u00e9sors de ces r\u00e9gions. Ainsi, Caroline Bugatti, petite-fille du fondateur de cette prestigieuse marque de voitures, invite \u00e0 d\u00e9couvrir les plus belles routes vosgiennes. Quant \u00e0 Charles Schlosser, il se consacre \u00e0 la pr\u00e9servation du ch\u00e2teau de Fleckenstein. Changement de r\u00e9gion avec Vincent Bouveret, qui sillonne les lacs du Jura fran\u00e7ais \u00e0 bord de son cano\u00eb, tandis que Vincent Bichet, g\u00e9ologue, explique la formation des massifs des Vosges et du Jura. Enfin, en Suisse, visite de La Chaux-de-Fonds, ville de naissance de Le Corbusier.<\/p>\n<h4>Voici un extrait de l&rsquo;\u00e9mission \u00ab\u00a0Des racines et des ailes\u00a0\u00bb du 18 f\u00e9vrier 2015 diffus\u00e9 sur FRANCE 3.<\/h4>\n<p style=\"text-align: center;\"><video controls=\"controls\" width=\"640\" height=\"360\"><source src=\"http:\/\/lembach.fr\/mairie\/wp-content\/uploads\/videos\/des_racines_et_des_ailes_20150218.webm\" type=\"video\/webm\" \/><\/video><\/p>\n<p>L&rsquo;\u00e9mission compl\u00e8te peut \u00eatre visionn\u00e9e en replay et pendant 30 jours ici : <span style=\"text-decoration: underline;\"><strong><a href=\"http:\/\/pluzz.francetv.fr\/videos\/des_racines_et_des_ailes.html\" target=\"_blank\" rel=\"noopener\">http:\/\/pluzz.francetv.fr\/videos\/des_racines_et_des_ailes.html<\/a><\/strong><\/span><\/p>\n","protected":false},"excerpt":{"rendered":"<p>Ce 18 f\u00e9vrier 2015, Des racines et des ailes explorait une fois de plus le territoire fran\u00e7ais \u00ab\u00a0des Vosges au lac Leman\u00a0\u00bb. D\u00e8s 20h50, Carole Gaessler invitait les t\u00e9l\u00e9spectateurs \u00e0 red\u00e9couvrir la route des Cr\u00eates et le massif des Vosges. Historien, architecteur et g\u00e9ologue apportaient leur contribution afin de d\u00e9voiler un peu plus le patrimoine &hellip; <\/p>\n<p><a class=\"more-link btn\" href=\"https:\/\/www.lembach.fr\/mairie\/galerie-photo\/videos\/video-le-chateau-de-fleckenstein\/\">Lire la suite<\/a><\/p>\n","protected":false},"author":1,"featured_media":0,"parent":4655,"menu_order":0,"comment_status":"closed","ping_status":"closed","template":"","meta":{"footnotes":""},"class_list":["post-2983","page","type-page","status-publish","hentry","nodate","item-wrap"],"_links":{"self":[{"href":"https:\/\/www.lembach.fr\/mairie\/wp-json\/wp\/v2\/pages\/2983","targetHints":{"allow":["GET"]}}],"collection":[{"href":"https:\/\/www.lembach.fr\/mairie\/wp-json\/wp\/v2\/pages"}],"about":[{"href":"https:\/\/www.lembach.fr\/mairie\/wp-json\/wp\/v2\/types\/page"}],"author":[{"embeddable":true,"href":"https:\/\/www.lembach.fr\/mairie\/wp-json\/wp\/v2\/users\/1"}],"replies":[{"embeddable":true,"href":"https:\/\/www.lembach.fr\/mairie\/wp-json\/wp\/v2\/comments?post=2983"}],"version-history":[{"count":0,"href":"https:\/\/www.lembach.fr\/mairie\/wp-json\/wp\/v2\/pages\/2983\/revisions"}],"up":[{"embeddable":true,"href":"https:\/\/www.lembach.fr\/mairie\/wp-json\/wp\/v2\/pages\/4655"}],"wp:attachment":[{"href":"https:\/\/www.lembach.fr\/mairie\/wp-json\/wp\/v2\/media?parent=2983"}],"curies":[{"name":"wp","href":"https:\/\/api.w.org\/{rel}","templated":true}]}}