{"id":2858,"date":"2014-12-20T17:39:28","date_gmt":"2014-12-20T15:39:28","guid":{"rendered":"http:\/\/www.lembach.fr\/mairie\/?page_id=2858"},"modified":"2017-10-22T13:46:50","modified_gmt":"2017-10-22T12:46:50","slug":"aquarelles","status":"publish","type":"page","link":"https:\/\/www.lembach.fr\/mairie\/galerie-photo\/photos-images\/aquarelles\/","title":{"rendered":"Aquarelles"},"content":{"rendered":"<p>Edith Messmer est une artiste locale habitant le village voisin de Climbach. Elle a r\u00e9alis\u00e9 de nombreuses toiles ayant comme sujet des lieux et des b\u00e2timents de notre r\u00e9gion.<\/p>\n<p>Voici quelques \u0153uvres de Lembach et Mattstall. Toutes ses productions peuvent \u00eatre consult\u00e9es sur son site : <span style=\"text-decoration: underline;\"><strong><a href=\"http:\/\/www.edithmessmer.com\" target=\"_blank\" rel=\"noopener\">http:\/\/www.edithmessmer.com<\/a><\/strong><\/span><\/p>\n\n\t\t<style type=\"text\/css\">\n\t\t\t#gallery-1 {\n\t\t\t\tmargin: auto;\n\t\t\t}\n\t\t\t#gallery-1 .gallery-item {\n\t\t\t\tfloat: left;\n\t\t\t\tmargin-top: 10px;\n\t\t\t\ttext-align: center;\n\t\t\t\twidth: 25%;\n\t\t\t}\n\t\t\t#gallery-1 img {\n\t\t\t\tborder: 2px solid #cfcfcf;\n\t\t\t}\n\t\t\t#gallery-1 .gallery-caption {\n\t\t\t\tmargin-left: 0;\n\t\t\t}\n\t\t\t\/* see gallery_shortcode() in wp-includes\/media.php *\/\n\t\t<\/style>\n\t\t<div id='gallery-1' class='gallery galleryid-2858 gallery-columns-4 gallery-size-thumbnail'><dl class='gallery-item'>\n\t\t\t<dt class='gallery-icon landscape'>\n\t\t\t\t<a href='https:\/\/www.lembach.fr\/mairie\/galerie-photo\/photos-images\/aquarelles\/edith_messmer_10\/'><img loading=\"lazy\" decoding=\"async\" width=\"150\" height=\"150\" src=\"https:\/\/www.lembach.fr\/mairie\/wp-content\/uploads\/2014\/12\/edith_messmer_10-150x150.jpg\" class=\"attachment-thumbnail size-thumbnail\" alt=\"\" \/><\/a>\n\t\t\t<\/dt><\/dl><dl class='gallery-item'>\n\t\t\t<dt class='gallery-icon landscape'>\n\t\t\t\t<a href='https:\/\/www.lembach.fr\/mairie\/galerie-photo\/photos-images\/aquarelles\/edith_messmer_01\/'><img loading=\"lazy\" decoding=\"async\" width=\"150\" height=\"150\" src=\"https:\/\/www.lembach.fr\/mairie\/wp-content\/uploads\/2014\/12\/edith_messmer_01-150x150.jpg\" class=\"attachment-thumbnail size-thumbnail\" alt=\"\" \/><\/a>\n\t\t\t<\/dt><\/dl><dl class='gallery-item'>\n\t\t\t<dt class='gallery-icon landscape'>\n\t\t\t\t<a href='https:\/\/www.lembach.fr\/mairie\/galerie-photo\/photos-images\/aquarelles\/edith_messmer_15\/'><img loading=\"lazy\" decoding=\"async\" width=\"150\" height=\"150\" src=\"https:\/\/www.lembach.fr\/mairie\/wp-content\/uploads\/2014\/12\/edith_messmer_15-150x150.jpg\" class=\"attachment-thumbnail size-thumbnail\" alt=\"\" \/><\/a>\n\t\t\t<\/dt><\/dl><dl class='gallery-item'>\n\t\t\t<dt class='gallery-icon landscape'>\n\t\t\t\t<a href='https:\/\/www.lembach.fr\/mairie\/galerie-photo\/photos-images\/aquarelles\/edith_messmer_13\/'><img loading=\"lazy\" decoding=\"async\" width=\"150\" height=\"150\" src=\"https:\/\/www.lembach.fr\/mairie\/wp-content\/uploads\/2014\/12\/edith_messmer_13-150x150.jpg\" class=\"attachment-thumbnail size-thumbnail\" alt=\"\" \/><\/a>\n\t\t\t<\/dt><\/dl><br style=\"clear: both\" \/><dl class='gallery-item'>\n\t\t\t<dt class='gallery-icon landscape'>\n\t\t\t\t<a href='https:\/\/www.lembach.fr\/mairie\/galerie-photo\/photos-images\/aquarelles\/edith_messmer_16\/'><img loading=\"lazy\" decoding=\"async\" width=\"150\" height=\"150\" src=\"https:\/\/www.lembach.fr\/mairie\/wp-content\/uploads\/2014\/12\/edith_messmer_16-150x150.jpg\" class=\"attachment-thumbnail size-thumbnail\" alt=\"\" \/><\/a>\n\t\t\t<\/dt><\/dl><dl class='gallery-item'>\n\t\t\t<dt class='gallery-icon landscape'>\n\t\t\t\t<a href='https:\/\/www.lembach.fr\/mairie\/galerie-photo\/photos-images\/aquarelles\/edith_messmer_12\/'><img loading=\"lazy\" decoding=\"async\" width=\"150\" height=\"150\" src=\"https:\/\/www.lembach.fr\/mairie\/wp-content\/uploads\/2014\/12\/edith_messmer_12-150x150.jpg\" class=\"attachment-thumbnail size-thumbnail\" alt=\"\" \/><\/a>\n\t\t\t<\/dt><\/dl><dl class='gallery-item'>\n\t\t\t<dt class='gallery-icon portrait'>\n\t\t\t\t<a href='https:\/\/www.lembach.fr\/mairie\/galerie-photo\/photos-images\/aquarelles\/edith_messmer_07\/'><img loading=\"lazy\" decoding=\"async\" width=\"150\" height=\"150\" src=\"https:\/\/www.lembach.fr\/mairie\/wp-content\/uploads\/2014\/12\/edith_messmer_07-150x150.jpg\" class=\"attachment-thumbnail size-thumbnail\" alt=\"\" \/><\/a>\n\t\t\t<\/dt><\/dl><dl class='gallery-item'>\n\t\t\t<dt class='gallery-icon landscape'>\n\t\t\t\t<a href='https:\/\/www.lembach.fr\/mairie\/galerie-photo\/photos-images\/aquarelles\/edith_messmer_04\/'><img loading=\"lazy\" decoding=\"async\" width=\"150\" height=\"150\" src=\"https:\/\/www.lembach.fr\/mairie\/wp-content\/uploads\/2014\/12\/edith_messmer_04-150x150.jpg\" class=\"attachment-thumbnail size-thumbnail\" alt=\"\" srcset=\"https:\/\/www.lembach.fr\/mairie\/wp-content\/uploads\/2014\/12\/edith_messmer_04-150x150.jpg 150w, https:\/\/www.lembach.fr\/mairie\/wp-content\/uploads\/2014\/12\/edith_messmer_04-300x300.jpg 300w, https:\/\/www.lembach.fr\/mairie\/wp-content\/uploads\/2014\/12\/edith_messmer_04.jpg 640w\" sizes=\"auto, (max-width: 150px) 100vw, 150px\" \/><\/a>\n\t\t\t<\/dt><\/dl><br style=\"clear: both\" \/><dl class='gallery-item'>\n\t\t\t<dt class='gallery-icon landscape'>\n\t\t\t\t<a href='https:\/\/www.lembach.fr\/mairie\/galerie-photo\/photos-images\/aquarelles\/edith_messmer_06\/'><img loading=\"lazy\" decoding=\"async\" width=\"150\" height=\"150\" src=\"https:\/\/www.lembach.fr\/mairie\/wp-content\/uploads\/2014\/12\/edith_messmer_06-150x150.jpg\" class=\"attachment-thumbnail size-thumbnail\" alt=\"\" \/><\/a>\n\t\t\t<\/dt><\/dl><dl class='gallery-item'>\n\t\t\t<dt class='gallery-icon landscape'>\n\t\t\t\t<a href='https:\/\/www.lembach.fr\/mairie\/galerie-photo\/photos-images\/aquarelles\/edith_messmer_11\/'><img loading=\"lazy\" decoding=\"async\" width=\"150\" height=\"150\" src=\"https:\/\/www.lembach.fr\/mairie\/wp-content\/uploads\/2014\/12\/edith_messmer_11-150x150.jpg\" class=\"attachment-thumbnail size-thumbnail\" alt=\"\" \/><\/a>\n\t\t\t<\/dt><\/dl><dl class='gallery-item'>\n\t\t\t<dt class='gallery-icon landscape'>\n\t\t\t\t<a href='https:\/\/www.lembach.fr\/mairie\/galerie-photo\/photos-images\/aquarelles\/edith_messmer_14\/'><img loading=\"lazy\" decoding=\"async\" width=\"150\" height=\"150\" src=\"https:\/\/www.lembach.fr\/mairie\/wp-content\/uploads\/2014\/12\/edith_messmer_14-150x150.jpg\" class=\"attachment-thumbnail size-thumbnail\" alt=\"\" \/><\/a>\n\t\t\t<\/dt><\/dl><dl class='gallery-item'>\n\t\t\t<dt class='gallery-icon landscape'>\n\t\t\t\t<a href='https:\/\/www.lembach.fr\/mairie\/galerie-photo\/photos-images\/aquarelles\/edith_messmer_03\/'><img loading=\"lazy\" decoding=\"async\" width=\"150\" height=\"150\" src=\"https:\/\/www.lembach.fr\/mairie\/wp-content\/uploads\/2014\/12\/edith_messmer_03-150x150.jpg\" class=\"attachment-thumbnail size-thumbnail\" alt=\"\" \/><\/a>\n\t\t\t<\/dt><\/dl><br style=\"clear: both\" \/><dl class='gallery-item'>\n\t\t\t<dt class='gallery-icon landscape'>\n\t\t\t\t<a href='https:\/\/www.lembach.fr\/mairie\/galerie-photo\/photos-images\/aquarelles\/edith_messmer_02\/'><img loading=\"lazy\" decoding=\"async\" width=\"150\" height=\"150\" src=\"https:\/\/www.lembach.fr\/mairie\/wp-content\/uploads\/2014\/12\/edith_messmer_02-150x150.jpg\" class=\"attachment-thumbnail size-thumbnail\" alt=\"\" \/><\/a>\n\t\t\t<\/dt><\/dl><dl class='gallery-item'>\n\t\t\t<dt class='gallery-icon landscape'>\n\t\t\t\t<a href='https:\/\/www.lembach.fr\/mairie\/galerie-photo\/photos-images\/aquarelles\/edith_messmer_09\/'><img loading=\"lazy\" decoding=\"async\" width=\"150\" height=\"150\" src=\"https:\/\/www.lembach.fr\/mairie\/wp-content\/uploads\/2014\/12\/edith_messmer_09-150x150.jpg\" class=\"attachment-thumbnail size-thumbnail\" alt=\"\" \/><\/a>\n\t\t\t<\/dt><\/dl><dl class='gallery-item'>\n\t\t\t<dt class='gallery-icon landscape'>\n\t\t\t\t<a href='https:\/\/www.lembach.fr\/mairie\/galerie-photo\/photos-images\/aquarelles\/edith_messmer_05\/'><img loading=\"lazy\" decoding=\"async\" width=\"150\" height=\"150\" src=\"https:\/\/www.lembach.fr\/mairie\/wp-content\/uploads\/2014\/12\/edith_messmer_05-150x150.jpg\" class=\"attachment-thumbnail size-thumbnail\" alt=\"\" \/><\/a>\n\t\t\t<\/dt><\/dl>\n\t\t\t<br style='clear: both' \/>\n\t\t<\/div>\n\n","protected":false},"excerpt":{"rendered":"<p>Edith Messmer est une artiste locale habitant le village voisin de Climbach. Elle a r\u00e9alis\u00e9 de nombreuses toiles ayant comme sujet des lieux et des b\u00e2timents de notre r\u00e9gion. Voici quelques \u0153uvres de Lembach et Mattstall. Toutes ses productions peuvent \u00eatre consult\u00e9es sur son site : http:\/\/www.edithmessmer.com<\/p>\n","protected":false},"author":1,"featured_media":0,"parent":4658,"menu_order":2,"comment_status":"closed","ping_status":"closed","template":"","meta":{"footnotes":""},"class_list":["post-2858","page","type-page","status-publish","hentry","nodate","item-wrap"],"_links":{"self":[{"href":"https:\/\/www.lembach.fr\/mairie\/wp-json\/wp\/v2\/pages\/2858","targetHints":{"allow":["GET"]}}],"collection":[{"href":"https:\/\/www.lembach.fr\/mairie\/wp-json\/wp\/v2\/pages"}],"about":[{"href":"https:\/\/www.lembach.fr\/mairie\/wp-json\/wp\/v2\/types\/page"}],"author":[{"embeddable":true,"href":"https:\/\/www.lembach.fr\/mairie\/wp-json\/wp\/v2\/users\/1"}],"replies":[{"embeddable":true,"href":"https:\/\/www.lembach.fr\/mairie\/wp-json\/wp\/v2\/comments?post=2858"}],"version-history":[{"count":0,"href":"https:\/\/www.lembach.fr\/mairie\/wp-json\/wp\/v2\/pages\/2858\/revisions"}],"up":[{"embeddable":true,"href":"https:\/\/www.lembach.fr\/mairie\/wp-json\/wp\/v2\/pages\/4658"}],"wp:attachment":[{"href":"https:\/\/www.lembach.fr\/mairie\/wp-json\/wp\/v2\/media?parent=2858"}],"curies":[{"name":"wp","href":"https:\/\/api.w.org\/{rel}","templated":true}]}}