{"id":272,"date":"2012-05-05T19:38:09","date_gmt":"2012-05-05T19:38:09","guid":{"rendered":"http:\/\/www.lembach.fr\/mairie\/?page_id=272"},"modified":"2026-02-25T11:23:14","modified_gmt":"2026-02-25T10:23:14","slug":"histoire","status":"publish","type":"page","link":"https:\/\/www.lembach.fr\/mairie\/decouvrir\/histoire\/","title":{"rendered":"Histoire"},"content":{"rendered":"<p>Sources\u00a0:\u00a0\u00ab\u00a0le patrimoine des communes de France\u00a0\u00bb<\/p>\n<p>Mentionn\u00e9 pour la premi\u00e8re fois en 745 sous le nom de Lonenbocho et comme possession de l\u2019abbaye de Wissembourg, le village se trouve semble-t-il \u00e0 l\u2019emplacement d\u2019une ancienne voie romaine.<\/p>\n<p>Il est rapidement divis\u00e9 en deux parties, l\u2019une dite \u00ab\u00a0LeFlecken\u00a0\u00bb, appartenant jusqu\u2019en 1789 \u00e0 l\u2019\u00e9v\u00each\u00e9 de Strasbourg, et l\u2019autre, un ban allodial dit \u00ab\u00a0s\u2019Dorf\u00a0\u00bb, en la possession de la famille Ettendorf \u00e0 partir du XIIe si\u00e8cle.<\/p>\n<p>En 1327, ceux-ci, qui d\u00e9tiennent Le Flecken en fief de l\u2019\u00e9v\u00each\u00e9 de Strasbourg, donnent eux-m\u00eames les deux parties du village en fief aux seigneurs du Fleckenstein. La partie du Flecken est d\u00e9vast\u00e9e par les Fran\u00e7ais vers 1675 et le ban passe en 1680 \u00e0 la couronne de France, qui le donne en fief aux Rohan Soubise. Le village reste ainsi divis\u00e9 jusqu\u2019\u00e0 la R\u00e9volution fran\u00e7aise, les habitants du fief devant acquitter des imp\u00f4ts dont les villageois de l\u2019alleu sont affranchis.<\/p>\n<p style=\"text-align: center;\"><img loading=\"lazy\" decoding=\"async\" class=\"size-full wp-image-273 aligncenter\" src=\"http:\/\/www.lembach.fr\/mairie\/wp-content\/uploads\/2012\/05\/fleckenstein.jpg\" alt=\"\" width=\"280\" height=\"210\" \/><\/p>\n<p>Il subit d\u2019importantes destructions durant la guerre de Trente Ans, est pill\u00e9 et incendi\u00e9 par les Fran\u00e7ais durant la guerre de succession du Palatinat, de 1689 \u00e0 1697, puis occup\u00e9 par eux en 1704, lors du retour de leurs troupes, d\u00e9faites \u00e0 la guerre de succession d\u2019Espagne.<\/p>\n<p>Malgr\u00e9 une activit\u00e9 agricole et le d\u00e9veloppement du commerce, le village subsiste difficilement jusqu\u2019au d\u00e9but du XXe si\u00e8cle, o\u00f9 une \u00e9migration se produit vers l\u2019Am\u00e9rique.<\/p>\n<p>Cependant, la construction d\u2019une ligne de chemin de fer reliant Lembach \u00e0 Woerth et Haguenau en 1899 lui permet de se d\u00e9senclaver et l\u2019exploitation foresti\u00e8re lui assure d\u00e9sormais un d\u00e9veloppement \u00e9conomique suffisant.<\/p>\n","protected":false},"excerpt":{"rendered":"<p>Sources\u00a0:\u00a0\u00ab\u00a0le patrimoine des communes de France\u00a0\u00bb Mentionn\u00e9 pour la premi\u00e8re fois en 745 sous le nom de Lonenbocho et comme possession de l\u2019abbaye de Wissembourg, le village se trouve semble-t-il \u00e0 l\u2019emplacement d\u2019une ancienne voie romaine. Il est rapidement divis\u00e9 en deux parties, l\u2019une dite \u00ab\u00a0LeFlecken\u00a0\u00bb, appartenant jusqu\u2019en 1789 \u00e0 l\u2019\u00e9v\u00each\u00e9 de Strasbourg, et l\u2019autre, &hellip; <\/p>\n<p><a class=\"more-link btn\" href=\"https:\/\/www.lembach.fr\/mairie\/decouvrir\/histoire\/\">Lire la suite<\/a><\/p>\n","protected":false},"author":1,"featured_media":0,"parent":237,"menu_order":4,"comment_status":"closed","ping_status":"open","template":"","meta":{"footnotes":""},"class_list":["post-272","page","type-page","status-publish","hentry","nodate","item-wrap"],"_links":{"self":[{"href":"https:\/\/www.lembach.fr\/mairie\/wp-json\/wp\/v2\/pages\/272","targetHints":{"allow":["GET"]}}],"collection":[{"href":"https:\/\/www.lembach.fr\/mairie\/wp-json\/wp\/v2\/pages"}],"about":[{"href":"https:\/\/www.lembach.fr\/mairie\/wp-json\/wp\/v2\/types\/page"}],"author":[{"embeddable":true,"href":"https:\/\/www.lembach.fr\/mairie\/wp-json\/wp\/v2\/users\/1"}],"replies":[{"embeddable":true,"href":"https:\/\/www.lembach.fr\/mairie\/wp-json\/wp\/v2\/comments?post=272"}],"version-history":[{"count":1,"href":"https:\/\/www.lembach.fr\/mairie\/wp-json\/wp\/v2\/pages\/272\/revisions"}],"predecessor-version":[{"id":8782,"href":"https:\/\/www.lembach.fr\/mairie\/wp-json\/wp\/v2\/pages\/272\/revisions\/8782"}],"up":[{"embeddable":true,"href":"https:\/\/www.lembach.fr\/mairie\/wp-json\/wp\/v2\/pages\/237"}],"wp:attachment":[{"href":"https:\/\/www.lembach.fr\/mairie\/wp-json\/wp\/v2\/media?parent=272"}],"curies":[{"name":"wp","href":"https:\/\/api.w.org\/{rel}","templated":true}]}}

<p>Sources : « le patrimoine des communes de France »</p>
<p>Mentionné pour la première fois en 745 sous le nom de Lonenbocho et comme possession de l’abbaye de Wissembourg, le village se trouve semble-t-il à l’emplacement d’une ancienne voie romaine.</p>
<p>Il est rapidement divisé en deux parties, l’une dite « LeFlecken », appartenant jusqu’en 1789 à l’évêché de Strasbourg, et l’autre, un ban allodial dit « s’Dorf », en la possession de la famille Ettendorf à partir du XIIe siècle.</p>
<p>En 1327, ceux-ci, qui détiennent Le Flecken en fief de l’évêché de Strasbourg, donnent eux-mêmes les deux parties du village en fief aux seigneurs du Fleckenstein. La partie du Flecken est dévastée par les Français vers 1675 et le ban passe en 1680 à la couronne de France, qui le donne en fief aux Rohan Soubise. Le village reste ainsi divisé jusqu’à la Révolution française, les habitants du fief devant acquitter des impôts dont les villageois de l’alleu sont affranchis.</p>
<p style="text-align: center;"><img loading="lazy" decoding="async" class="size-full wp-image-273 aligncenter" src="http://www.lembach.fr/mairie/wp-content/uploads/2012/05/fleckenstein.jpg" alt="" width="280" height="210" /></p>
<p>Il subit d’importantes destructions durant la guerre de Trente Ans, est pillé et incendié par les Français durant la guerre de succession du Palatinat, de 1689 à 1697, puis occupé par eux en 1704, lors du retour de leurs troupes, défaites à la guerre de succession d’Espagne.</p>
<p>Malgré une activité agricole et le développement du commerce, le village subsiste difficilement jusqu’au début du XXe siècle, où une émigration se produit vers l’Amérique.</p>
<p>Cependant, la construction d’une ligne de chemin de fer reliant Lembach à Woerth et Haguenau en 1899 lui permet de se désenclaver et l’exploitation forestière lui assure désormais un développement économique suffisant.</p>

<p>Sources : « le patrimoine des communes de France » Mentionné pour la première fois en 745 sous le nom de Lonenbocho et comme possession de l’abbaye de Wissembourg, le village se trouve semble-t-il à l’emplacement d’une ancienne voie romaine. Il est rapidement divisé en deux parties, l’une dite « LeFlecken », appartenant jusqu’en 1789 à l’évêché de Strasbourg, et l’autre, &hellip; </p>
<p><a class="more-link btn" href="https://www.lembach.fr/mairie/decouvrir/histoire/">Lire la suite</a></p>
