{"id":249,"date":"2012-05-05T19:15:31","date_gmt":"2012-05-05T19:15:31","guid":{"rendered":"http:\/\/www.lembach.fr\/mairie\/?page_id=249"},"modified":"2012-06-21T17:57:16","modified_gmt":"2012-06-21T15:57:16","slug":"pfaffenbronn","status":"publish","type":"page","link":"https:\/\/www.lembach.fr\/mairie\/decouvrir\/pfaffenbronn\/","title":{"rendered":"Pfaffenbronn"},"content":{"rendered":"<p>Le Hameau de Pfaffenbronn est situ\u00e9 \u00e0 3 km de Lembach et compte environ 60 habitants.<\/p>\n<p><img loading=\"lazy\" decoding=\"async\" class=\"aligncenter size-full wp-image-1234\" title=\"\" src=\"http:\/\/www.lembach.fr\/mairie\/wp-content\/uploads\/2012\/05\/pfaffenbronn.jpeg\" alt=\"\" width=\"300\" height=\"232\" \/><\/p>\n<p>Le Vieux Pfaffenbronn est constitu\u00e9 principalement de corps de ferme traditionnels. Et correspond \u00e0 la partie originelle du hameau.<\/p>\n<p>L&rsquo;extension du village comporte une centaine de logements construits dans les ann\u00e9es 1980 et \u00e9taient d\u00e9volus \u00e0 l&rsquo;origine \u00e0 la r\u00e9sidence touristique.<\/p>\n<p><img loading=\"lazy\" decoding=\"async\" class=\"aligncenter size-full wp-image-1235\" title=\"\" src=\"http:\/\/www.lembach.fr\/mairie\/wp-content\/uploads\/2012\/05\/fontaine_pfaffenbronn.jpg\" alt=\"\" width=\"300\" height=\"225\" \/><\/p>\n","protected":false},"excerpt":{"rendered":"<p>Le Hameau de Pfaffenbronn est situ\u00e9 \u00e0 3 km de Lembach et compte environ 60 habitants. Le Vieux Pfaffenbronn est constitu\u00e9 principalement de corps de ferme traditionnels. Et correspond \u00e0 la partie originelle du hameau. L&rsquo;extension du village comporte une centaine de logements construits dans les ann\u00e9es 1980 et \u00e9taient d\u00e9volus \u00e0 l&rsquo;origine \u00e0 la &hellip; <\/p>\n<p><a class=\"more-link btn\" href=\"https:\/\/www.lembach.fr\/mairie\/decouvrir\/pfaffenbronn\/\">Lire la suite<\/a><\/p>\n","protected":false},"author":1,"featured_media":0,"parent":237,"menu_order":2,"comment_status":"closed","ping_status":"open","template":"","meta":{"footnotes":""},"class_list":["post-249","page","type-page","status-publish","hentry","nodate","item-wrap"],"_links":{"self":[{"href":"https:\/\/www.lembach.fr\/mairie\/wp-json\/wp\/v2\/pages\/249","targetHints":{"allow":["GET"]}}],"collection":[{"href":"https:\/\/www.lembach.fr\/mairie\/wp-json\/wp\/v2\/pages"}],"about":[{"href":"https:\/\/www.lembach.fr\/mairie\/wp-json\/wp\/v2\/types\/page"}],"author":[{"embeddable":true,"href":"https:\/\/www.lembach.fr\/mairie\/wp-json\/wp\/v2\/users\/1"}],"replies":[{"embeddable":true,"href":"https:\/\/www.lembach.fr\/mairie\/wp-json\/wp\/v2\/comments?post=249"}],"version-history":[{"count":0,"href":"https:\/\/www.lembach.fr\/mairie\/wp-json\/wp\/v2\/pages\/249\/revisions"}],"up":[{"embeddable":true,"href":"https:\/\/www.lembach.fr\/mairie\/wp-json\/wp\/v2\/pages\/237"}],"wp:attachment":[{"href":"https:\/\/www.lembach.fr\/mairie\/wp-json\/wp\/v2\/media?parent=249"}],"curies":[{"name":"wp","href":"https:\/\/api.w.org\/{rel}","templated":true}]}}

<p>Le Hameau de Pfaffenbronn est situé à 3 km de Lembach et compte environ 60 habitants.</p>
<p><img loading="lazy" decoding="async" class="aligncenter size-full wp-image-1234" title="" src="http://www.lembach.fr/mairie/wp-content/uploads/2012/05/pfaffenbronn.jpeg" alt="" width="300" height="232" /></p>
<p>Le Vieux Pfaffenbronn est constitué principalement de corps de ferme traditionnels. Et correspond à la partie originelle du hameau.</p>
<p>L&rsquo;extension du village comporte une centaine de logements construits dans les années 1980 et étaient dévolus à l&rsquo;origine à la résidence touristique.</p>
<p><img loading="lazy" decoding="async" class="aligncenter size-full wp-image-1235" title="" src="http://www.lembach.fr/mairie/wp-content/uploads/2012/05/fontaine_pfaffenbronn.jpg" alt="" width="300" height="225" /></p>

<p>Le Hameau de Pfaffenbronn est situé à 3 km de Lembach et compte environ 60 habitants. Le Vieux Pfaffenbronn est constitué principalement de corps de ferme traditionnels. Et correspond à la partie originelle du hameau. L&rsquo;extension du village comporte une centaine de logements construits dans les années 1980 et étaient dévolus à l&rsquo;origine à la &hellip; </p>
<p><a class="more-link btn" href="https://www.lembach.fr/mairie/decouvrir/pfaffenbronn/">Lire la suite</a></p>
