{"id":2298,"date":"2015-08-13T14:07:53","date_gmt":"2015-08-13T13:07:53","guid":{"rendered":"http:\/\/www.lembach.fr\/mairie\/?page_id=2298"},"modified":"2023-07-22T10:47:28","modified_gmt":"2023-07-22T08:47:28","slug":"assistantes-maternelles","status":"publish","type":"page","link":"https:\/\/www.lembach.fr\/mairie\/vivre-a-lembach\/assistantes-maternelles\/","title":{"rendered":"Pu\u00e9ricultrices et assistantes maternelles"},"content":{"rendered":"<p>&nbsp;<\/p>\n<p><strong><span style=\"text-decoration: underline;\">MICRO CR\u00c8CHE AU GR\u00c8S DU BOIS<\/span><br \/>\n<\/strong><\/p>\n<p>La micro cr\u00e8che peut accueillir jusqu\u2019\u00e0 12 enfants de 10 semaines \u00e0 4 ans simultan\u00e9ment sur une large amplitude horaire \u00a0de 7h30 \u00e0 18h30. Priorit\u00e9 sera donn\u00e9e aux enfants dont les parents r\u00e9sident sur le territoire de la communaut\u00e9 de communes Sauer-Pechelbronn<\/p>\n<p>Un service de restauration adapt\u00e9 \u00e0 l\u2019\u00e2ge des enfants sera propos\u00e9. La micro cr\u00e8che propose \u00e9galement un projet innovant autour de l\u2019\u00e9cologie et une sensibilisation \u00e0 l\u2019allemand \u00e0 tous les enfants.<\/p>\n<p style=\"text-align: center;\">Les inscription se font aupr\u00e8s de la micro cr\u00e8che :<\/p>\n<p style=\"text-align: center;\">MICRO-CRECHE AU GRES DES BOIS<br \/>\nRue des \u00e9coles<br \/>\n67510 Lembach<br \/>\nT\u00e9l : 03 69 50 84 81<br \/>\nCourriel\u00a0:\u00a0<a href=\"mailto:mc.lembach@aasbr.com\">mc.lembach@aasbr.com<\/a><\/p>\n<p style=\"text-align: center;\"><strong>M\u00e9laine LUX<\/strong><br \/>\nResponsable de la Structure<\/p>\n<p style=\"text-align: center;\"><strong>Martine REYMUND<\/strong><br \/>\nAuxiliaire de pu\u00e9riculture<\/p>\n<p style=\"text-align: center;\"><strong>Tatiana KUHN<\/strong><br \/>\nAide maternelle<\/p>\n<p style=\"text-align: center;\"><strong>D\u00e9bora KRIEGER<\/strong><br \/>\nAide Maternelle<\/p>\n<p>&nbsp;<\/p>\n<p style=\"text-align: left;\"><strong><span style=\"text-decoration: underline;\">PUERICULTRICE<\/span><\/strong><\/p>\n<p style=\"text-align: center;\">Permanences de la pu\u00e9ricultrice du Conseil D\u00e9partemental<\/p>\n<p style=\"text-align: center;\"><strong>Mme Caroline BLATTNER<\/strong><br \/>\nles lundis de 9h \u00e0 10h30<br \/>\nau centre m\u00e9dico-social<br \/>\ncour de la\u00a0 Commanderie<br \/>\n2a rue de l&rsquo;ordre teutonique &#8211; Wissembourg.<br \/>\nLes consultations nourrissons ont lieu<br \/>\nsur rendez-vous les 1ers et 3\u00e8mes lundis du mois<br \/>\nT\u00e9l : 03.69.06.73.50<\/p>\n<p style=\"text-align: left;\"><img loading=\"lazy\" decoding=\"async\" class=\"wp-image-4439 aligncenter\" src=\"http:\/\/www.lembach.fr\/mairie\/wp-content\/uploads\/2015\/01\/Pu\u00e9ricultrice.png\" alt=\"\" width=\"208\" height=\"156\" srcset=\"https:\/\/www.lembach.fr\/mairie\/wp-content\/uploads\/2015\/01\/Pu\u00e9ricultrice.png 400w, https:\/\/www.lembach.fr\/mairie\/wp-content\/uploads\/2015\/01\/Pu\u00e9ricultrice-300x225.png 300w\" sizes=\"auto, (max-width: 208px) 100vw, 208px\" \/><\/p>\n<p style=\"text-align: center;\">Mme <strong>Val\u00e9rie RIEU<br \/>\n<\/strong>auxiliaire de pu\u00e9riculture domicili\u00e9e \u00e0 Lembach<br \/>\npropose d&rsquo;intervenir \u00e0 domicile.<br \/>\nContact : 03.88.94.35.76 ou 07.89.54.43.14<\/p>\n<p>&nbsp;<\/p>\n<p><strong><span style=\"text-decoration: underline;\">ASSISTANTES MATERNELLES<\/span><\/strong><\/p>\n<p>De nombreuses assistantes maternelles sont disponibles : la liste par commune, mise \u00e0 jour tous les vendredis, est disponible sur le site du conseil d\u00e9partemental du Bas-Rhin :<\/p>\n<p style=\"text-align: center;\"><a href=\"http:\/\/www.bas-rhin.fr\/solidarites\/enfance\/modes-garde\/liste-assistants-maternels\" target=\"_blank\" rel=\"noopener\">http:\/\/www.bas-rhin.fr\/solidarites\/enfance\/modes-garde\/liste-assistants-maternels<\/a><\/p>\n<p><a href=\"http:\/\/www.bas-rhin.fr\/solidarites\/enfance\/modes-garde\/liste-assistants-maternels\" target=\"_blank\" rel=\"noopener\"><img loading=\"lazy\" decoding=\"async\" class=\"aligncenter size-full wp-image-5356\" src=\"https:\/\/www.lembach.fr\/mairie\/wp-content\/uploads\/2018\/08\/liste_assistants_maternels.jpg\" alt=\"\" width=\"300\" height=\"112\" \/><\/a><\/p>\n<p>Pour plus d\u2019informations, (disponibilit\u00e9 des assistantes maternelles, celles acceptant les horaires atypiques, accueil temporaire de remplacement, etc.), n\u2019h\u00e9sitez pas \u00e0 vous adresser au Relais des Assistantes maternelles de la Communaut\u00e9 de communes Sauer-Pechelbronn : <a href=\"http:\/\/animation.sauer-pechelbronn.fr\/fr\/ram\/relais-parents-assistantes-maternelles.html\">http:\/\/animation.sauer-pechelbronn.fr\/fr\/ram\/relais-parents-assistantes-maternelles.html<\/a><\/p>\n<p style=\"text-align: center;\"><span style=\"color: #0000ff;\"><em>Si vous voulez figurer dans cette liste, veuillez indiquer vos coordonn\u00e9es au secr\u00e9tariat de la mairie.<\/em><\/span><\/p>\n<p style=\"text-align: left;\">\n","protected":false},"excerpt":{"rendered":"<p>&nbsp; MICRO CR\u00c8CHE AU GR\u00c8S DU BOIS La micro cr\u00e8che peut accueillir jusqu\u2019\u00e0 12 enfants de 10 semaines \u00e0 4 ans simultan\u00e9ment sur une large amplitude horaire \u00a0de 7h30 \u00e0 18h30. Priorit\u00e9 sera donn\u00e9e aux enfants dont les parents r\u00e9sident sur le territoire de la communaut\u00e9 de communes Sauer-Pechelbronn Un service de restauration adapt\u00e9 \u00e0 &hellip; <\/p>\n<p><a class=\"more-link btn\" href=\"https:\/\/www.lembach.fr\/mairie\/vivre-a-lembach\/assistantes-maternelles\/\">Lire la suite<\/a><\/p>\n","protected":false},"author":1,"featured_media":0,"parent":159,"menu_order":7,"comment_status":"closed","ping_status":"closed","template":"","meta":{"footnotes":""},"class_list":["post-2298","page","type-page","status-publish","hentry","nodate","item-wrap"],"_links":{"self":[{"href":"https:\/\/www.lembach.fr\/mairie\/wp-json\/wp\/v2\/pages\/2298","targetHints":{"allow":["GET"]}}],"collection":[{"href":"https:\/\/www.lembach.fr\/mairie\/wp-json\/wp\/v2\/pages"}],"about":[{"href":"https:\/\/www.lembach.fr\/mairie\/wp-json\/wp\/v2\/types\/page"}],"author":[{"embeddable":true,"href":"https:\/\/www.lembach.fr\/mairie\/wp-json\/wp\/v2\/users\/1"}],"replies":[{"embeddable":true,"href":"https:\/\/www.lembach.fr\/mairie\/wp-json\/wp\/v2\/comments?post=2298"}],"version-history":[{"count":3,"href":"https:\/\/www.lembach.fr\/mairie\/wp-json\/wp\/v2\/pages\/2298\/revisions"}],"predecessor-version":[{"id":7621,"href":"https:\/\/www.lembach.fr\/mairie\/wp-json\/wp\/v2\/pages\/2298\/revisions\/7621"}],"up":[{"embeddable":true,"href":"https:\/\/www.lembach.fr\/mairie\/wp-json\/wp\/v2\/pages\/159"}],"wp:attachment":[{"href":"https:\/\/www.lembach.fr\/mairie\/wp-json\/wp\/v2\/media?parent=2298"}],"curies":[{"name":"wp","href":"https:\/\/api.w.org\/{rel}","templated":true}]}}