{"id":207,"date":"2012-05-05T17:19:33","date_gmt":"2012-05-05T17:19:33","guid":{"rendered":"http:\/\/www.lembach.fr\/mairie\/?page_id=207"},"modified":"2023-10-11T10:49:54","modified_gmt":"2023-10-11T08:49:54","slug":"bibliotheque","status":"publish","type":"page","link":"https:\/\/www.lembach.fr\/mairie\/vivre-a-lembach\/bibliotheque\/","title":{"rendered":"Biblioth\u00e8que"},"content":{"rendered":"<div>\n<p>&nbsp;<\/p>\n<p>La Biblioth\u00e8que municipale est situ\u00e9e au second \u00e9tage de la Mairie<\/p>\n<p>Les horaires d\u2019ouverture sont\u00a0:<\/p>\n<div class=\"alert alert-success\" role=\"alert\"><p class=\"printonly\"><strong>Important!<\/strong><\/p>\n<p align=\"center\" class=\"first-p\">LUNDI<br \/>\nde 15h30 \u00e0 18h00<\/p>\n<p align=\"center\">\u00a0MERCREDI<br \/>\nde 9h30 \u00e0 11h30<br \/>\nde 16h00 \u00e0 17h30<\/p>\n<p align=\"center\">\n<\/div>\n<p align=\"center\"><strong>\u00e0 partir du 1er mai :<\/strong><\/p>\n<p style=\"text-align: center;\">VENDREDI<br \/>\nde 9h30 \u00e0 11h30<\/p>\n<p style=\"text-align: center;\">LE 1er SAMEDI DU MOIS<br \/>\nde 9h \u00e0 11h<\/p>\n<p style=\"text-align: center;\">pour joindre les b\u00e9n\u00e9voles : <strong>03 88 94 29 23<\/strong> (pendant les horaires d&rsquo;ouverture de la biblioth\u00e8que)<\/p>\n<div>\n<p align=\"center\">La cotisation annuelle est de 10,00 \u20ac pour les adultes et gratuite pour les mineurs.<\/p>\n<\/div>\n<p>L\u2019\u00e9quipe des b\u00e9n\u00e9voles vous propose plus de 4 000 ouvrages. De nombreuses nouveaut\u00e9s enrichissent r\u00e9guli\u00e8rement les rayons de la biblioth\u00e8que\u00a0: des BD pour enfants, des documentaires, des \u0153uvres alsatiques, des polars, etc.<\/p>\n<p>Sur simple consultation\u00a0du site de la Biblioth\u00e8que D\u00e9partementale, une r\u00e9servation d\u2019ouvrages sp\u00e9cifiques est possible d\u2019un mois \u00e0 l\u2019autre.<\/p>\n<p style=\"text-align: center;\"><a href=\"http:\/\/bdbr.cg67.fr\/\">http:\/\/bdbr.cg67.fr<\/a><\/p>\n<p style=\"text-align: center;\">\u00a0<img loading=\"lazy\" decoding=\"async\" class=\"size-full wp-image-376 aligncenter\" style=\"border: 0px none;\" src=\"http:\/\/www.lembach.fr\/mairie\/wp-content\/uploads\/2012\/05\/Books-1-icon.png\" alt=\"\" width=\"128\" height=\"128\" \/><\/p>\n<\/div>\n","protected":false},"excerpt":{"rendered":"<p>&nbsp; La Biblioth\u00e8que municipale est situ\u00e9e au second \u00e9tage de la Mairie Les horaires d\u2019ouverture sont\u00a0: L\u2019\u00e9quipe des b\u00e9n\u00e9voles vous propose plus de 4 000 ouvrages. De nombreuses nouveaut\u00e9s enrichissent r\u00e9guli\u00e8rement les rayons de la biblioth\u00e8que\u00a0: des BD pour enfants, des documentaires, des \u0153uvres alsatiques, des polars, etc. Sur simple consultation\u00a0du site de la Biblioth\u00e8que &hellip; <\/p>\n<p><a class=\"more-link btn\" href=\"https:\/\/www.lembach.fr\/mairie\/vivre-a-lembach\/bibliotheque\/\">Lire la suite<\/a><\/p>\n","protected":false},"author":1,"featured_media":0,"parent":159,"menu_order":2,"comment_status":"closed","ping_status":"open","template":"","meta":{"footnotes":""},"class_list":["post-207","page","type-page","status-publish","hentry","nodate","item-wrap"],"_links":{"self":[{"href":"https:\/\/www.lembach.fr\/mairie\/wp-json\/wp\/v2\/pages\/207","targetHints":{"allow":["GET"]}}],"collection":[{"href":"https:\/\/www.lembach.fr\/mairie\/wp-json\/wp\/v2\/pages"}],"about":[{"href":"https:\/\/www.lembach.fr\/mairie\/wp-json\/wp\/v2\/types\/page"}],"author":[{"embeddable":true,"href":"https:\/\/www.lembach.fr\/mairie\/wp-json\/wp\/v2\/users\/1"}],"replies":[{"embeddable":true,"href":"https:\/\/www.lembach.fr\/mairie\/wp-json\/wp\/v2\/comments?post=207"}],"version-history":[{"count":4,"href":"https:\/\/www.lembach.fr\/mairie\/wp-json\/wp\/v2\/pages\/207\/revisions"}],"predecessor-version":[{"id":7711,"href":"https:\/\/www.lembach.fr\/mairie\/wp-json\/wp\/v2\/pages\/207\/revisions\/7711"}],"up":[{"embeddable":true,"href":"https:\/\/www.lembach.fr\/mairie\/wp-json\/wp\/v2\/pages\/159"}],"wp:attachment":[{"href":"https:\/\/www.lembach.fr\/mairie\/wp-json\/wp\/v2\/media?parent=207"}],"curies":[{"name":"wp","href":"https:\/\/api.w.org\/{rel}","templated":true}]}}