{"id":184,"date":"2023-07-16T16:51:33","date_gmt":"2023-07-16T14:51:33","guid":{"rendered":"http:\/\/www.lembach.fr\/mairie\/?page_id=184"},"modified":"2025-07-18T09:59:53","modified_gmt":"2025-07-18T07:59:53","slug":"sante","status":"publish","type":"page","link":"https:\/\/www.lembach.fr\/mairie\/vivre-a-lembach\/sante\/","title":{"rendered":"Sant\u00e9"},"content":{"rendered":"<ul>\n<li>\n<h2>Cabinet m\u00e9dical<\/h2>\n<\/li>\n<\/ul>\n<p>&nbsp;<\/p>\n<p>&nbsp;<\/p>\n<p><a href=\"https:\/\/www.lembach.fr\/mairie\/wp-content\/uploads\/2025\/04\/2025-horaires-cabinet-medical.jpg\"><img loading=\"lazy\" decoding=\"async\" class=\"wp-image-8404 aligncenter\" src=\"https:\/\/www.lembach.fr\/mairie\/wp-content\/uploads\/2025\/04\/2025-horaires-cabinet-medical.jpg\" alt=\"\" width=\"644\" height=\"876\" srcset=\"https:\/\/www.lembach.fr\/mairie\/wp-content\/uploads\/2025\/04\/2025-horaires-cabinet-medical.jpg 460w, https:\/\/www.lembach.fr\/mairie\/wp-content\/uploads\/2025\/04\/2025-horaires-cabinet-medical-220x300.jpg 220w\" sizes=\"auto, (max-width: 644px) 100vw, 644px\" \/><\/a><\/p>\n<p style=\"text-align: center;\"><img loading=\"lazy\" decoding=\"async\" class=\"size-full wp-image-385 aligncenter\" style=\"border: 0pt none;\" src=\"http:\/\/www.lembach.fr\/mairie\/wp-content\/uploads\/2012\/05\/Head-physician-icon.png\" alt=\"\" width=\"128\" height=\"128\" \/><\/p>\n<ul>\n<li>\n<h2>Infirmiers<\/h2>\n<\/li>\n<\/ul>\n<p>Des infirmiers sont \u00e0 votre disposition pour les soins \u00e0 domicile :<\/p>\n<div class=\"alert alert-success\" role=\"alert\"><p class=\"printonly\"><strong>Important!<\/strong><\/p>\n<p style=\"text-align: center;\" class=\"first-p\"><strong>CENTRE DE SOINS INFIRMIERS DE LEMBACH<\/strong><br \/>\n26, Route de Woerth<br \/>\n67510 LEMBACH<br \/>\nT\u00e9l.\/Fax : 03 88 94 40 31<\/p>\n<p style=\"text-align: center;\">Horaires des tourn\u00e9es :<br \/>\nTous les jours de 8h \u00e0 12h et de 17h30 \u00e0 19h30<\/p>\n<p style=\"text-align: center;\">Heures de permanence :<br \/>\nTous les jours de 12h \u00e0 12h30 et de 19h30 \u00e0 20h<\/p>\n<p style=\"text-align: center;\">Veuillez prendre rendez-vous au : 06 35 39 39 67<br \/>\nAdresse mail du centre : <strong><a href=\"mailto:csi-lembach@orange.fr\">csi-lembach@orange.fr<\/a><\/strong><\/p>\n<\/div>\n<p style=\"text-align: center;\"><strong>C\u00e9line BINDEL<\/strong><br \/>\n12a route de Bitche<br \/>\n67510 Lembach<br \/>\nT\u00e9l. 03.88.72.24.39<\/p>\n<p style=\"text-align: left;\"><div class=\"alert alert-success\" role=\"alert\"><p class=\"printonly\"><strong>Important!<\/strong><\/p>\n<p style=\"text-align: center;\" class=\"first-p\"><strong>J\u00e9r\u00f4me LARPENT<\/strong><br \/>\n18 route Woerth<br \/>\n67510 Lembach<br \/>\nT\u00e9l. 06.44.23.98.58<\/p>\n<p style=\"text-align: center;\">7 jours sur 7 &#8211; de 6h \u00e0 22h<\/p>\n<p style=\"text-align: left;\"><\/div>\n<p style=\"text-align: center;\"><img loading=\"lazy\" decoding=\"async\" class=\" wp-image-387 aligncenter\" style=\"border: 0pt none;\" src=\"http:\/\/www.lembach.fr\/mairie\/wp-content\/uploads\/2012\/05\/nurse-icon.png\" alt=\"\" width=\"128\" height=\"128\" \/><\/p>\n<p>&nbsp;<\/p>\n<p>&nbsp;<\/p>\n","protected":false},"excerpt":{"rendered":"<p>Cabinet m\u00e9dical &nbsp; &nbsp; Infirmiers Des infirmiers sont \u00e0 votre disposition pour les soins \u00e0 domicile : C\u00e9line BINDEL 12a route de Bitche 67510 Lembach T\u00e9l. 03.88.72.24.39 &nbsp; &nbsp;<\/p>\n","protected":false},"author":1,"featured_media":0,"parent":159,"menu_order":9,"comment_status":"closed","ping_status":"open","template":"","meta":{"footnotes":""},"class_list":["post-184","page","type-page","status-publish","hentry","nodate","item-wrap"],"_links":{"self":[{"href":"https:\/\/www.lembach.fr\/mairie\/wp-json\/wp\/v2\/pages\/184","targetHints":{"allow":["GET"]}}],"collection":[{"href":"https:\/\/www.lembach.fr\/mairie\/wp-json\/wp\/v2\/pages"}],"about":[{"href":"https:\/\/www.lembach.fr\/mairie\/wp-json\/wp\/v2\/types\/page"}],"author":[{"embeddable":true,"href":"https:\/\/www.lembach.fr\/mairie\/wp-json\/wp\/v2\/users\/1"}],"replies":[{"embeddable":true,"href":"https:\/\/www.lembach.fr\/mairie\/wp-json\/wp\/v2\/comments?post=184"}],"version-history":[{"count":10,"href":"https:\/\/www.lembach.fr\/mairie\/wp-json\/wp\/v2\/pages\/184\/revisions"}],"predecessor-version":[{"id":8501,"href":"https:\/\/www.lembach.fr\/mairie\/wp-json\/wp\/v2\/pages\/184\/revisions\/8501"}],"up":[{"embeddable":true,"href":"https:\/\/www.lembach.fr\/mairie\/wp-json\/wp\/v2\/pages\/159"}],"wp:attachment":[{"href":"https:\/\/www.lembach.fr\/mairie\/wp-json\/wp\/v2\/media?parent=184"}],"curies":[{"name":"wp","href":"https:\/\/api.w.org\/{rel}","templated":true}]}}