{"id":170,"date":"2012-05-05T16:37:23","date_gmt":"2012-05-05T16:37:23","guid":{"rendered":"http:\/\/www.lembach.fr\/mairie\/?page_id=170"},"modified":"2017-10-22T12:42:17","modified_gmt":"2017-10-22T11:42:17","slug":"maison-de-retraite","status":"publish","type":"page","link":"https:\/\/www.lembach.fr\/mairie\/vivre-a-lembach\/maison-de-retraite\/","title":{"rendered":"Maison de retraite"},"content":{"rendered":"<p>La Maison de retraite \u00ab\u00a0Paul Bertololy\u00a0\u00bb est compos\u00e9e de 40 lits d\u2019h\u00e9bergement permanent dont une unit\u00e9 prot\u00e9g\u00e9e de 12 lits pour personnes \u00e2g\u00e9es atteintes de la maladie d\u2019Alzheimer, 3 lits d\u2019h\u00e9bergement temporaire, d\u2019un foyer restaurant. Les chambres individuelles, confortables, spacieuses et agr\u00e9ablement meubl\u00e9es sont \u00e9quip\u00e9es d&rsquo;un t\u00e9l\u00e9viseur couleurs, d&rsquo;un t\u00e9l\u00e9phone et d&rsquo;un appel d&rsquo;urgence. Elles disposent toutes d&rsquo;un sanitaire accessible aux personnes atteintes d&rsquo;un handicap.<\/p>\n<p>Une cuisine traditionnelle et de qualit\u00e9 est servie dans une salle de restauration \u00e9l\u00e9gante et lumineuse. Les menus vari\u00e9s et \u00e9quilibr\u00e9s sont r\u00e9alis\u00e9s par le personnel de cuisine de l&rsquo;\u00e9tablissement. Le personnel h\u00f4telier assure un service \u00e0 l&rsquo;assiette et personnalis\u00e9.<\/p>\n<p>L&rsquo;animation est un \u00e9l\u00e9ment d\u00e9terminant du projet d&rsquo;\u00e9tablissement. L&rsquo;animation, les \u00e9changes et les liens sociaux avec l&rsquo;ext\u00e9rieur constituent des \u00e9l\u00e9ments importants de la qualit\u00e9 de vie en \u00e9tablissement. Des activit\u00e9s th\u00e9rapeutiques, occupationnelles ou culturelles sont mises en \u0153uvre par des salari\u00e9s de l&rsquo;\u00e9tablissement, des intervenants ext\u00e9rieurs et des b\u00e9n\u00e9voles. Elles visent \u00e0 stimuler les capacit\u00e9s cognitives, intellectuelles et physiques des r\u00e9sidents. L\u2019\u00e9tablissement est dot\u00e9 d\u2019un minibus pour les sorties des r\u00e9sidents.<\/p>\n<p>Des <strong>soins<\/strong> sont dispens\u00e9s par du personnel dipl\u00f4m\u00e9 avec une tra\u00e7abilit\u00e9 informatique. L&rsquo;\u00e9quipe d&rsquo;infirmiers et d&rsquo;aides-soignants assure les soins et l&rsquo;aide personnalis\u00e9e que requiert chaque r\u00e9sident. L&rsquo;organisation m\u00e9dicale et param\u00e9dicale rigoureuse est assur\u00e9e par le m\u00e9decin coordonnateur de l&rsquo;\u00e9tablissement qui veille \u00e0 la coordination des intervenants ext\u00e9rieurs et internes et \u00e0 la s\u00e9curit\u00e9 des soins.<\/p>\n<p><img loading=\"lazy\" decoding=\"async\" class=\" wp-image-171 aligncenter\" style=\"border: 0pt none;\" src=\"http:\/\/www.lembach.fr\/mairie\/wp-content\/uploads\/2012\/05\/maison_retraite.jpg\" alt=\"\" width=\"221\" height=\"149\" \/><\/p>\n<p align=\"center\">\n<div class=\"alert alert-success\" role=\"alert\"><p class=\"printonly\"><strong>Important!<\/strong><\/p>\n<p align=\"center\" class=\"first-p\"><span style=\"text-decoration: underline;\"><strong><a href=\"http:\/\/www.groupe-sos.org\/structures\/812\/EHPAD_Paul_Bertololy\" target=\"_blank\" rel=\"noopener\">Maison de Retraite \u00ab Paul Bertololy \u00bb<\/a><\/strong><\/span><\/p>\n<p align=\"center\">15 rue Eichholz<br \/>\n67510 LEMBACH<\/p>\n<p align=\"center\">Standard : 03 88 94 21 05<\/p>\n<\/div>\n<p align=\"center\">\n<p align=\"center\">Courriel: <a href=\"mailto:direction-paul-bertololy@groupe-sos.org\">direction-paul-bertololy@groupe-sos.org<\/a><\/p>\n<p style=\"text-align: center;\"><img loading=\"lazy\" decoding=\"async\" class=\"alignnone size-full wp-image-382 aligncenter\" style=\"border: 0pt none;\" src=\"http:\/\/www.lembach.fr\/mairie\/wp-content\/uploads\/2012\/05\/seniors-icon.png\" alt=\"\" width=\"128\" height=\"128\" \/><\/p>\n","protected":false},"excerpt":{"rendered":"<p>La Maison de retraite \u00ab\u00a0Paul Bertololy\u00a0\u00bb est compos\u00e9e de 40 lits d\u2019h\u00e9bergement permanent dont une unit\u00e9 prot\u00e9g\u00e9e de 12 lits pour personnes \u00e2g\u00e9es atteintes de la maladie d\u2019Alzheimer, 3 lits d\u2019h\u00e9bergement temporaire, d\u2019un foyer restaurant. Les chambres individuelles, confortables, spacieuses et agr\u00e9ablement meubl\u00e9es sont \u00e9quip\u00e9es d&rsquo;un t\u00e9l\u00e9viseur couleurs, d&rsquo;un t\u00e9l\u00e9phone et d&rsquo;un appel d&rsquo;urgence. Elles &hellip; <\/p>\n<p><a class=\"more-link btn\" href=\"https:\/\/www.lembach.fr\/mairie\/vivre-a-lembach\/maison-de-retraite\/\">Lire la suite<\/a><\/p>\n","protected":false},"author":1,"featured_media":0,"parent":159,"menu_order":8,"comment_status":"closed","ping_status":"open","template":"","meta":{"footnotes":""},"class_list":["post-170","page","type-page","status-publish","hentry","nodate","item-wrap"],"_links":{"self":[{"href":"https:\/\/www.lembach.fr\/mairie\/wp-json\/wp\/v2\/pages\/170","targetHints":{"allow":["GET"]}}],"collection":[{"href":"https:\/\/www.lembach.fr\/mairie\/wp-json\/wp\/v2\/pages"}],"about":[{"href":"https:\/\/www.lembach.fr\/mairie\/wp-json\/wp\/v2\/types\/page"}],"author":[{"embeddable":true,"href":"https:\/\/www.lembach.fr\/mairie\/wp-json\/wp\/v2\/users\/1"}],"replies":[{"embeddable":true,"href":"https:\/\/www.lembach.fr\/mairie\/wp-json\/wp\/v2\/comments?post=170"}],"version-history":[{"count":0,"href":"https:\/\/www.lembach.fr\/mairie\/wp-json\/wp\/v2\/pages\/170\/revisions"}],"up":[{"embeddable":true,"href":"https:\/\/www.lembach.fr\/mairie\/wp-json\/wp\/v2\/pages\/159"}],"wp:attachment":[{"href":"https:\/\/www.lembach.fr\/mairie\/wp-json\/wp\/v2\/media?parent=170"}],"curies":[{"name":"wp","href":"https:\/\/api.w.org\/{rel}","templated":true}]}}

<p>La Maison de retraite « Paul Bertololy » est composée de 40 lits d’hébergement permanent dont une unité protégée de 12 lits pour personnes âgées atteintes de la maladie d’Alzheimer, 3 lits d’hébergement temporaire, d’un foyer restaurant. Les chambres individuelles, confortables, spacieuses et agréablement meublées sont équipées d&rsquo;un téléviseur couleurs, d&rsquo;un téléphone et d&rsquo;un appel d&rsquo;urgence. Elles disposent toutes d&rsquo;un sanitaire accessible aux personnes atteintes d&rsquo;un handicap.</p>
<p>Une cuisine traditionnelle et de qualité est servie dans une salle de restauration élégante et lumineuse. Les menus variés et équilibrés sont réalisés par le personnel de cuisine de l&rsquo;établissement. Le personnel hôtelier assure un service à l&rsquo;assiette et personnalisé.</p>
<p>L&rsquo;animation est un élément déterminant du projet d&rsquo;établissement. L&rsquo;animation, les échanges et les liens sociaux avec l&rsquo;extérieur constituent des éléments importants de la qualité de vie en établissement. Des activités thérapeutiques, occupationnelles ou culturelles sont mises en œuvre par des salariés de l&rsquo;établissement, des intervenants extérieurs et des bénévoles. Elles visent à stimuler les capacités cognitives, intellectuelles et physiques des résidents. L’établissement est doté d’un minibus pour les sorties des résidents.</p>
<p>Des <strong>soins</strong> sont dispensés par du personnel diplômé avec une traçabilité informatique. L&rsquo;équipe d&rsquo;infirmiers et d&rsquo;aides-soignants assure les soins et l&rsquo;aide personnalisée que requiert chaque résident. L&rsquo;organisation médicale et paramédicale rigoureuse est assurée par le médecin coordonnateur de l&rsquo;établissement qui veille à la coordination des intervenants extérieurs et internes et à la sécurité des soins.</p>
<p><img loading="lazy" decoding="async" class=" wp-image-171 aligncenter" style="border: 0pt none;" src="http://www.lembach.fr/mairie/wp-content/uploads/2012/05/maison_retraite.jpg" alt="" width="221" height="149" /></p>
<p align="center">
<div class="alert alert-success" role="alert"><p class="printonly"><strong>Important!</strong></p>
<p align="center" class="first-p"><span style="text-decoration: underline;"><strong><a href="http://www.groupe-sos.org/structures/812/EHPAD_Paul_Bertololy" target="_blank" rel="noopener">Maison de Retraite « Paul Bertololy »</a></strong></span></p>
<p align="center">15 rue Eichholz<br />
67510 LEMBACH</p>
<p align="center">Standard : 03 88 94 21 05</p>
</div>
<p align="center">
<p align="center">Courriel: <a href="mailto:direction-paul-bertololy@groupe-sos.org">direction-paul-bertololy@groupe-sos.org</a></p>
<p style="text-align: center;"><img loading="lazy" decoding="async" class="alignnone size-full wp-image-382 aligncenter" style="border: 0pt none;" src="http://www.lembach.fr/mairie/wp-content/uploads/2012/05/seniors-icon.png" alt="" width="128" height="128" /></p>

<p>La Maison de retraite « Paul Bertololy » est composée de 40 lits d’hébergement permanent dont une unité protégée de 12 lits pour personnes âgées atteintes de la maladie d’Alzheimer, 3 lits d’hébergement temporaire, d’un foyer restaurant. Les chambres individuelles, confortables, spacieuses et agréablement meublées sont équipées d&rsquo;un téléviseur couleurs, d&rsquo;un téléphone et d&rsquo;un appel d&rsquo;urgence. Elles &hellip; </p>
<p><a class="more-link btn" href="https://www.lembach.fr/mairie/vivre-a-lembach/maison-de-retraite/">Lire la suite</a></p>
