{"id":126,"date":"2012-05-05T15:25:22","date_gmt":"2012-05-05T15:25:22","guid":{"rendered":"http:\/\/www.lembach.fr\/mairie\/?page_id=126"},"modified":"2023-11-13T15:09:21","modified_gmt":"2023-11-13T14:09:21","slug":"numeros-utiles","status":"publish","type":"page","link":"https:\/\/www.lembach.fr\/mairie\/infos\/numeros-utiles\/","title":{"rendered":"Num\u00e9ros utiles"},"content":{"rendered":"<p>&nbsp;<\/p>\n<div>\n<h4>Ci-dessous quelques num\u00e9ros de t\u00e9l\u00e9phone utiles :<\/h4>\n<ul>\n<li>Cabinet m\u00e9dical : 03 88 94 41 94<img loading=\"lazy\" decoding=\"async\" class=\" wp-image-4076 alignright\" style=\"border: 0pt none;\" src=\"http:\/\/www.lembach.fr\/mairie\/wp-content\/uploads\/2012\/05\/T\u00e9l\u00e9phones-utiles.png\" alt=\"telephones-utiles\" width=\"171\" height=\"100\" srcset=\"https:\/\/www.lembach.fr\/mairie\/wp-content\/uploads\/2012\/05\/T\u00e9l\u00e9phones-utiles.png 527w, https:\/\/www.lembach.fr\/mairie\/wp-content\/uploads\/2012\/05\/T\u00e9l\u00e9phones-utiles-300x176.png 300w\" sizes=\"auto, (max-width: 171px) 100vw, 171px\" \/><\/li>\n<li style=\"text-align: left;\">Centre de soins infirmiers\u00a0: 03 88 94 40 31<\/li>\n<li style=\"text-align: left;\">Pharmacie : 03 88 94 42 82<\/li>\n<li style=\"text-align: left;\">\u00c9cole Henri Mertz : 03 88 94 21 57<\/li>\n<li style=\"text-align: left;\">D\u00e9pannage \u00e9lectrique : 03 88 18 74 00 ou 09\u00a0726\u00a0750 XX<span class=\"copyright\">*<\/span> (remplacer\u00a0XX par le num\u00e9ro de d\u00e9partement)<\/li>\n<\/ul>\n<h4>Les num\u00e9ros d&rsquo;urgence :<\/h4>\n<ul>\n<li>Police\/Gendarmerie : 17<img loading=\"lazy\" decoding=\"async\" class=\" wp-image-4075 alignright\" style=\"border: 0pt none;\" src=\"http:\/\/www.lembach.fr\/mairie\/wp-content\/uploads\/2012\/05\/Num\u00e9ros-durgence.png\" alt=\"numeros-durgence\" width=\"268\" height=\"103\" srcset=\"https:\/\/www.lembach.fr\/mairie\/wp-content\/uploads\/2012\/05\/Num\u00e9ros-durgence.png 564w, https:\/\/www.lembach.fr\/mairie\/wp-content\/uploads\/2012\/05\/Num\u00e9ros-durgence-300x115.png 300w\" sizes=\"auto, (max-width: 268px) 100vw, 268px\" \/><\/li>\n<li>SAMU : 15<\/li>\n<li>Urgences europ\u00e9ennes : 112<\/li>\n<li>Pharmacie de garde : 32 37 (<a href=\"http:\/\/www.3237.fr\" target=\"_blank\" rel=\"noopener\">http:\/\/www.3237.fr<\/a>)<\/li>\n<li>Gaz GDF : 0800 47 33 33<\/li>\n<li>SAMU social : 115<\/li>\n<li>Enfance maltrait\u00e9e : 119<\/li>\n<li>Violences conjugales : 3919<\/li>\n<\/ul>\n<\/div>\n","protected":false},"excerpt":{"rendered":"<p>&nbsp; Ci-dessous quelques num\u00e9ros de t\u00e9l\u00e9phone utiles : Cabinet m\u00e9dical : 03 88 94 41 94 Centre de soins infirmiers\u00a0: 03 88 94 40 31 Pharmacie : 03 88 94 42 82 \u00c9cole Henri Mertz : 03 88 94 21 57 D\u00e9pannage \u00e9lectrique : 03 88 18 74 00 ou 09\u00a0726\u00a0750 XX* (remplacer\u00a0XX par le &hellip; <\/p>\n<p><a class=\"more-link btn\" href=\"https:\/\/www.lembach.fr\/mairie\/infos\/numeros-utiles\/\">Lire la suite<\/a><\/p>\n","protected":false},"author":1,"featured_media":0,"parent":254,"menu_order":2,"comment_status":"closed","ping_status":"open","template":"","meta":{"footnotes":""},"class_list":["post-126","page","type-page","status-publish","hentry","nodate","item-wrap"],"_links":{"self":[{"href":"https:\/\/www.lembach.fr\/mairie\/wp-json\/wp\/v2\/pages\/126","targetHints":{"allow":["GET"]}}],"collection":[{"href":"https:\/\/www.lembach.fr\/mairie\/wp-json\/wp\/v2\/pages"}],"about":[{"href":"https:\/\/www.lembach.fr\/mairie\/wp-json\/wp\/v2\/types\/page"}],"author":[{"embeddable":true,"href":"https:\/\/www.lembach.fr\/mairie\/wp-json\/wp\/v2\/users\/1"}],"replies":[{"embeddable":true,"href":"https:\/\/www.lembach.fr\/mairie\/wp-json\/wp\/v2\/comments?post=126"}],"version-history":[{"count":2,"href":"https:\/\/www.lembach.fr\/mairie\/wp-json\/wp\/v2\/pages\/126\/revisions"}],"predecessor-version":[{"id":7742,"href":"https:\/\/www.lembach.fr\/mairie\/wp-json\/wp\/v2\/pages\/126\/revisions\/7742"}],"up":[{"embeddable":true,"href":"https:\/\/www.lembach.fr\/mairie\/wp-json\/wp\/v2\/pages\/254"}],"wp:attachment":[{"href":"https:\/\/www.lembach.fr\/mairie\/wp-json\/wp\/v2\/media?parent=126"}],"curies":[{"name":"wp","href":"https:\/\/api.w.org\/{rel}","templated":true}]}}