{"id":1242,"date":"2012-06-21T17:54:54","date_gmt":"2012-06-21T15:54:54","guid":{"rendered":"http:\/\/www.lembach.fr\/mairie\/?page_id=1242"},"modified":"2012-06-21T18:20:15","modified_gmt":"2012-06-21T16:20:15","slug":"architecture","status":"publish","type":"page","link":"https:\/\/www.lembach.fr\/mairie\/decouvrir\/architecture\/","title":{"rendered":"Patrimoine"},"content":{"rendered":"<p>Le Minist\u00e8re de la culture rassemble dans son <span style=\"color: #000000;\"><strong>\u00ab\u00a0Inventaire g\u00e9n\u00e9ral du patrimoine culturel\u00a0\u00bb<\/strong> la plus grande partie des b\u00e2timents remarquables et anciens du village.<\/span><\/p>\n<p>Pour des raisons de droits d&rsquo;utilisation r\u00e9serv\u00e9s, nous ne sommes pas en mesure de publier les documents ici, mais vous pouvez les consulter librement en cliquant sur le logo ci-dessous :<\/p>\n<p style=\"text-align: center;\"><a href=\"http:\/\/www.culture.gouv.fr\/public\/mistral\/merimee_fr?ACTION=CHERCHER&amp;FIELD_98=LOCA&amp;VALUE_98=%20Lembach&amp;DOM=Tous&amp;REL_SPECIFIC=1\" target=\"_blank\"><img loading=\"lazy\" decoding=\"async\" class=\"aligncenter size-full wp-image-1243\" style=\"border: 0px none;\" src=\"http:\/\/www.lembach.fr\/mairie\/wp-content\/uploads\/2012\/06\/logo_ministere_culture.jpg\" alt=\"\" width=\"134\" height=\"150\" \/><\/a><\/p>\n<p>Cette base de donn\u00e9e constitue une v\u00e9ritable mine d&rsquo;informations et donc un \u00e9l\u00e9ment majeur pour la m\u00e9moire et l&rsquo;histoire de notre village. Elle permet, m\u00eame pour des \u00ab\u00a0Lembachois\u00a0\u00bb de souche, de d\u00e9couvrir des richesses architecturales insoup\u00e7onn\u00e9es.<\/p>\n<p>Pensez \u00e0 cliquer sur les petites fl\u00e8ches bleues <img loading=\"lazy\" decoding=\"async\" class=\"size-full wp-image-1254 alignnone\" src=\"http:\/\/www.lembach.fr\/mairie\/wp-content\/uploads\/2012\/06\/fleche.gif\" alt=\"\" width=\"10\" height=\"10\" \/>et vous d\u00e9couvrirez toutes les photos de la b\u00e2tisse que vous d\u00e9sirez visiter et en cliquant sur la note <img loading=\"lazy\" decoding=\"async\" class=\"alignnone size-full wp-image-1255\" src=\"http:\/\/www.lembach.fr\/mairie\/wp-content\/uploads\/2012\/06\/note.gif\" alt=\"\" width=\"14\" height=\"18\" \/>, vous aurez toutes les informations sur le b\u00e2timent.<\/p>\n<p>&nbsp;<\/p>\n","protected":false},"excerpt":{"rendered":"<p>Le Minist\u00e8re de la culture rassemble dans son \u00ab\u00a0Inventaire g\u00e9n\u00e9ral du patrimoine culturel\u00a0\u00bb la plus grande partie des b\u00e2timents remarquables et anciens du village. Pour des raisons de droits d&rsquo;utilisation r\u00e9serv\u00e9s, nous ne sommes pas en mesure de publier les documents ici, mais vous pouvez les consulter librement en cliquant sur le logo ci-dessous : &hellip; <\/p>\n<p><a class=\"more-link btn\" href=\"https:\/\/www.lembach.fr\/mairie\/decouvrir\/architecture\/\">Lire la suite<\/a><\/p>\n","protected":false},"author":1,"featured_media":0,"parent":237,"menu_order":0,"comment_status":"closed","ping_status":"open","template":"","meta":{"footnotes":""},"class_list":["post-1242","page","type-page","status-publish","hentry","nodate","item-wrap"],"_links":{"self":[{"href":"https:\/\/www.lembach.fr\/mairie\/wp-json\/wp\/v2\/pages\/1242","targetHints":{"allow":["GET"]}}],"collection":[{"href":"https:\/\/www.lembach.fr\/mairie\/wp-json\/wp\/v2\/pages"}],"about":[{"href":"https:\/\/www.lembach.fr\/mairie\/wp-json\/wp\/v2\/types\/page"}],"author":[{"embeddable":true,"href":"https:\/\/www.lembach.fr\/mairie\/wp-json\/wp\/v2\/users\/1"}],"replies":[{"embeddable":true,"href":"https:\/\/www.lembach.fr\/mairie\/wp-json\/wp\/v2\/comments?post=1242"}],"version-history":[{"count":0,"href":"https:\/\/www.lembach.fr\/mairie\/wp-json\/wp\/v2\/pages\/1242\/revisions"}],"up":[{"embeddable":true,"href":"https:\/\/www.lembach.fr\/mairie\/wp-json\/wp\/v2\/pages\/237"}],"wp:attachment":[{"href":"https:\/\/www.lembach.fr\/mairie\/wp-json\/wp\/v2\/media?parent=1242"}],"curies":[{"name":"wp","href":"https:\/\/api.w.org\/{rel}","templated":true}]}}