{"id":1185,"date":"2012-06-20T13:56:44","date_gmt":"2012-06-20T11:56:44","guid":{"rendered":"http:\/\/www.lembach.fr\/mairie\/?page_id=1185"},"modified":"2017-10-22T12:00:39","modified_gmt":"2017-10-22T11:00:39","slug":"les-annexes-a-travers-lhistoire","status":"publish","type":"page","link":"https:\/\/www.lembach.fr\/mairie\/decouvrir\/les-annexes-a-travers-lhistoire\/","title":{"rendered":"Histoire des annexes"},"content":{"rendered":"<blockquote><p>\u00ab\u00a0GETZEGUSCHT\u00a0\u00bb est le petit nom que j&rsquo;avais dans ma jeunesse d&rsquo;autres m&rsquo;appelaient \u00ab\u00a0V\u00f6jelg\u00fcscht\u00a0\u00bb ? Les Goetz (s&rsquo;Getze) et les VOGEL (s&rsquo;V\u00f6jels) sont des familles lembachoises de longue date.<\/p><\/blockquote>\n<p>\u00ab\u00a0LEMBACH\u00a0\u00bb niche son agglom\u00e9ration\u00a0 au milieu de son ban, mais mes grand-m\u00e8res connaissaient aussi les Lembachois habitant les hameaux de Disteldorf, Pfaffenbronn ou les lieux-dits de Katzenthal, Soultsthal, Froensbourg, Fleckenstein ou Gimbelhof , elles se souvenaient sans peine du hameau de Trautbronn ou de Roehrenthal, des annexes plus minuscules comme la ferme de Hichtenbach, la Schmeltz (fonderie) ou Welschthal. Elles ignoraient tout de la cit\u00e9 du Camping de l&rsquo;\u00e9tang du Fleckenstein. Ces cit\u00e9s du \u00ab\u00a0temps libre\u00a0\u00bb\u00a0 n\u2019existaient pas alors, elles et leurs cong\u00e9n\u00e8res occupaient leur temps libre \u00e0 tricoter \u00e0 la \u00ab\u00a0Maistub\u00a0\u00bb o\u00f9 l&rsquo;on jouait aux cartes ou \u00e0 d&rsquo;autres jeux de soci\u00e9t\u00e9, parfois on y chantait ou on faisait de la musique. Que diraient-elles, mes grand-m\u00e8res, si elles savaient que leur petit \u00ab\u00a0G\u00fcschdl\u00a0\u00bb parle d&rsquo;elles et de leur temps sur la toile.<\/p>\n<h5>Le Disteldorf<\/h5>\n<p>Le village des charbonniers : le gros de la gente masculine de ce hameau s&rsquo;adonnait \u00e0 la profession de b\u00fbcheron et ou charbonnier pour fournir en combustible la proche verrerie d&rsquo;Obermattstall.<\/p>\n<div id=\"attachment_1186\" style=\"width: 400px\" class=\"wp-caption aligncenter\"><img loading=\"lazy\" decoding=\"async\" aria-describedby=\"caption-attachment-1186\" class=\"size-full wp-image-1186\" src=\"http:\/\/www.lembach.fr\/mairie\/wp-content\/uploads\/2012\/06\/disteldorf4.jpg\" alt=\"\" width=\"400\" height=\"300\" srcset=\"https:\/\/www.lembach.fr\/mairie\/wp-content\/uploads\/2012\/06\/disteldorf4.jpg 400w, https:\/\/www.lembach.fr\/mairie\/wp-content\/uploads\/2012\/06\/disteldorf4-300x225.jpg 300w\" sizes=\"auto, (max-width: 400px) 100vw, 400px\" \/><p id=\"caption-attachment-1186\" class=\"wp-caption-text\">Disteldorf<\/p><\/div>\n<h5>La Verrerie<\/h5>\n<p>Depuis la r\u00e9volution fran\u00e7aise La Verrerie est devenue un domaine priv\u00e9 mais avant, ce devait \u00eatre un hameau important sachant que dans le seul registre de bapt\u00eames catholique j&rsquo;ai pu relever 50 bapt\u00eames dans 20 familles r\u00e9sidant \u00e0 la verrerie entre 1717 et 1745.<\/p>\n<div id=\"attachment_1191\" style=\"width: 400px\" class=\"wp-caption aligncenter\"><img loading=\"lazy\" decoding=\"async\" aria-describedby=\"caption-attachment-1191\" class=\"size-full wp-image-1191\" src=\"http:\/\/www.lembach.fr\/mairie\/wp-content\/uploads\/2012\/06\/verrerie.jpg\" alt=\"\" width=\"400\" height=\"300\" srcset=\"https:\/\/www.lembach.fr\/mairie\/wp-content\/uploads\/2012\/06\/verrerie.jpg 400w, https:\/\/www.lembach.fr\/mairie\/wp-content\/uploads\/2012\/06\/verrerie-300x225.jpg 300w\" sizes=\"auto, (max-width: 400px) 100vw, 400px\" \/><p id=\"caption-attachment-1191\" class=\"wp-caption-text\">Domaine de la verrerie<\/p><\/div>\n<h5>Trautbronn ou Sandbronn<\/h5>\n<p>Cette annexe est aussi en relation directe avec la verrerie. C&rsquo;est l\u00e0 qu&rsquo;on extrayait le sable qui devenait du verre \u00e0 la hutte d&rsquo;Obermattstall. A noter que lors de l&rsquo;\u00e9tablissement du cadastre de Lembach autour de 1830 Trautbronn comptait encore 12 maisons et que son dernier habitant, garde forestier des Bussi\u00e8res, n&rsquo;a quitt\u00e9 les lieux qu&rsquo;en 1895. Des traces des fondations de la maison foresti\u00e8re sont encore visibles<\/p>\n<p style=\"text-align: center;\"><img loading=\"lazy\" decoding=\"async\" class=\"aligncenter size-full wp-image-1190\" title=\"\" src=\"http:\/\/www.lembach.fr\/mairie\/wp-content\/uploads\/2012\/06\/trautbronn.jpg\" alt=\"\" width=\"400\" height=\"300\" srcset=\"https:\/\/www.lembach.fr\/mairie\/wp-content\/uploads\/2012\/06\/trautbronn.jpg 400w, https:\/\/www.lembach.fr\/mairie\/wp-content\/uploads\/2012\/06\/trautbronn-300x225.jpg 300w\" sizes=\"auto, (max-width: 400px) 100vw, 400px\" \/><\/p>\n<h5>Katzenthal<\/h5>\n<p>Entre Froensbourg et Katzenthal existait une \u00ab\u00a0Hutte\u00a0\u00bb (atelier de transformation de minerai) autour de laquelle devaient habiter quelques familles: ainsi sont enregistr\u00e9es au registre des bapt\u00eames entre 1730 et 1750, 10 naissances pour Katzenthal et 7 pour Froensbourg.<\/p>\n<div id=\"attachment_1188\" style=\"width: 400px\" class=\"wp-caption aligncenter\"><img loading=\"lazy\" decoding=\"async\" aria-describedby=\"caption-attachment-1188\" class=\"size-full wp-image-1188\" src=\"http:\/\/www.lembach.fr\/mairie\/wp-content\/uploads\/2012\/06\/katzenthal.jpg\" alt=\"\" width=\"400\" height=\"300\" srcset=\"https:\/\/www.lembach.fr\/mairie\/wp-content\/uploads\/2012\/06\/katzenthal.jpg 400w, https:\/\/www.lembach.fr\/mairie\/wp-content\/uploads\/2012\/06\/katzenthal-300x225.jpg 300w\" sizes=\"auto, (max-width: 400px) 100vw, 400px\" \/><p id=\"caption-attachment-1188\" class=\"wp-caption-text\">Katzenthal<\/p><\/div>\n<div id=\"attachment_1187\" style=\"width: 400px\" class=\"wp-caption aligncenter\"><img loading=\"lazy\" decoding=\"async\" aria-describedby=\"caption-attachment-1187\" class=\"size-full wp-image-1187\" title=\"\" src=\"http:\/\/www.lembach.fr\/mairie\/wp-content\/uploads\/2012\/06\/froensbourg.jpg\" alt=\"\" width=\"400\" height=\"300\" srcset=\"https:\/\/www.lembach.fr\/mairie\/wp-content\/uploads\/2012\/06\/froensbourg.jpg 400w, https:\/\/www.lembach.fr\/mairie\/wp-content\/uploads\/2012\/06\/froensbourg-300x225.jpg 300w\" sizes=\"auto, (max-width: 400px) 100vw, 400px\" \/><p id=\"caption-attachment-1187\" class=\"wp-caption-text\">Froensbourg<\/p><\/div>\n<h5>Le Pfaffenbronn<\/h5>\n<p>Pfaffenbronn signifie litt\u00e9ralement \u00ab\u00a0la fontaine des moines\u00a0\u00bb. Il y avait effectivement, \u00e0 proximit\u00e9 de cette fontaine un clo\u00eetre\u00a0 d\u00e9pendant \u00e0 l&rsquo;origine du clo\u00eetre de Neubourg. La disparition de cet organisme religieux a laiss\u00e9 sur place 7 fermes dont une exploitait un moulin.<\/p>\n<div id=\"attachment_1189\" style=\"width: 400px\" class=\"wp-caption aligncenter\"><img loading=\"lazy\" decoding=\"async\" aria-describedby=\"caption-attachment-1189\" class=\"size-full wp-image-1189\" title=\"\" src=\"http:\/\/www.lembach.fr\/mairie\/wp-content\/uploads\/2012\/06\/pfaffenbronn.jpg\" alt=\"\" width=\"400\" height=\"300\" srcset=\"https:\/\/www.lembach.fr\/mairie\/wp-content\/uploads\/2012\/06\/pfaffenbronn.jpg 400w, https:\/\/www.lembach.fr\/mairie\/wp-content\/uploads\/2012\/06\/pfaffenbronn-300x225.jpg 300w\" sizes=\"auto, (max-width: 400px) 100vw, 400px\" \/><p id=\"caption-attachment-1189\" class=\"wp-caption-text\">Pfaffenbronn<\/p><\/div>\n<h5>Soultzthal<\/h5>\n<p>C&rsquo;\u00e9tait d&rsquo;abord une ferme, plus tard une maison foresti\u00e8re des Bussi\u00e8res, propri\u00e9taires du domaine de la Verrerie, aujourd&rsquo;hui propri\u00e9t\u00e9 priv\u00e9e.. Toujours est-il que c&rsquo;est en ce lieu que les anabaptistes de Lembach et environs avaient install\u00e9 leur cimeti\u00e8re. Il en reste comme trace ce calvaire.<\/p>\n<div id=\"attachment_1192\" style=\"width: 400px\" class=\"wp-caption aligncenter\"><img loading=\"lazy\" decoding=\"async\" aria-describedby=\"caption-attachment-1192\" class=\"size-full wp-image-1192\" title=\"\" src=\"http:\/\/www.lembach.fr\/mairie\/wp-content\/uploads\/2012\/06\/calvaire.jpg\" alt=\"\" width=\"400\" height=\"300\" srcset=\"https:\/\/www.lembach.fr\/mairie\/wp-content\/uploads\/2012\/06\/calvaire.jpg 400w, https:\/\/www.lembach.fr\/mairie\/wp-content\/uploads\/2012\/06\/calvaire-300x225.jpg 300w\" sizes=\"auto, (max-width: 400px) 100vw, 400px\" \/><p id=\"caption-attachment-1192\" class=\"wp-caption-text\">Calvaire<\/p><\/div>\n<p style=\"text-align: right;\">Auteur : \u00ab\u00a0Getzeguscht\u00a0\u00bb<br \/>\n(Auguste Goetz)<\/p>\n","protected":false},"excerpt":{"rendered":"<p>\u00ab\u00a0GETZEGUSCHT\u00a0\u00bb est le petit nom que j&rsquo;avais dans ma jeunesse d&rsquo;autres m&rsquo;appelaient \u00ab\u00a0V\u00f6jelg\u00fcscht\u00a0\u00bb ? Les Goetz (s&rsquo;Getze) et les VOGEL (s&rsquo;V\u00f6jels) sont des familles lembachoises de longue date. \u00ab\u00a0LEMBACH\u00a0\u00bb niche son agglom\u00e9ration\u00a0 au milieu de son ban, mais mes grand-m\u00e8res connaissaient aussi les Lembachois habitant les hameaux de Disteldorf, Pfaffenbronn ou les lieux-dits de Katzenthal, &hellip; <\/p>\n<p><a class=\"more-link btn\" href=\"https:\/\/www.lembach.fr\/mairie\/decouvrir\/les-annexes-a-travers-lhistoire\/\">Lire la suite<\/a><\/p>\n","protected":false},"author":1,"featured_media":0,"parent":237,"menu_order":5,"comment_status":"closed","ping_status":"open","template":"","meta":{"footnotes":""},"class_list":["post-1185","page","type-page","status-publish","hentry","nodate","item-wrap"],"_links":{"self":[{"href":"https:\/\/www.lembach.fr\/mairie\/wp-json\/wp\/v2\/pages\/1185","targetHints":{"allow":["GET"]}}],"collection":[{"href":"https:\/\/www.lembach.fr\/mairie\/wp-json\/wp\/v2\/pages"}],"about":[{"href":"https:\/\/www.lembach.fr\/mairie\/wp-json\/wp\/v2\/types\/page"}],"author":[{"embeddable":true,"href":"https:\/\/www.lembach.fr\/mairie\/wp-json\/wp\/v2\/users\/1"}],"replies":[{"embeddable":true,"href":"https:\/\/www.lembach.fr\/mairie\/wp-json\/wp\/v2\/comments?post=1185"}],"version-history":[{"count":0,"href":"https:\/\/www.lembach.fr\/mairie\/wp-json\/wp\/v2\/pages\/1185\/revisions"}],"up":[{"embeddable":true,"href":"https:\/\/www.lembach.fr\/mairie\/wp-json\/wp\/v2\/pages\/237"}],"wp:attachment":[{"href":"https:\/\/www.lembach.fr\/mairie\/wp-json\/wp\/v2\/media?parent=1185"}],"curies":[{"name":"wp","href":"https:\/\/api.w.org\/{rel}","templated":true}]}}