{"id":4363,"date":"2017-01-25T13:30:50","date_gmt":"2017-01-25T12:30:50","guid":{"rendered":"http:\/\/www.lembach.fr\/mairie\/wp-content\/uploads\/2016\/10\/Rougegorge.jpg"},"modified":"2017-01-25T13:35:28","modified_gmt":"2017-01-25T12:35:28","slug":"erithacus-rubecula-2013-01-26-le-rougegorge","status":"inherit","type":"attachment","link":"https:\/\/www.lembach.fr\/mairie\/decouvrir\/nature\/erithacus-rubecula-2013-01-26-le-rougegorge\/","title":{"rendered":"Erithacus rubecula 2013 01 26 le Rougegorge"},"author":1,"featured_media":0,"comment_status":"closed","ping_status":"closed","template":"","meta":[],"class_list":["post-4363","attachment","type-attachment","status-inherit","hentry","nodate","item-wrap"],"description":{"rendered":"<p class=\"attachment\"><a href='https:\/\/www.lembach.fr\/mairie\/wp-content\/uploads\/2016\/10\/Rougegorge.jpg'><img loading=\"lazy\" decoding=\"async\" width=\"300\" height=\"199\" src=\"https:\/\/www.lembach.fr\/mairie\/wp-content\/uploads\/2016\/10\/Rougegorge-300x199.jpg\" class=\"attachment-medium size-medium\" alt=\"\" srcset=\"https:\/\/www.lembach.fr\/mairie\/wp-content\/uploads\/2016\/10\/Rougegorge-300x199.jpg 300w, https:\/\/www.lembach.fr\/mairie\/wp-content\/uploads\/2016\/10\/Rougegorge-768x510.jpg 768w, https:\/\/www.lembach.fr\/mairie\/wp-content\/uploads\/2016\/10\/Rougegorge-1024x680.jpg 1024w, https:\/\/www.lembach.fr\/mairie\/wp-content\/uploads\/2016\/10\/Rougegorge.jpg 1287w\" sizes=\"auto, (max-width: 300px) 100vw, 300px\" \/><\/a><\/p>\n"},"caption":{"rendered":"<p>Rouge-gorge<\/p>\n"},"alt_text":"","media_type":"image","mime_type":"image\/jpeg","media_details":{"width":1287,"height":855,"file":"2016\/10\/Rougegorge.jpg","sizes":{"thumbnail":{"file":"Rougegorge-150x150.jpg","width":150,"height":150,"mime_type":"image\/jpeg","source_url":"https:\/\/www.lembach.fr\/mairie\/wp-content\/uploads\/2016\/10\/Rougegorge-150x150.jpg"},"medium":{"file":"Rougegorge-300x199.jpg","width":300,"height":199,"mime_type":"image\/jpeg","source_url":"https:\/\/www.lembach.fr\/mairie\/wp-content\/uploads\/2016\/10\/Rougegorge-300x199.jpg"},"medium_large":{"file":"Rougegorge-768x510.jpg","width":768,"height":510,"mime_type":"image\/jpeg","source_url":"https:\/\/www.lembach.fr\/mairie\/wp-content\/uploads\/2016\/10\/Rougegorge-768x510.jpg"},"large":{"file":"Rougegorge-1024x680.jpg","width":1024,"height":680,"mime_type":"image\/jpeg","source_url":"https:\/\/www.lembach.fr\/mairie\/wp-content\/uploads\/2016\/10\/Rougegorge-1024x680.jpg"},"graphene-homepage-pane":{"file":"Rougegorge-364x182.jpg","width":364,"height":182,"mime_type":"image\/jpeg","source_url":"https:\/\/www.lembach.fr\/mairie\/wp-content\/uploads\/2016\/10\/Rougegorge-364x182.jpg"},"post-thumbnail":{"file":"Rougegorge-1024x198.jpg","width":1024,"height":198,"mime_type":"image\/jpeg","source_url":"https:\/\/www.lembach.fr\/mairie\/wp-content\/uploads\/2016\/10\/Rougegorge-1024x198.jpg"},"full":{"file":"Rougegorge.jpg","width":1287,"height":855,"mime_type":"image\/jpeg","source_url":"https:\/\/www.lembach.fr\/mairie\/wp-content\/uploads\/2016\/10\/Rougegorge.jpg"}},"image_meta":{"aperture":"4.5","credit":"Michel RAUCH\/BIOSPHOTO","camera":"NIKON D300S","caption":"Erithacus rubecula 2013 01 26 le Rougegorge NB\rParc naturel r\u00e9gional des VOSGES DU NORD \rclass\u00e9 R\u00e9serve mondiale de Biosph\u00e8re par l'UNESCO","created_timestamp":"1358858768","copyright":"","focal_length":"300","iso":"400","shutter_speed":"0.0025","title":"Erithacus rubecula 2013 01 26 le Rougegorge","orientation":"1","keywords":[]}},"post":275,"source_url":"https:\/\/www.lembach.fr\/mairie\/wp-content\/uploads\/2016\/10\/Rougegorge.jpg","_links":{"self":[{"href":"https:\/\/www.lembach.fr\/mairie\/wp-json\/wp\/v2\/media\/4363","targetHints":{"allow":["GET"]}}],"collection":[{"href":"https:\/\/www.lembach.fr\/mairie\/wp-json\/wp\/v2\/media"}],"about":[{"href":"https:\/\/www.lembach.fr\/mairie\/wp-json\/wp\/v2\/types\/attachment"}],"author":[{"embeddable":true,"href":"https:\/\/www.lembach.fr\/mairie\/wp-json\/wp\/v2\/users\/1"}],"replies":[{"embeddable":true,"href":"https:\/\/www.lembach.fr\/mairie\/wp-json\/wp\/v2\/comments?post=4363"}],"wp:attached-to":[{"embeddable":true,"post_type":"page","id":275,"href":"https:\/\/www.lembach.fr\/mairie\/wp-json\/wp\/v2\/pages\/275"}],"curies":[{"name":"wp","href":"https:\/\/api.w.org\/{rel}","templated":true}]}}

Erithacus rubecula 2013 01 26 le Rougegorge NBParc naturel régional des VOSGES DU NORD classé Réserve mondiale de Biosphère par l'UNESCO
