{"id":4359,"date":"2017-01-25T13:30:39","date_gmt":"2017-01-25T12:30:39","guid":{"rendered":"http:\/\/www.lembach.fr\/mairie\/wp-content\/uploads\/2016\/10\/Pic-\u00e9peiche-avec-une-noix.jpg"},"modified":"2017-01-25T13:34:16","modified_gmt":"2017-01-25T12:34:16","slug":"dendrocopos-major-2016-01-16-pic-epeiche-avec-une-noix","status":"inherit","type":"attachment","link":"https:\/\/www.lembach.fr\/mairie\/decouvrir\/nature\/dendrocopos-major-2016-01-16-pic-epeiche-avec-une-noix\/","title":{"rendered":"Dendrocopos major 2016 01 16 pic \u00e9peiche avec une noix"},"author":1,"featured_media":0,"comment_status":"closed","ping_status":"closed","template":"","meta":[],"class_list":["post-4359","attachment","type-attachment","status-inherit","hentry","nodate","item-wrap"],"description":{"rendered":"<p class=\"attachment\"><a href='https:\/\/www.lembach.fr\/mairie\/wp-content\/uploads\/2016\/10\/Pic-\u00e9peiche-avec-une-noix.jpg'><img loading=\"lazy\" decoding=\"async\" width=\"300\" height=\"272\" src=\"https:\/\/www.lembach.fr\/mairie\/wp-content\/uploads\/2016\/10\/Pic-\u00e9peiche-avec-une-noix-300x272.jpg\" class=\"attachment-medium size-medium\" alt=\"\" srcset=\"https:\/\/www.lembach.fr\/mairie\/wp-content\/uploads\/2016\/10\/Pic-\u00e9peiche-avec-une-noix-300x272.jpg 300w, https:\/\/www.lembach.fr\/mairie\/wp-content\/uploads\/2016\/10\/Pic-\u00e9peiche-avec-une-noix.jpg 750w\" sizes=\"auto, (max-width: 300px) 100vw, 300px\" \/><\/a><\/p>\n"},"caption":{"rendered":"<p>Pic \u00e9peiche avec une noix<\/p>\n"},"alt_text":"","media_type":"image","mime_type":"image\/jpeg","media_details":{"width":750,"height":679,"file":"2016\/10\/Pic-\u00e9peiche-avec-une-noix.jpg","sizes":{"thumbnail":{"file":"Pic-\u00e9peiche-avec-une-noix-150x150.jpg","width":150,"height":150,"mime_type":"image\/jpeg","source_url":"https:\/\/www.lembach.fr\/mairie\/wp-content\/uploads\/2016\/10\/Pic-\u00e9peiche-avec-une-noix-150x150.jpg"},"medium":{"file":"Pic-\u00e9peiche-avec-une-noix-300x272.jpg","width":300,"height":272,"mime_type":"image\/jpeg","source_url":"https:\/\/www.lembach.fr\/mairie\/wp-content\/uploads\/2016\/10\/Pic-\u00e9peiche-avec-une-noix-300x272.jpg"},"graphene-homepage-pane":{"file":"Pic-\u00e9peiche-avec-une-noix-364x182.jpg","width":364,"height":182,"mime_type":"image\/jpeg","source_url":"https:\/\/www.lembach.fr\/mairie\/wp-content\/uploads\/2016\/10\/Pic-\u00e9peiche-avec-une-noix-364x182.jpg"},"post-thumbnail":{"file":"Pic-\u00e9peiche-avec-une-noix-750x198.jpg","width":750,"height":198,"mime_type":"image\/jpeg","source_url":"https:\/\/www.lembach.fr\/mairie\/wp-content\/uploads\/2016\/10\/Pic-\u00e9peiche-avec-une-noix-750x198.jpg"},"full":{"file":"Pic-\u00e9peiche-avec-une-noix.jpg","width":750,"height":679,"mime_type":"image\/jpeg","source_url":"https:\/\/www.lembach.fr\/mairie\/wp-content\/uploads\/2016\/10\/Pic-\u00e9peiche-avec-une-noix.jpg"}},"image_meta":{"aperture":"4","credit":"Michel RAUCH\/BIOSPHOTO","camera":"NIKON D800","caption":"Dendrocopos major 2016 01 16 pic \u00e9peiche avec une noix\rParc naturel r\u00e9gional des VOSGES DU NORD \rclass\u00e9 R\u00e9serve mondiale de Biosph\u00e8re par l'UNESCO","created_timestamp":"1454076542","copyright":"","focal_length":"300","iso":"400","shutter_speed":"0.0004","title":"Dendrocopos major 2016 01 16 pic \u00e9peiche avec une noix","orientation":"0","keywords":[]}},"post":275,"source_url":"https:\/\/www.lembach.fr\/mairie\/wp-content\/uploads\/2016\/10\/Pic-\u00e9peiche-avec-une-noix.jpg","_links":{"self":[{"href":"https:\/\/www.lembach.fr\/mairie\/wp-json\/wp\/v2\/media\/4359","targetHints":{"allow":["GET"]}}],"collection":[{"href":"https:\/\/www.lembach.fr\/mairie\/wp-json\/wp\/v2\/media"}],"about":[{"href":"https:\/\/www.lembach.fr\/mairie\/wp-json\/wp\/v2\/types\/attachment"}],"author":[{"embeddable":true,"href":"https:\/\/www.lembach.fr\/mairie\/wp-json\/wp\/v2\/users\/1"}],"replies":[{"embeddable":true,"href":"https:\/\/www.lembach.fr\/mairie\/wp-json\/wp\/v2\/comments?post=4359"}],"wp:attached-to":[{"embeddable":true,"post_type":"page","id":275,"href":"https:\/\/www.lembach.fr\/mairie\/wp-json\/wp\/v2\/pages\/275"}],"curies":[{"name":"wp","href":"https:\/\/api.w.org\/{rel}","templated":true}]}}

http://www.lembach.fr/mairie/wp-content/uploads/2016/10/Pic-épeiche-avec-une-noix.jpg

Dendrocopos major 2016 01 16 pic épeiche avec une noix

<p class="attachment"><a href='https://www.lembach.fr/mairie/wp-content/uploads/2016/10/Pic-épeiche-avec-une-noix.jpg'><img loading="lazy" decoding="async" width="300" height="272" src="https://www.lembach.fr/mairie/wp-content/uploads/2016/10/Pic-épeiche-avec-une-noix-300x272.jpg" class="attachment-medium size-medium" alt="" srcset="https://www.lembach.fr/mairie/wp-content/uploads/2016/10/Pic-épeiche-avec-une-noix-300x272.jpg 300w, https://www.lembach.fr/mairie/wp-content/uploads/2016/10/Pic-épeiche-avec-une-noix.jpg 750w" sizes="auto, (max-width: 300px) 100vw, 300px" /></a></p>

<p>Pic épeiche avec une noix</p>

2016/10/Pic-épeiche-avec-une-noix.jpg

Pic-épeiche-avec-une-noix-150x150.jpg

https://www.lembach.fr/mairie/wp-content/uploads/2016/10/Pic-épeiche-avec-une-noix-150x150.jpg

Pic-épeiche-avec-une-noix-300x272.jpg

https://www.lembach.fr/mairie/wp-content/uploads/2016/10/Pic-épeiche-avec-une-noix-300x272.jpg

Pic-épeiche-avec-une-noix-364x182.jpg

https://www.lembach.fr/mairie/wp-content/uploads/2016/10/Pic-épeiche-avec-une-noix-364x182.jpg

Pic-épeiche-avec-une-noix-750x198.jpg

https://www.lembach.fr/mairie/wp-content/uploads/2016/10/Pic-épeiche-avec-une-noix-750x198.jpg

Pic-épeiche-avec-une-noix.jpg

https://www.lembach.fr/mairie/wp-content/uploads/2016/10/Pic-épeiche-avec-une-noix.jpg

Dendrocopos major 2016 01 16 pic épeiche avec une noixParc naturel régional des VOSGES DU NORD classé Réserve mondiale de Biosphère par l'UNESCO
