{"id":4358,"date":"2017-01-25T13:30:35","date_gmt":"2017-01-25T12:30:35","guid":{"rendered":"http:\/\/www.lembach.fr\/mairie\/wp-content\/uploads\/2016\/10\/M\u00e9sange-hupp\u00e9e.jpg"},"modified":"2017-01-25T13:33:59","modified_gmt":"2017-01-25T12:33:59","slug":"parus-cristatus-2013-01-27-la-mesange-huppee","status":"inherit","type":"attachment","link":"https:\/\/www.lembach.fr\/mairie\/decouvrir\/nature\/parus-cristatus-2013-01-27-la-mesange-huppee\/","title":{"rendered":"Parus cristatus 2013 01 27 la m\u00e9sange hupp\u00e9e"},"author":1,"featured_media":0,"comment_status":"closed","ping_status":"closed","template":"","meta":[],"class_list":["post-4358","attachment","type-attachment","status-inherit","hentry","nodate","item-wrap"],"description":{"rendered":"<p class=\"attachment\"><a href='https:\/\/www.lembach.fr\/mairie\/wp-content\/uploads\/2016\/10\/M\u00e9sange-hupp\u00e9e.jpg'><img loading=\"lazy\" decoding=\"async\" width=\"300\" height=\"213\" src=\"https:\/\/www.lembach.fr\/mairie\/wp-content\/uploads\/2016\/10\/M\u00e9sange-hupp\u00e9e-300x213.jpg\" class=\"attachment-medium size-medium\" alt=\"\" srcset=\"https:\/\/www.lembach.fr\/mairie\/wp-content\/uploads\/2016\/10\/M\u00e9sange-hupp\u00e9e-300x213.jpg 300w, https:\/\/www.lembach.fr\/mairie\/wp-content\/uploads\/2016\/10\/M\u00e9sange-hupp\u00e9e-768x545.jpg 768w, https:\/\/www.lembach.fr\/mairie\/wp-content\/uploads\/2016\/10\/M\u00e9sange-hupp\u00e9e-1024x727.jpg 1024w, https:\/\/www.lembach.fr\/mairie\/wp-content\/uploads\/2016\/10\/M\u00e9sange-hupp\u00e9e.jpg 1030w\" sizes=\"auto, (max-width: 300px) 100vw, 300px\" \/><\/a><\/p>\n"},"caption":{"rendered":"<p>M\u00e9sange hupp\u00e9e<\/p>\n"},"alt_text":"","media_type":"image","mime_type":"image\/jpeg","media_details":{"width":1030,"height":731,"file":"2016\/10\/M\u00e9sange-hupp\u00e9e.jpg","sizes":{"thumbnail":{"file":"M\u00e9sange-hupp\u00e9e-150x150.jpg","width":150,"height":150,"mime_type":"image\/jpeg","source_url":"https:\/\/www.lembach.fr\/mairie\/wp-content\/uploads\/2016\/10\/M\u00e9sange-hupp\u00e9e-150x150.jpg"},"medium":{"file":"M\u00e9sange-hupp\u00e9e-300x213.jpg","width":300,"height":213,"mime_type":"image\/jpeg","source_url":"https:\/\/www.lembach.fr\/mairie\/wp-content\/uploads\/2016\/10\/M\u00e9sange-hupp\u00e9e-300x213.jpg"},"medium_large":{"file":"M\u00e9sange-hupp\u00e9e-768x545.jpg","width":768,"height":545,"mime_type":"image\/jpeg","source_url":"https:\/\/www.lembach.fr\/mairie\/wp-content\/uploads\/2016\/10\/M\u00e9sange-hupp\u00e9e-768x545.jpg"},"large":{"file":"M\u00e9sange-hupp\u00e9e-1024x727.jpg","width":1024,"height":727,"mime_type":"image\/jpeg","source_url":"https:\/\/www.lembach.fr\/mairie\/wp-content\/uploads\/2016\/10\/M\u00e9sange-hupp\u00e9e-1024x727.jpg"},"graphene-homepage-pane":{"file":"M\u00e9sange-hupp\u00e9e-364x182.jpg","width":364,"height":182,"mime_type":"image\/jpeg","source_url":"https:\/\/www.lembach.fr\/mairie\/wp-content\/uploads\/2016\/10\/M\u00e9sange-hupp\u00e9e-364x182.jpg"},"post-thumbnail":{"file":"M\u00e9sange-hupp\u00e9e-1024x198.jpg","width":1024,"height":198,"mime_type":"image\/jpeg","source_url":"https:\/\/www.lembach.fr\/mairie\/wp-content\/uploads\/2016\/10\/M\u00e9sange-hupp\u00e9e-1024x198.jpg"},"full":{"file":"M\u00e9sange-hupp\u00e9e.jpg","width":1030,"height":731,"mime_type":"image\/jpeg","source_url":"https:\/\/www.lembach.fr\/mairie\/wp-content\/uploads\/2016\/10\/M\u00e9sange-hupp\u00e9e.jpg"}},"image_meta":{"aperture":"4","credit":"Michel RAUCH\/BIOSPHOTO","camera":"NIKON D300S","caption":"Parus cristatus 2013 01 27 la m\u00e9sange hupp\u00e9e NB \rParc naturel r\u00e9gional des VOSGES DU NORD \rclass\u00e9 R\u00e9serve mondiale de Biosph\u00e8re par l'UNESCO","created_timestamp":"1359291843","copyright":"","focal_length":"300","iso":"320","shutter_speed":"0.001","title":"Parus cristatus 2013 01 27 la m\u00e9sange hupp\u00e9e","orientation":"1","keywords":["m\u00e9sanges"]}},"post":275,"source_url":"https:\/\/www.lembach.fr\/mairie\/wp-content\/uploads\/2016\/10\/M\u00e9sange-hupp\u00e9e.jpg","_links":{"self":[{"href":"https:\/\/www.lembach.fr\/mairie\/wp-json\/wp\/v2\/media\/4358","targetHints":{"allow":["GET"]}}],"collection":[{"href":"https:\/\/www.lembach.fr\/mairie\/wp-json\/wp\/v2\/media"}],"about":[{"href":"https:\/\/www.lembach.fr\/mairie\/wp-json\/wp\/v2\/types\/attachment"}],"author":[{"embeddable":true,"href":"https:\/\/www.lembach.fr\/mairie\/wp-json\/wp\/v2\/users\/1"}],"replies":[{"embeddable":true,"href":"https:\/\/www.lembach.fr\/mairie\/wp-json\/wp\/v2\/comments?post=4358"}],"wp:attached-to":[{"embeddable":true,"post_type":"page","id":275,"href":"https:\/\/www.lembach.fr\/mairie\/wp-json\/wp\/v2\/pages\/275"}],"curies":[{"name":"wp","href":"https:\/\/api.w.org\/{rel}","templated":true}]}}

http://www.lembach.fr/mairie/wp-content/uploads/2016/10/Mésange-huppée.jpg

Parus cristatus 2013 01 27 la mésange huppée

<p class="attachment"><a href='https://www.lembach.fr/mairie/wp-content/uploads/2016/10/Mésange-huppée.jpg'><img loading="lazy" decoding="async" width="300" height="213" src="https://www.lembach.fr/mairie/wp-content/uploads/2016/10/Mésange-huppée-300x213.jpg" class="attachment-medium size-medium" alt="" srcset="https://www.lembach.fr/mairie/wp-content/uploads/2016/10/Mésange-huppée-300x213.jpg 300w, https://www.lembach.fr/mairie/wp-content/uploads/2016/10/Mésange-huppée-768x545.jpg 768w, https://www.lembach.fr/mairie/wp-content/uploads/2016/10/Mésange-huppée-1024x727.jpg 1024w, https://www.lembach.fr/mairie/wp-content/uploads/2016/10/Mésange-huppée.jpg 1030w" sizes="auto, (max-width: 300px) 100vw, 300px" /></a></p>

<p>Mésange huppée</p>

2016/10/Mésange-huppée.jpg

Mésange-huppée-150x150.jpg

https://www.lembach.fr/mairie/wp-content/uploads/2016/10/Mésange-huppée-150x150.jpg

Mésange-huppée-300x213.jpg

https://www.lembach.fr/mairie/wp-content/uploads/2016/10/Mésange-huppée-300x213.jpg

Mésange-huppée-768x545.jpg

https://www.lembach.fr/mairie/wp-content/uploads/2016/10/Mésange-huppée-768x545.jpg

Mésange-huppée-1024x727.jpg

https://www.lembach.fr/mairie/wp-content/uploads/2016/10/Mésange-huppée-1024x727.jpg

Mésange-huppée-364x182.jpg

https://www.lembach.fr/mairie/wp-content/uploads/2016/10/Mésange-huppée-364x182.jpg

Mésange-huppée-1024x198.jpg

https://www.lembach.fr/mairie/wp-content/uploads/2016/10/Mésange-huppée-1024x198.jpg

Mésange-huppée.jpg

https://www.lembach.fr/mairie/wp-content/uploads/2016/10/Mésange-huppée.jpg

Parus cristatus 2013 01 27 la mésange huppée NB Parc naturel régional des VOSGES DU NORD classé Réserve mondiale de Biosphère par l'UNESCO

mésanges
