{"id":4355,"date":"2017-01-25T13:30:27","date_gmt":"2017-01-25T12:30:27","guid":{"rendered":"http:\/\/www.lembach.fr\/mairie\/wp-content\/uploads\/2016\/10\/Gros-bec.jpg"},"modified":"2017-01-25T13:33:25","modified_gmt":"2017-01-25T12:33:25","slug":"coccothrautes-coccothraustes-2013-01-23-le-grosbec-casse-noyaux","status":"inherit","type":"attachment","link":"https:\/\/www.lembach.fr\/mairie\/decouvrir\/nature\/coccothrautes-coccothraustes-2013-01-23-le-grosbec-casse-noyaux\/","title":{"rendered":"Coccothrautes coccothraustes 2013 01 23 le Grosbec casse-noyaux"},"author":1,"featured_media":0,"comment_status":"closed","ping_status":"closed","template":"","meta":[],"class_list":["post-4355","attachment","type-attachment","status-inherit","hentry","nodate","item-wrap"],"description":{"rendered":"<p class=\"attachment\"><a href='https:\/\/www.lembach.fr\/mairie\/wp-content\/uploads\/2016\/10\/Gros-bec.jpg'><img loading=\"lazy\" decoding=\"async\" width=\"300\" height=\"222\" src=\"https:\/\/www.lembach.fr\/mairie\/wp-content\/uploads\/2016\/10\/Gros-bec-300x222.jpg\" class=\"attachment-medium size-medium\" alt=\"\" srcset=\"https:\/\/www.lembach.fr\/mairie\/wp-content\/uploads\/2016\/10\/Gros-bec-300x222.jpg 300w, https:\/\/www.lembach.fr\/mairie\/wp-content\/uploads\/2016\/10\/Gros-bec-768x568.jpg 768w, https:\/\/www.lembach.fr\/mairie\/wp-content\/uploads\/2016\/10\/Gros-bec-1024x758.jpg 1024w, https:\/\/www.lembach.fr\/mairie\/wp-content\/uploads\/2016\/10\/Gros-bec.jpg 1161w\" sizes=\"auto, (max-width: 300px) 100vw, 300px\" \/><\/a><\/p>\n"},"caption":{"rendered":"<p>Gros bec<\/p>\n"},"alt_text":"","media_type":"image","mime_type":"image\/jpeg","media_details":{"width":1161,"height":859,"file":"2016\/10\/Gros-bec.jpg","sizes":{"thumbnail":{"file":"Gros-bec-150x150.jpg","width":150,"height":150,"mime_type":"image\/jpeg","source_url":"https:\/\/www.lembach.fr\/mairie\/wp-content\/uploads\/2016\/10\/Gros-bec-150x150.jpg"},"medium":{"file":"Gros-bec-300x222.jpg","width":300,"height":222,"mime_type":"image\/jpeg","source_url":"https:\/\/www.lembach.fr\/mairie\/wp-content\/uploads\/2016\/10\/Gros-bec-300x222.jpg"},"medium_large":{"file":"Gros-bec-768x568.jpg","width":768,"height":568,"mime_type":"image\/jpeg","source_url":"https:\/\/www.lembach.fr\/mairie\/wp-content\/uploads\/2016\/10\/Gros-bec-768x568.jpg"},"large":{"file":"Gros-bec-1024x758.jpg","width":1024,"height":758,"mime_type":"image\/jpeg","source_url":"https:\/\/www.lembach.fr\/mairie\/wp-content\/uploads\/2016\/10\/Gros-bec-1024x758.jpg"},"graphene-homepage-pane":{"file":"Gros-bec-364x182.jpg","width":364,"height":182,"mime_type":"image\/jpeg","source_url":"https:\/\/www.lembach.fr\/mairie\/wp-content\/uploads\/2016\/10\/Gros-bec-364x182.jpg"},"post-thumbnail":{"file":"Gros-bec-1024x198.jpg","width":1024,"height":198,"mime_type":"image\/jpeg","source_url":"https:\/\/www.lembach.fr\/mairie\/wp-content\/uploads\/2016\/10\/Gros-bec-1024x198.jpg"},"full":{"file":"Gros-bec.jpg","width":1161,"height":859,"mime_type":"image\/jpeg","source_url":"https:\/\/www.lembach.fr\/mairie\/wp-content\/uploads\/2016\/10\/Gros-bec.jpg"}},"image_meta":{"aperture":"4.5","credit":"Michel RAUCH\/BIOSPHOTO","camera":"NIKON D300S","caption":"Coccothrautes coccothraustes 2013 01 23 le Grosbec casse-noyaux\rParc naturel r\u00e9gional des VOSGES DU NORD \rclass\u00e9 R\u00e9serve mondiale de Biosph\u00e8re par l'UNESCO","created_timestamp":"1358945463","copyright":"","focal_length":"300","iso":"400","shutter_speed":"0.004","title":"Coccothrautes coccothraustes 2013 01 23 le Grosbec casse-noyaux","orientation":"1","keywords":[]}},"post":275,"source_url":"https:\/\/www.lembach.fr\/mairie\/wp-content\/uploads\/2016\/10\/Gros-bec.jpg","_links":{"self":[{"href":"https:\/\/www.lembach.fr\/mairie\/wp-json\/wp\/v2\/media\/4355","targetHints":{"allow":["GET"]}}],"collection":[{"href":"https:\/\/www.lembach.fr\/mairie\/wp-json\/wp\/v2\/media"}],"about":[{"href":"https:\/\/www.lembach.fr\/mairie\/wp-json\/wp\/v2\/types\/attachment"}],"author":[{"embeddable":true,"href":"https:\/\/www.lembach.fr\/mairie\/wp-json\/wp\/v2\/users\/1"}],"replies":[{"embeddable":true,"href":"https:\/\/www.lembach.fr\/mairie\/wp-json\/wp\/v2\/comments?post=4355"}],"wp:attached-to":[{"embeddable":true,"post_type":"page","id":275,"href":"https:\/\/www.lembach.fr\/mairie\/wp-json\/wp\/v2\/pages\/275"}],"curies":[{"name":"wp","href":"https:\/\/api.w.org\/{rel}","templated":true}]}}

Coccothrautes coccothraustes 2013 01 23 le Grosbec casse-noyauxParc naturel régional des VOSGES DU NORD classé Réserve mondiale de Biosphère par l'UNESCO
