{"id":4314,"date":"2016-12-22T10:34:49","date_gmt":"2016-12-22T09:34:49","guid":{"rendered":"http:\/\/www.lembach.fr\/mairie\/wp-content\/uploads\/2016\/12\/f_spil_automne_2016_08.jpg"},"modified":"2016-12-22T10:37:56","modified_gmt":"2016-12-22T09:37:56","slug":"cydalima-perspectalis-2016-08-17-la-pyrale-du-buis","status":"inherit","type":"attachment","link":"https:\/\/www.lembach.fr\/mairie\/decouvrir\/nature\/cydalima-perspectalis-2016-08-17-la-pyrale-du-buis\/","title":{"rendered":"Cydalima perspectalis 2016 08 17 la Pyrale du buis"},"author":1,"featured_media":0,"comment_status":"closed","ping_status":"closed","template":"","meta":[],"class_list":["post-4314","attachment","type-attachment","status-inherit","hentry","nodate","item-wrap"],"description":{"rendered":"<p class=\"attachment\"><a href='https:\/\/www.lembach.fr\/mairie\/wp-content\/uploads\/2016\/12\/f_spil_automne_2016_08.jpg'><img loading=\"lazy\" decoding=\"async\" width=\"300\" height=\"200\" src=\"https:\/\/www.lembach.fr\/mairie\/wp-content\/uploads\/2016\/12\/f_spil_automne_2016_08-300x200.jpg\" class=\"attachment-medium size-medium\" alt=\"\" srcset=\"https:\/\/www.lembach.fr\/mairie\/wp-content\/uploads\/2016\/12\/f_spil_automne_2016_08-300x200.jpg 300w, https:\/\/www.lembach.fr\/mairie\/wp-content\/uploads\/2016\/12\/f_spil_automne_2016_08-768x512.jpg 768w, https:\/\/www.lembach.fr\/mairie\/wp-content\/uploads\/2016\/12\/f_spil_automne_2016_08.jpg 1000w\" sizes=\"auto, (max-width: 300px) 100vw, 300px\" \/><\/a><\/p>\n"},"caption":{"rendered":"<p>La Pyrale du buis<\/p>\n"},"alt_text":"","media_type":"image","mime_type":"image\/jpeg","media_details":{"width":1000,"height":667,"file":"2016\/12\/f_spil_automne_2016_08.jpg","sizes":{"thumbnail":{"file":"f_spil_automne_2016_08-150x150.jpg","width":150,"height":150,"mime_type":"image\/jpeg","source_url":"https:\/\/www.lembach.fr\/mairie\/wp-content\/uploads\/2016\/12\/f_spil_automne_2016_08-150x150.jpg"},"medium":{"file":"f_spil_automne_2016_08-300x200.jpg","width":300,"height":200,"mime_type":"image\/jpeg","source_url":"https:\/\/www.lembach.fr\/mairie\/wp-content\/uploads\/2016\/12\/f_spil_automne_2016_08-300x200.jpg"},"medium_large":{"file":"f_spil_automne_2016_08-768x512.jpg","width":768,"height":512,"mime_type":"image\/jpeg","source_url":"https:\/\/www.lembach.fr\/mairie\/wp-content\/uploads\/2016\/12\/f_spil_automne_2016_08-768x512.jpg"},"graphene-homepage-pane":{"file":"f_spil_automne_2016_08-364x182.jpg","width":364,"height":182,"mime_type":"image\/jpeg","source_url":"https:\/\/www.lembach.fr\/mairie\/wp-content\/uploads\/2016\/12\/f_spil_automne_2016_08-364x182.jpg"},"post-thumbnail":{"file":"f_spil_automne_2016_08-1000x198.jpg","width":1000,"height":198,"mime_type":"image\/jpeg","source_url":"https:\/\/www.lembach.fr\/mairie\/wp-content\/uploads\/2016\/12\/f_spil_automne_2016_08-1000x198.jpg"},"full":{"file":"f_spil_automne_2016_08.jpg","width":1000,"height":667,"mime_type":"image\/jpeg","source_url":"https:\/\/www.lembach.fr\/mairie\/wp-content\/uploads\/2016\/12\/f_spil_automne_2016_08.jpg"}},"image_meta":{"aperture":"1","credit":"Michel RAUCH\/BIOSPHOTO","camera":"6 (Windows)","caption":"Cydalima perspectalis 2016 08 17 la Pyrale du buis\rParc naturel r\u00e9gional des VOSGES DU NORD \rclass\u00e9 R\u00e9serve mondiale de Biosph\u00e8re par l'UNESCO","created_timestamp":"1471435716","copyright":"","focal_length":"-1.4999558099684","iso":"125","shutter_speed":"1","title":"Cydalima perspectalis 2016 08 17 la Pyrale du buis","orientation":"1","keywords":["papillons"]}},"post":275,"source_url":"https:\/\/www.lembach.fr\/mairie\/wp-content\/uploads\/2016\/12\/f_spil_automne_2016_08.jpg","_links":{"self":[{"href":"https:\/\/www.lembach.fr\/mairie\/wp-json\/wp\/v2\/media\/4314","targetHints":{"allow":["GET"]}}],"collection":[{"href":"https:\/\/www.lembach.fr\/mairie\/wp-json\/wp\/v2\/media"}],"about":[{"href":"https:\/\/www.lembach.fr\/mairie\/wp-json\/wp\/v2\/types\/attachment"}],"author":[{"embeddable":true,"href":"https:\/\/www.lembach.fr\/mairie\/wp-json\/wp\/v2\/users\/1"}],"replies":[{"embeddable":true,"href":"https:\/\/www.lembach.fr\/mairie\/wp-json\/wp\/v2\/comments?post=4314"}],"wp:attached-to":[{"embeddable":true,"post_type":"page","id":275,"href":"https:\/\/www.lembach.fr\/mairie\/wp-json\/wp\/v2\/pages\/275"}],"curies":[{"name":"wp","href":"https:\/\/api.w.org\/{rel}","templated":true}]}}

Cydalima perspectalis 2016 08 17 la Pyrale du buisParc naturel régional des VOSGES DU NORD classé Réserve mondiale de Biosphère par l'UNESCO
