{"id":4308,"date":"2016-12-22T10:34:37","date_gmt":"2016-12-22T09:34:37","guid":{"rendered":"http:\/\/www.lembach.fr\/mairie\/wp-content\/uploads\/2016\/12\/f_spil_automne_2016_02.jpg"},"modified":"2016-12-22T10:36:23","modified_gmt":"2016-12-22T09:36:23","slug":"f_spil_automne_2016_02","status":"inherit","type":"attachment","link":"https:\/\/www.lembach.fr\/mairie\/decouvrir\/nature\/f_spil_automne_2016_02\/","title":{"rendered":"f_spil_automne_2016_02"},"author":1,"featured_media":0,"comment_status":"closed","ping_status":"closed","template":"","meta":[],"class_list":["post-4308","attachment","type-attachment","status-inherit","hentry","nodate","item-wrap"],"description":{"rendered":"<p class=\"attachment\"><a href='https:\/\/www.lembach.fr\/mairie\/wp-content\/uploads\/2016\/12\/f_spil_automne_2016_02.jpg'><img loading=\"lazy\" decoding=\"async\" width=\"300\" height=\"201\" src=\"https:\/\/www.lembach.fr\/mairie\/wp-content\/uploads\/2016\/12\/f_spil_automne_2016_02-300x201.jpg\" class=\"attachment-medium size-medium\" alt=\"\" srcset=\"https:\/\/www.lembach.fr\/mairie\/wp-content\/uploads\/2016\/12\/f_spil_automne_2016_02-300x201.jpg 300w, https:\/\/www.lembach.fr\/mairie\/wp-content\/uploads\/2016\/12\/f_spil_automne_2016_02-768x514.jpg 768w, https:\/\/www.lembach.fr\/mairie\/wp-content\/uploads\/2016\/12\/f_spil_automne_2016_02.jpg 1000w\" sizes=\"auto, (max-width: 300px) 100vw, 300px\" \/><\/a><\/p>\n"},"caption":{"rendered":"<p>Bombyx du peuplier femelle \u00e0 gauche, m\u00e2le \u00e0 droite<\/p>\n"},"alt_text":"","media_type":"image","mime_type":"image\/jpeg","media_details":{"width":1000,"height":669,"file":"2016\/12\/f_spil_automne_2016_02.jpg","sizes":{"thumbnail":{"file":"f_spil_automne_2016_02-150x150.jpg","width":150,"height":150,"mime_type":"image\/jpeg","source_url":"https:\/\/www.lembach.fr\/mairie\/wp-content\/uploads\/2016\/12\/f_spil_automne_2016_02-150x150.jpg"},"medium":{"file":"f_spil_automne_2016_02-300x201.jpg","width":300,"height":201,"mime_type":"image\/jpeg","source_url":"https:\/\/www.lembach.fr\/mairie\/wp-content\/uploads\/2016\/12\/f_spil_automne_2016_02-300x201.jpg"},"medium_large":{"file":"f_spil_automne_2016_02-768x514.jpg","width":768,"height":514,"mime_type":"image\/jpeg","source_url":"https:\/\/www.lembach.fr\/mairie\/wp-content\/uploads\/2016\/12\/f_spil_automne_2016_02-768x514.jpg"},"graphene-homepage-pane":{"file":"f_spil_automne_2016_02-364x182.jpg","width":364,"height":182,"mime_type":"image\/jpeg","source_url":"https:\/\/www.lembach.fr\/mairie\/wp-content\/uploads\/2016\/12\/f_spil_automne_2016_02-364x182.jpg"},"post-thumbnail":{"file":"f_spil_automne_2016_02-1000x198.jpg","width":1000,"height":198,"mime_type":"image\/jpeg","source_url":"https:\/\/www.lembach.fr\/mairie\/wp-content\/uploads\/2016\/12\/f_spil_automne_2016_02-1000x198.jpg"},"full":{"file":"f_spil_automne_2016_02.jpg","width":1000,"height":669,"mime_type":"image\/jpeg","source_url":"https:\/\/www.lembach.fr\/mairie\/wp-content\/uploads\/2016\/12\/f_spil_automne_2016_02.jpg"}},"image_meta":{"aperture":"74099370.67","credit":"","camera":"6 (Windows)","caption":"","created_timestamp":"0","copyright":"","focal_length":"74099370.666667","iso":"0","shutter_speed":"74099370.666667","title":"","orientation":"1","keywords":[]}},"post":275,"source_url":"https:\/\/www.lembach.fr\/mairie\/wp-content\/uploads\/2016\/12\/f_spil_automne_2016_02.jpg","_links":{"self":[{"href":"https:\/\/www.lembach.fr\/mairie\/wp-json\/wp\/v2\/media\/4308","targetHints":{"allow":["GET"]}}],"collection":[{"href":"https:\/\/www.lembach.fr\/mairie\/wp-json\/wp\/v2\/media"}],"about":[{"href":"https:\/\/www.lembach.fr\/mairie\/wp-json\/wp\/v2\/types\/attachment"}],"author":[{"embeddable":true,"href":"https:\/\/www.lembach.fr\/mairie\/wp-json\/wp\/v2\/users\/1"}],"replies":[{"embeddable":true,"href":"https:\/\/www.lembach.fr\/mairie\/wp-json\/wp\/v2\/comments?post=4308"}],"wp:attached-to":[{"embeddable":true,"post_type":"page","id":275,"href":"https:\/\/www.lembach.fr\/mairie\/wp-json\/wp\/v2\/pages\/275"}],"curies":[{"name":"wp","href":"https:\/\/api.w.org\/{rel}","templated":true}]}}

<p>Bombyx du peuplier femelle à gauche, mâle à droite</p>
