{"id":557,"date":"2013-02-22T18:33:16","date_gmt":"2013-02-22T17:33:16","guid":{"rendered":"http:\/\/www.lembach.fr\/ecole\/?page_id=557"},"modified":"2022-07-06T21:39:55","modified_gmt":"2022-07-06T19:39:55","slug":"hiboutheque","status":"publish","type":"page","link":"https:\/\/www.lembach.fr\/ecole\/liens\/hiboutheque\/","title":{"rendered":"Hibouth\u00e8que"},"content":{"rendered":"<p>La BCD de l&rsquo;\u00e9cole s&rsquo;est informatis\u00e9e avec le logiciel \u00ab\u00a0<em>Hibouth\u00e8que<\/em>\u00a0\u00bb du CRDP de Clermont-Ferrand.<\/p>\n<p>Les enseignants et les \u00e9l\u00e8ves ont acc\u00e8s \u00e0 cette application pour faire des recherches de livres et documents\u00a0 depuis n&rsquo;importe quel ordinateur reli\u00e9 au Net ; ils peuvent aussi voir la disponibilit\u00e9 des ouvrages ainsi que leurs pr\u00eats en cours ou en retard.<\/p>\n<p>L&rsquo;acc\u00e8s se fait en cliquant sur l&rsquo;image ci-dessous :<\/p>\n<p style=\"text-align: center;\"><a href=\"https:\/\/v2.hiboutheque.fr\/mediatheques\/99-ecole-henri-mertz\/\" target=\"_blank\" rel=\"noopener\"><img loading=\"lazy\" decoding=\"async\" class=\"size-full wp-image-558 aligncenter\" src=\"http:\/\/www.lembach.fr\/ecole\/wp-content\/uploads\/2013\/02\/hiboutheque.jpg\" alt=\"hiboutheque\" width=\"400\" height=\"119\" srcset=\"https:\/\/www.lembach.fr\/ecole\/wp-content\/uploads\/2013\/02\/hiboutheque.jpg 400w, https:\/\/www.lembach.fr\/ecole\/wp-content\/uploads\/2013\/02\/hiboutheque-300x89.jpg 300w\" sizes=\"auto, (max-width: 400px) 100vw, 400px\" \/><\/a><\/p>\n","protected":false},"excerpt":{"rendered":"<p>La BCD de l&rsquo;\u00e9cole s&rsquo;est informatis\u00e9e avec le logiciel \u00ab\u00a0Hibouth\u00e8que\u00a0\u00bb du CRDP de Clermont-Ferrand. Les enseignants et les \u00e9l\u00e8ves ont acc\u00e8s \u00e0 cette application pour faire des recherches de livres et documents\u00a0 depuis n&rsquo;importe quel ordinateur reli\u00e9 au Net ; &hellip; <a href=\"https:\/\/www.lembach.fr\/ecole\/liens\/hiboutheque\/\">Continuer la lecture <span class=\"meta-nav\">&rarr;<\/span><\/a><\/p>\n","protected":false},"author":1,"featured_media":0,"parent":472,"menu_order":0,"comment_status":"closed","ping_status":"closed","template":"","meta":{"footnotes":""},"class_list":["post-557","page","type-page","status-publish","hentry"],"_links":{"self":[{"href":"https:\/\/www.lembach.fr\/ecole\/wp-json\/wp\/v2\/pages\/557","targetHints":{"allow":["GET"]}}],"collection":[{"href":"https:\/\/www.lembach.fr\/ecole\/wp-json\/wp\/v2\/pages"}],"about":[{"href":"https:\/\/www.lembach.fr\/ecole\/wp-json\/wp\/v2\/types\/page"}],"author":[{"embeddable":true,"href":"https:\/\/www.lembach.fr\/ecole\/wp-json\/wp\/v2\/users\/1"}],"replies":[{"embeddable":true,"href":"https:\/\/www.lembach.fr\/ecole\/wp-json\/wp\/v2\/comments?post=557"}],"version-history":[{"count":0,"href":"https:\/\/www.lembach.fr\/ecole\/wp-json\/wp\/v2\/pages\/557\/revisions"}],"up":[{"embeddable":true,"href":"https:\/\/www.lembach.fr\/ecole\/wp-json\/wp\/v2\/pages\/472"}],"wp:attachment":[{"href":"https:\/\/www.lembach.fr\/ecole\/wp-json\/wp\/v2\/media?parent=557"}],"curies":[{"name":"wp","href":"https:\/\/api.w.org\/{rel}","templated":true}]}}