{"id":4093,"date":"2020-03-12T19:36:23","date_gmt":"2020-03-12T18:36:23","guid":{"rendered":"https:\/\/www.lembach.fr\/ecole\/?page_id=4093"},"modified":"2020-06-24T08:27:13","modified_gmt":"2020-06-24T06:27:13","slug":"4093-2","status":"publish","type":"page","link":"https:\/\/www.lembach.fr\/ecole\/sports\/cross-usep\/4093-2\/","title":{"rendered":"CROSS 2020 Annul\u00e9"},"content":{"rendered":"<h2 style=\"text-align: center;\"><img loading=\"lazy\" decoding=\"async\" class=\"size-full wp-image-365 alignleft\" src=\"http:\/\/www.lembach.fr\/ecole\/wp-content\/uploads\/2013\/02\/cross1.jpg\" alt=\"cross1\" width=\"87\" height=\"127\" \/><strong><span style=\"text-decoration: underline;\">CROSS du vendredi 3 avril 2020<\/span><\/strong><\/h2>\n<h1 align=\"center\"><span style=\"text-decoration: underline;\"><strong><br \/>\n<\/strong><\/span><strong><span style=\"color: #ff0000;\">Le CROSS est ANNUL\u00c9<br \/>\npour cause d&rsquo;\u00e9pid\u00e9mie<br \/>\n<\/span><\/strong><strong><span style=\"color: #ff0000;\">de COVID-19.<br \/>\n<\/span><\/strong><\/h1>\n<div align=\"center\"><\/div>\n","protected":false},"excerpt":{"rendered":"<p>CROSS du vendredi 3 avril 2020 Le CROSS est ANNUL\u00c9 pour cause d&rsquo;\u00e9pid\u00e9mie de COVID-19.<\/p>\n","protected":false},"author":1,"featured_media":0,"parent":582,"menu_order":0,"comment_status":"closed","ping_status":"closed","template":"","meta":{"footnotes":""},"class_list":["post-4093","page","type-page","status-publish","hentry"],"_links":{"self":[{"href":"https:\/\/www.lembach.fr\/ecole\/wp-json\/wp\/v2\/pages\/4093","targetHints":{"allow":["GET"]}}],"collection":[{"href":"https:\/\/www.lembach.fr\/ecole\/wp-json\/wp\/v2\/pages"}],"about":[{"href":"https:\/\/www.lembach.fr\/ecole\/wp-json\/wp\/v2\/types\/page"}],"author":[{"embeddable":true,"href":"https:\/\/www.lembach.fr\/ecole\/wp-json\/wp\/v2\/users\/1"}],"replies":[{"embeddable":true,"href":"https:\/\/www.lembach.fr\/ecole\/wp-json\/wp\/v2\/comments?post=4093"}],"version-history":[{"count":0,"href":"https:\/\/www.lembach.fr\/ecole\/wp-json\/wp\/v2\/pages\/4093\/revisions"}],"up":[{"embeddable":true,"href":"https:\/\/www.lembach.fr\/ecole\/wp-json\/wp\/v2\/pages\/582"}],"wp:attachment":[{"href":"https:\/\/www.lembach.fr\/ecole\/wp-json\/wp\/v2\/media?parent=4093"}],"curies":[{"name":"wp","href":"https:\/\/api.w.org\/{rel}","templated":true}]}}

CROSS 2020 Annulé

<h2 style="text-align: center;"><img loading="lazy" decoding="async" class="size-full wp-image-365 alignleft" src="http://www.lembach.fr/ecole/wp-content/uploads/2013/02/cross1.jpg" alt="cross1" width="87" height="127" /><strong><span style="text-decoration: underline;">CROSS du vendredi 3 avril 2020</span></strong></h2>
<h1 align="center"><span style="text-decoration: underline;"><strong><br />
</strong></span><strong><span style="color: #ff0000;">Le CROSS est ANNULÉ<br />
pour cause d&rsquo;épidémie<br />
</span></strong><strong><span style="color: #ff0000;">de COVID-19.<br />
</span></strong></h1>
<div align="center"></div>

<p>CROSS du vendredi 3 avril 2020 Le CROSS est ANNULÉ pour cause d&rsquo;épidémie de COVID-19.</p>
