{"id":2385,"date":"2019-09-03T07:41:17","date_gmt":"2019-09-03T05:41:17","guid":{"rendered":"http:\/\/www.lembach.fr\/ecole\/?page_id=2385"},"modified":"2019-10-03T19:00:19","modified_gmt":"2019-10-03T17:00:19","slug":"ecole-henri-mertz","status":"publish","type":"page","link":"https:\/\/www.lembach.fr\/ecole\/notre-ecole\/ecole-henri-mertz\/","title":{"rendered":"\u00c9cole Henri Mertz"},"content":{"rendered":"<p>Par d\u00e9cision du<strong> conseil municipal du 30 ao\u00fbt 2016<\/strong> et suite \u00e0 la fusion des \u00e9coles maternelle et \u00e9l\u00e9mentaire pour la rentr\u00e9e 2016, l&rsquo;\u00e9cole se voit attribuer un nom officiel :<\/p>\n<h2 style=\"text-align: center;\"><span style=\"color: #ff0000;\"><strong>\u00c9cole Henri MERTZ<\/strong><\/span><\/h2>\n<p>Voici les informations sur ce po\u00e8te n\u00e9 au village et trouv\u00e9es sur <a href=\"http:\/\/www.heimetsproch.fr\/articles.php?lng=fr&amp;pg=39&amp;mnuid=31&amp;tconfig=0\">heimetsproch.fr<\/a><\/p>\n<p style=\"text-align: center;\"><img loading=\"lazy\" decoding=\"async\" class=\"size-full wp-image-2453 aligncenter\" src=\"http:\/\/www.lembach.fr\/ecole\/wp-content\/uploads\/2016\/08\/hmertz.jpg\" alt=\"hmertz\" width=\"243\" height=\"300\" \/><em><strong>Henri MERTZ<\/strong> (1919 \u2013 1999)<\/em><\/p>\n<p style=\"text-align: left;\"><em>N\u00e9 dans le nord de l\u2019Alsace, \u00e0 Lembach, Henri MERTZ a \u00e9t\u00e9 instituteur \u00e0 Graffenstaden (1945 \u2013 1961), puis professeur au coll\u00e8ge de cette ville (1961 \u2013 1976), o\u00f9 il enseigna les math\u00e9matiques. Il avait fait la guerre dans la Wehrmacht, puis dans l\u2019arm\u00e9e fran\u00e7aise.<\/em><\/p>\n<p style=\"text-align: left;\"><em>Il n\u2019\u00e9tait pas un \u00ab Heimatdichter \u00bb, ni un repr\u00e9sentant de la \u00ab Bl\u00fcmchenpoesie \u00bb (Charles STAUFFER), mais plut\u00f4t un po\u00e8te satirique et protestataire, plus proche d\u2019 Andr\u00e9 WECKMANN.<\/em><\/p>\n<p style=\"text-align: left;\"><em>On lui doit trois recueils de po\u00e9sies dialectales :<\/em><\/p>\n<p style=\"text-align: center;\"><strong><em>KUDDELMUDDEL \u00dcS EM ELSASS (1975)<\/em><\/strong><\/p>\n<p style=\"text-align: center;\"><strong><em>S\u2019 WESCHPELNESCHT (1976)<\/em><\/strong><\/p>\n<p style=\"text-align: center;\"><strong><em>DE RORAFF (1980)<\/em><\/strong><\/p>\n<p style=\"text-align: left;\"><em>Ces trois recueils portent le m\u00eame sous \u2013 titre : <strong>LIEDER, VERSLE UN SATIRE<\/strong> (Chansons, vers et satire).<\/em><\/p>\n<p style=\"text-align: left;\"><em>On lui doit aussi deux traductions de l\u2019\u0153uvre du c\u00e9l\u00e8bre humoriste allemand Wilhelm BUSCH : MAX UN MORITZ (1865) : une traduction en bas \u2013 al\u00e9manique (1982) et une autre en fran\u00e7ais (1996). Dans sa jeunesse, il avait \u00e9crit un opuscule en dialecte (\u00dcS MINEM ARME ELSASSL\u00c4NDEL, 1946), et un recueil d\u2019aphorismes en fran\u00e7ais : AU SIECLE DES HOMMES SANS T\u00caTE (1948) qui n\u2019ont pas rencontr\u00e9 l\u2019\u00e9cho souhait\u00e9.<\/em><\/p>\n<p style=\"text-align: left;\"><img loading=\"lazy\" decoding=\"async\" class=\"wp-image-2382 size-medium aligncenter\" src=\"http:\/\/www.lembach.fr\/ecole\/wp-content\/uploads\/2016\/08\/plume-300x195.jpg\" alt=\"plume\" width=\"300\" height=\"195\" srcset=\"https:\/\/www.lembach.fr\/ecole\/wp-content\/uploads\/2016\/08\/plume-300x195.jpg 300w, https:\/\/www.lembach.fr\/ecole\/wp-content\/uploads\/2016\/08\/plume.jpg 350w\" sizes=\"auto, (max-width: 300px) 100vw, 300px\" \/><\/p>\n<h3 style=\"text-align: center;\"><strong><em>ELSASS<\/em><\/strong><\/h3>\n<p style=\"text-align: center;\"><em>Liewi B\u00e4chle, stilli Str\u00e4ssle,<br \/>\n<\/em><em>Holder, Schleh un Heckeroesle,<br \/>\n<\/em><em>Burje uf de Felsekant,<br \/>\n<\/em><em>Alti Hieser, klari Brinne,<br \/>\n<\/em><em>Doerfle mit viel Sehnsucht drinne,<br \/>\n<\/em><em>Elsass, D\u00fc min Heimetland !<\/em><\/p>\n<p style=\"text-align: center;\"><em>Blueme an de Fenschterschiewe,<br \/>\n<\/em><em>Diewle, wo sich d\u2019 Schn\u00e4wel riewe,<br \/>\n<\/em><em>P\u00e4rle, Kneckes, sorjelos,<br \/>\n<\/em><em>G\u00e4nsle, wo so luschtig schn\u00e4ttre,<br \/>\n<\/em><em>Bibble mit un ohne Feddre,<br \/>\n<\/em><em>Elsass, D\u00fc bisch ganz famos !<\/em><\/p>\n<p style=\"text-align: center;\"><em>Kitsch im Hof un Kitsch im<br \/>\n<\/em><em>Garte, Flasche, Pneus vun alle Arte,<br \/>\n<\/em><em>Plastik-Stoerig-Zwerig-Reh,<br \/>\n<\/em><em>Strosse voller Schnokeloddel,<br \/>\n<\/em><em>Polka-Deppe, Trachtedoddel,<br \/>\n<\/em><em>Narreland, o je, o weh!<\/em><\/p>\n<p style=\"text-align: center;\"><em>Du min Volik, geh Dich b\u2019sinne,<br \/>\n<\/em><em>Trink an Dine Wunderbrinne,<br \/>\n<\/em><em>Trink Dich rein un jung un frisch !<br \/>\n<\/em><em>Trink Dich g\u2019sund, k\u00fcrier Dich inne,<br \/>\n<\/em><em>Trink, solang noch Quelle rinne,<br \/>\n<\/em><em>Trink, solang noch Hoffnung isch !<\/em><\/p>\n<p><em><strong>Quelques vers du po\u00e8te Henri Mertz,<\/strong><\/em><\/p>\n<p><em><strong>Sur le dialecte :<\/strong><\/em><\/p>\n<p style=\"text-align: center;\"><em>Sproch versumpfti un verschl\u00e0mmti<\/em><br \/>\n<em>Sproch verbielti un vesrchrammti<\/em><br \/>\n<em>Altersschwach un lewesmied<\/em><br \/>\n<em>Sproch verfluchti un verl\u00fcsti<\/em><br \/>\n<em>D\u00fc verwurigti, verz\u00fcsti<\/em><br \/>\n<em>Sproch min armi B\u00fcrebried<\/em><\/p>\n<p style=\"text-align: left;\"><em><strong>Sur ses camarades tomb\u00e9s au combat :<\/strong><\/em><\/p>\n<p style=\"text-align: center;\"><em>Wenn ich als nachts nit schlofe kann<\/em><br \/>\n<em>Fangt in mim Kopf e Kino \u00e0n<\/em><br \/>\n<em>Un tuet mich foltre, qu\u00e4le :<\/em><br \/>\n<em>Ich geh im Geischt vun H\u00fcs zu H\u00fcs<\/em><br \/>\n<em>Im Derfel dheim un rech\u2019n \u00fcs<\/em><br \/>\n<em>Wieviel Kamrade fehle<\/em><\/p>\n<p style=\"text-align: center;\"><em>Ich zehl un zehl<\/em><br \/>\n<em>Un schun taucht uf vor minre Seel<\/em><br \/>\n<em>E Gsicht, e Frind, e Name<\/em><br \/>\n<em>Es isch e rechter Totet\u00e0nz<\/em><br \/>\n<em>Ich bring in minere Bilanz<\/em><br \/>\n<em>Meischt meh als vierzig zamme.<\/em><\/p>\n<p style=\"text-align: left;\"><em><strong>Sur sa m\u00e8re avec \u00ab\u00a0Minre Mamme\u00a0\u00bb :<\/strong><\/em><\/p>\n<p style=\"text-align: center;\"><em>E mancher Daa, e manchi Nacht,<\/em><br \/>\n<em>Hesch Du an minem Bett gewacht<\/em><br \/>\n<em>Un viel fer mich gebangt.<\/em><br \/>\n<em>Hesch mich getroescht&rsquo; un angelacht<\/em><br \/>\n<em>Un nie e Dank verlangt<\/em><\/p>\n<p style=\"text-align: center;\"><em>Wie oft, wie oft hesch D\u00fc mich b\u2019schenkt,<\/em><br \/>\n<em>Hesch niemols an Dich selbscht gedenkt,<\/em><br \/>\n<em>Hesch nur gelebt fer mich !<\/em><br \/>\n<em>Bi Dir, im warme St\u00fcebel drin,<\/em><br \/>\n<em>Bin ich so richtig d\u2019heime gsinn<\/em><br \/>\n<em>Un iwerglicklich rich !<\/em><\/p>\n<p style=\"text-align: center;\"><em>Din warmes St\u00fcebel, l\u00e4ngscht steht\u2019s leer,<\/em><br \/>\n<em>Un mir, mir wurd\u2019s ums Herz so schwer !<\/em><br \/>\n<em>Denn D\u00fc, l\u00e4ngscht bisch D\u00fc tot&rsquo;<\/em><br \/>\n<em>Wie gern h\u00e4tt ich Dir hit verz\u00e4hlt,<\/em><br \/>\n<em>Was mich beglickt un was mich qu\u00e4lt !<\/em><br \/>\n<em>Ze spot ! Ze spot ! Ze spot !<\/em><\/p>\n","protected":false},"excerpt":{"rendered":"<p>Par d\u00e9cision du conseil municipal du 30 ao\u00fbt 2016 et suite \u00e0 la fusion des \u00e9coles maternelle et \u00e9l\u00e9mentaire pour la rentr\u00e9e 2016, l&rsquo;\u00e9cole se voit attribuer un nom officiel : \u00c9cole Henri MERTZ Voici les informations sur ce po\u00e8te &hellip; <a href=\"https:\/\/www.lembach.fr\/ecole\/notre-ecole\/ecole-henri-mertz\/\">Continuer la lecture <span class=\"meta-nav\">&rarr;<\/span><\/a><\/p>\n","protected":false},"author":1,"featured_media":0,"parent":23,"menu_order":0,"comment_status":"closed","ping_status":"closed","template":"","meta":{"footnotes":""},"class_list":["post-2385","page","type-page","status-publish","hentry"],"_links":{"self":[{"href":"https:\/\/www.lembach.fr\/ecole\/wp-json\/wp\/v2\/pages\/2385","targetHints":{"allow":["GET"]}}],"collection":[{"href":"https:\/\/www.lembach.fr\/ecole\/wp-json\/wp\/v2\/pages"}],"about":[{"href":"https:\/\/www.lembach.fr\/ecole\/wp-json\/wp\/v2\/types\/page"}],"author":[{"embeddable":true,"href":"https:\/\/www.lembach.fr\/ecole\/wp-json\/wp\/v2\/users\/1"}],"replies":[{"embeddable":true,"href":"https:\/\/www.lembach.fr\/ecole\/wp-json\/wp\/v2\/comments?post=2385"}],"version-history":[{"count":0,"href":"https:\/\/www.lembach.fr\/ecole\/wp-json\/wp\/v2\/pages\/2385\/revisions"}],"up":[{"embeddable":true,"href":"https:\/\/www.lembach.fr\/ecole\/wp-json\/wp\/v2\/pages\/23"}],"wp:attachment":[{"href":"https:\/\/www.lembach.fr\/ecole\/wp-json\/wp\/v2\/media?parent=2385"}],"curies":[{"name":"wp","href":"https:\/\/api.w.org\/{rel}","templated":true}]}}