{"id":23,"date":"2021-08-31T18:12:09","date_gmt":"2021-08-31T16:12:09","guid":{"rendered":"http:\/\/www.lembach.fr\/ecole\/?page_id=23"},"modified":"2021-09-29T12:47:34","modified_gmt":"2021-09-29T10:47:34","slug":"notre-ecole","status":"publish","type":"page","link":"https:\/\/www.lembach.fr\/ecole\/notre-ecole\/","title":{"rendered":"Notre \u00e9cole"},"content":{"rendered":"<table style=\"border-collapse: collapse; width: 100%;\">\n<tbody>\n<tr>\n<td style=\"width: 33.3333%;\"><img loading=\"lazy\" decoding=\"async\" class=\"wp-image-81 aligncenter\" src=\"http:\/\/www.lembach.fr\/ecole\/wp-content\/uploads\/2013\/02\/sculpture21.jpg\" alt=\"sculpture2\" width=\"127\" height=\"139\" \/><\/td>\n<td style=\"width: 33.3333%;\"><\/td>\n<td style=\"width: 33.3333%;\"><img loading=\"lazy\" decoding=\"async\" class=\" wp-image-80 alignright\" src=\"http:\/\/www.lembach.fr\/ecole\/wp-content\/uploads\/2013\/02\/sculpture11.jpg\" alt=\"sculpture1\" width=\"122\" height=\"144\" \/><\/td>\n<\/tr>\n<\/tbody>\n<\/table>\n<p style=\"text-align: justify;\">L&rsquo;\u00e9cole primaire de Lembach occupe un b\u00e2timent, construit en 1957 qui abrite les 4 classes \u00e9l\u00e9mentaires et les 2 classes maternelles.<\/p>\n<p style=\"text-align: justify;\">Il a \u00e9t\u00e9 r\u00e9habilit\u00e9 et r\u00e9am\u00e9nag\u00e9 une premi\u00e8re fois en 1997 puis une seconde fois en 2021 avec l&rsquo;installation d&rsquo;une VMC, d&rsquo;une mise aux normes des syst\u00e8mes \u00e9lectrique et d&rsquo;alerte PPMS, de nouveaux plafonds, \u00e9clairages, sols et peintures dans toutes les salles.<\/p>\n<p style=\"text-align: justify;\">Au rez-de-chauss\u00e9e, il y a les deux classes maternelles, un petite cuisine\/bureau, la salle de jeu, les toilettes, une classe \u00e9l\u00e9mentaire, une petite cuisine et un pr\u00e9au.<\/p>\n<p style=\"text-align: justify;\">Au premier \u00e9tage, vous trouverez la salle des ma\u00eetres, une petite salle de rangement du mat\u00e9riel et les salles de classe, une salle informatique et la BCD (Biblioth\u00e8que Centre de Documentation).<\/p>\n<p>Depuis d\u00e9but 2021, le p\u00e9riscolaire est accueilli dans un tout nouveau b\u00e2timent construit \u00e0 c\u00f4t\u00e9 de l&rsquo;\u00e9cole ; la cour de l&rsquo;\u00e9cole est commune aux deux structures.<\/p>\n<p style=\"text-align: justify;\">Au deuxi\u00e8me \u00e9tage, se trouvent cinq logements lou\u00e9s par la Mairie \u00e0 des particuliers.<\/p>\n<p style=\"text-align: justify;\">Une cour tr\u00e8s vaste et enti\u00e8rement cl\u00f4tur\u00e9e nous permet de jouer en toute s\u00e9curit\u00e9 pendant les r\u00e9cr\u00e9ations.<\/p>\n<p style=\"text-align: center;\"><img loading=\"lazy\" decoding=\"async\" class=\"size-full wp-image-53 aligncenter\" src=\"http:\/\/www.lembach.fr\/ecole\/wp-content\/uploads\/2013\/02\/batiment2p.jpg\" alt=\"batiment2p\" width=\"300\" height=\"202\" \/><\/p>\n","protected":false},"excerpt":{"rendered":"<p>L&rsquo;\u00e9cole primaire de Lembach occupe un b\u00e2timent, construit en 1957 qui abrite les 4 classes \u00e9l\u00e9mentaires et les 2 classes maternelles. Il a \u00e9t\u00e9 r\u00e9habilit\u00e9 et r\u00e9am\u00e9nag\u00e9 une premi\u00e8re fois en 1997 puis une seconde fois en 2021 avec l&rsquo;installation &hellip; <a href=\"https:\/\/www.lembach.fr\/ecole\/notre-ecole\/\">Continuer la lecture <span class=\"meta-nav\">&rarr;<\/span><\/a><\/p>\n","protected":false},"author":1,"featured_media":0,"parent":0,"menu_order":2,"comment_status":"closed","ping_status":"closed","template":"","meta":{"footnotes":""},"class_list":["post-23","page","type-page","status-publish","hentry"],"_links":{"self":[{"href":"https:\/\/www.lembach.fr\/ecole\/wp-json\/wp\/v2\/pages\/23","targetHints":{"allow":["GET"]}}],"collection":[{"href":"https:\/\/www.lembach.fr\/ecole\/wp-json\/wp\/v2\/pages"}],"about":[{"href":"https:\/\/www.lembach.fr\/ecole\/wp-json\/wp\/v2\/types\/page"}],"author":[{"embeddable":true,"href":"https:\/\/www.lembach.fr\/ecole\/wp-json\/wp\/v2\/users\/1"}],"replies":[{"embeddable":true,"href":"https:\/\/www.lembach.fr\/ecole\/wp-json\/wp\/v2\/comments?post=23"}],"version-history":[{"count":0,"href":"https:\/\/www.lembach.fr\/ecole\/wp-json\/wp\/v2\/pages\/23\/revisions"}],"wp:attachment":[{"href":"https:\/\/www.lembach.fr\/ecole\/wp-json\/wp\/v2\/media?parent=23"}],"curies":[{"name":"wp","href":"https:\/\/api.w.org\/{rel}","templated":true}]}}

Notre école

<table style="border-collapse: collapse; width: 100%;">
<tbody>
<tr>
<td style="width: 33.3333%;"><img loading="lazy" decoding="async" class="wp-image-81 aligncenter" src="http://www.lembach.fr/ecole/wp-content/uploads/2013/02/sculpture21.jpg" alt="sculpture2" width="127" height="139" /></td>
<td style="width: 33.3333%;"></td>
<td style="width: 33.3333%;"><img loading="lazy" decoding="async" class=" wp-image-80 alignright" src="http://www.lembach.fr/ecole/wp-content/uploads/2013/02/sculpture11.jpg" alt="sculpture1" width="122" height="144" /></td>
</tr>
</tbody>
</table>
<p style="text-align: justify;">L&rsquo;école primaire de Lembach occupe un bâtiment, construit en 1957 qui abrite les 4 classes élémentaires et les 2 classes maternelles.</p>
<p style="text-align: justify;">Il a été réhabilité et réaménagé une première fois en 1997 puis une seconde fois en 2021 avec l&rsquo;installation d&rsquo;une VMC, d&rsquo;une mise aux normes des systèmes électrique et d&rsquo;alerte PPMS, de nouveaux plafonds, éclairages, sols et peintures dans toutes les salles.</p>
<p style="text-align: justify;">Au rez-de-chaussée, il y a les deux classes maternelles, un petite cuisine/bureau, la salle de jeu, les toilettes, une classe élémentaire, une petite cuisine et un préau.</p>
<p style="text-align: justify;">Au premier étage, vous trouverez la salle des maîtres, une petite salle de rangement du matériel et les salles de classe, une salle informatique et la BCD (Bibliothèque Centre de Documentation).</p>
<p>Depuis début 2021, le périscolaire est accueilli dans un tout nouveau bâtiment construit à côté de l&rsquo;école ; la cour de l&rsquo;école est commune aux deux structures.</p>
<p style="text-align: justify;">Au deuxième étage, se trouvent cinq logements loués par la Mairie à des particuliers.</p>
<p style="text-align: justify;">Une cour très vaste et entièrement clôturée nous permet de jouer en toute sécurité pendant les récréations.</p>
<p style="text-align: center;"><img loading="lazy" decoding="async" class="size-full wp-image-53 aligncenter" src="http://www.lembach.fr/ecole/wp-content/uploads/2013/02/batiment2p.jpg" alt="batiment2p" width="300" height="202" /></p>

<p>L&rsquo;école primaire de Lembach occupe un bâtiment, construit en 1957 qui abrite les 4 classes élémentaires et les 2 classes maternelles. Il a été réhabilité et réaménagé une première fois en 1997 puis une seconde fois en 2021 avec l&rsquo;installation &hellip; <a href="https://www.lembach.fr/ecole/notre-ecole/">Continuer la lecture <span class="meta-nav">&rarr;</span></a></p>
