{"id":214,"date":"2025-07-11T11:06:38","date_gmt":"2025-07-11T09:06:38","guid":{"rendered":"http:\/\/www.lembach.fr\/ecole\/?page_id=214"},"modified":"2025-07-12T11:15:16","modified_gmt":"2025-07-12T09:15:16","slug":"calendrier-des-vacances","status":"publish","type":"page","link":"https:\/\/www.lembach.fr\/ecole\/infos-pratiques\/calendrier-des-vacances\/","title":{"rendered":"Calendrier des vacances"},"content":{"rendered":"<h2 style=\"text-align: center;\"><img loading=\"lazy\" decoding=\"async\" class=\"size-full wp-image-228 alignright\" src=\"http:\/\/www.lembach.fr\/ecole\/wp-content\/uploads\/2013\/02\/rentree.jpg\" alt=\"rentree\" width=\"300\" height=\"125\" \/>ACAD\u00c9MIE DE STRASBOURG<br \/>\n2025\/2026<\/h2>\n<p>&nbsp;<\/p>\n<div align=\"center\">\n<table style=\"width: 100%;\" border=\"1\" cellspacing=\"5\" cellpadding=\"0\">\n<tbody>\n<tr>\n<td width=\"10%\">\n<p align=\"center\"><b>Rentr\u00e9e des \u00e9l\u00e8ves<\/b><\/p>\n<\/td>\n<td width=\"25%\">\n<p align=\"center\">le lundi 1 septembre 2025<\/p>\n<\/td>\n<\/tr>\n<tr>\n<td width=\"10%\">\n<p align=\"center\"><b>Toussaint<\/b><\/p>\n<\/td>\n<td width=\"25%\">\n<p align=\"center\">du vendredi 17 octobre 2025 (apr\u00e8s la classe)<br \/>\nau lundi 3 novembre 2025 (matin)<\/p>\n<\/td>\n<\/tr>\n<tr>\n<td width=\"10%\">\n<p align=\"center\"><b>No\u00ebl<\/b><\/p>\n<\/td>\n<td width=\"25%\">\n<p align=\"center\">du vendredi 19 d\u00e9cembre 2025 (apr\u00e8s la classe)<br \/>\nau lundi 4 janvier 2026 (matin)<\/p>\n<\/td>\n<\/tr>\n<tr>\n<td width=\"10%\">\n<p align=\"center\"><b>Hiver<\/b><\/p>\n<\/td>\n<td width=\"25%\">\n<p align=\"center\">du vendredi 13 f\u00e9vrier 2026 (apr\u00e8s la classe)<br \/>\nau lundi 1 mars 2026 (matin)<\/p>\n<\/td>\n<\/tr>\n<tr>\n<td width=\"10%\">\n<p align=\"center\"><b>Printemps<\/b><\/p>\n<\/td>\n<td width=\"25%\">\n<p align=\"center\">du vendredi 10 avril 2026 (apr\u00e8s la classe)<br \/>\nau mardi 26 avril 2026 (matin)<\/p>\n<\/td>\n<\/tr>\n<tr>\n<td width=\"10%\">\n<p align=\"center\"><b>Pont de l&rsquo;Ascension<\/b><\/p>\n<\/td>\n<td width=\"25%\">\n<p style=\"text-align: center;\">du mardi 12 mai 2026 (apr\u00e8s la classe)<br \/>\nau lundi 18 juin 2026 (matin)<\/p>\n<\/td>\n<\/tr>\n<tr>\n<td width=\"10%\">\n<p align=\"center\"><b>Vacances d&rsquo;\u00e9t\u00e9<\/b><\/p>\n<\/td>\n<td width=\"25%\">\n<p align=\"center\">du vendredi 3 juillet 2026 (apr\u00e8s la classe)<\/p>\n<\/td>\n<\/tr>\n<\/tbody>\n<\/table>\n<\/div>\n<p style=\"text-align: center;\">r\u00e9f\u00e9rence : <a href=\"http:\/\/www.education.gouv.fr\/cid87910\/calendrier-scolaire-pour-les-annees-2015-2016-2016-2017-2017-2018.html\" target=\"_blank\" rel=\"noopener noreferrer\">eduscol<\/a><\/p>\n<p><img loading=\"lazy\" decoding=\"async\" class=\"size-full wp-image-221 aligncenter\" src=\"http:\/\/www.lembach.fr\/ecole\/wp-content\/uploads\/2013\/02\/road_trip_logo_car_new.gif\" alt=\"road_trip_logo_car_new\" width=\"400\" height=\"202\" \/><\/p>\n","protected":false},"excerpt":{"rendered":"<p>ACAD\u00c9MIE DE STRASBOURG 2025\/2026 &nbsp; Rentr\u00e9e des \u00e9l\u00e8ves le lundi 1 septembre 2025 Toussaint du vendredi 17 octobre 2025 (apr\u00e8s la classe) au lundi 3 novembre 2025 (matin) No\u00ebl du vendredi 19 d\u00e9cembre 2025 (apr\u00e8s la classe) au lundi 4 &hellip; <a href=\"https:\/\/www.lembach.fr\/ecole\/infos-pratiques\/calendrier-des-vacances\/\">Continuer la lecture <span class=\"meta-nav\">&rarr;<\/span><\/a><\/p>\n","protected":false},"author":1,"featured_media":0,"parent":198,"menu_order":3,"comment_status":"closed","ping_status":"closed","template":"","meta":{"footnotes":""},"class_list":["post-214","page","type-page","status-publish","hentry"],"_links":{"self":[{"href":"https:\/\/www.lembach.fr\/ecole\/wp-json\/wp\/v2\/pages\/214","targetHints":{"allow":["GET"]}}],"collection":[{"href":"https:\/\/www.lembach.fr\/ecole\/wp-json\/wp\/v2\/pages"}],"about":[{"href":"https:\/\/www.lembach.fr\/ecole\/wp-json\/wp\/v2\/types\/page"}],"author":[{"embeddable":true,"href":"https:\/\/www.lembach.fr\/ecole\/wp-json\/wp\/v2\/users\/1"}],"replies":[{"embeddable":true,"href":"https:\/\/www.lembach.fr\/ecole\/wp-json\/wp\/v2\/comments?post=214"}],"version-history":[{"count":7,"href":"https:\/\/www.lembach.fr\/ecole\/wp-json\/wp\/v2\/pages\/214\/revisions"}],"predecessor-version":[{"id":4960,"href":"https:\/\/www.lembach.fr\/ecole\/wp-json\/wp\/v2\/pages\/214\/revisions\/4960"}],"up":[{"embeddable":true,"href":"https:\/\/www.lembach.fr\/ecole\/wp-json\/wp\/v2\/pages\/198"}],"wp:attachment":[{"href":"https:\/\/www.lembach.fr\/ecole\/wp-json\/wp\/v2\/media?parent=214"}],"curies":[{"name":"wp","href":"https:\/\/api.w.org\/{rel}","templated":true}]}}