{"id":153,"date":"2013-02-19T10:00:12","date_gmt":"2013-02-19T09:00:12","guid":{"rendered":"http:\/\/www.lembach.fr\/ecole\/?page_id=153"},"modified":"2023-09-19T13:51:42","modified_gmt":"2023-09-19T11:51:42","slug":"adresses-utiles","status":"publish","type":"page","link":"https:\/\/www.lembach.fr\/ecole\/infos-pratiques\/adresses-utiles\/","title":{"rendered":"Adresses utiles"},"content":{"rendered":"<table style=\"width: 100%;\">\n<tbody>\n<tr>\n<td colspan=\"2\" align=\"center\" width=\"50%\">\n<p style=\"margin-top: 0; margin-bottom: 0;\"><span style=\"font-family: Verdana; font-size: small;\"><b>\u00c9cole Henri Mertz<\/b><\/span><\/p>\n<p style=\"margin-top: 0; margin-bottom: 0;\"><span style=\"font-family: Verdana; font-size: small;\">10, rue des \u00e9coles<\/span><\/p>\n<p style=\"margin-top: 0; margin-bottom: 0;\"><span style=\"font-family: Verdana; font-size: small;\">67510 LEMBACH<\/span><\/p>\n<p style=\"margin-top: 0; margin-bottom: 0;\"><span style=\"font-family: Verdana; font-size: small;\">03-88-94-21-57<\/span><\/p>\n<p style=\"margin-top: 0; margin-bottom: 0;\"><span style=\"font-family: Verdana; font-size: small;\">\u00a0<a href=\"mailto:0672028r@ac-strasbourg.fr\">0672028r@ac-strasbourg.fr<\/a><\/span><\/p>\n<p style=\"margin-top: 0; margin-bottom: 0;\"><span style=\"font-family: Verdana; font-size: small;\"><b>Classes maternelles<\/b><\/span><\/p>\n<p style=\"margin-top: 0; margin-bottom: 0;\"><span style=\"font-family: Verdana; font-size: small;\">03-88-94-21-59<\/span><\/p>\n<\/td>\n<\/tr>\n<tr>\n<td align=\"center\" width=\"50%\">\n<p style=\"margin-top: 0; margin-bottom: 0;\"><span style=\"font-family: Verdana; font-size: small;\"><b>Inspection d\u00e9partementale de l&rsquo;<\/b><\/span><span style=\"font-family: Verdana; font-size: small;\"><b>\u00c9ducation Nationale<\/b><\/span><\/p>\n<p style=\"margin-top: 0; margin-bottom: 0;\"><span style=\"font-family: Verdana; font-size: small;\"><b>de Haguenau Nord<\/b><\/span><\/p>\n<p style=\"margin-top: 0; margin-bottom: 0;\"><span style=\"font-family: Verdana; font-size: small;\">1, March\u00e9 aux poissons<\/span><\/p>\n<p style=\"margin-top: 0; margin-bottom: 0;\"><span style=\"font-family: Verdana; font-size: small;\">67500 HAGUENAU<\/span><\/p>\n<p style=\"margin-top: 0; margin-bottom: 0;\"><span style=\"font-family: Verdana; font-size: small;\">03-88-73-46-66<br \/>\n<a href=\"https:\/\/circ-ien-haguenau-nord.site.ac-strasbourg.fr\/\">https:\/\/circ-ien-haguenau-nord.site.ac-strasbourg.fr\/<\/a><br \/>\n<\/span><\/p>\n<\/td>\n<td align=\"center\" width=\"50%\">\n<p style=\"margin-top: 0; margin-bottom: 0;\"><span style=\"font-family: Verdana; font-size: small;\"><b>Association<br \/>\ndes Oeuvres scolaires<\/b><\/span><\/p>\n<p style=\"margin-top: 0; margin-bottom: 0;\"><span style=\"font-family: Verdana; font-size: small;\">2, rue des Quatre Vents<\/span><\/p>\n<p style=\"margin-top: 0; margin-bottom: 0;\"><span style=\"font-family: Verdana; font-size: small;\">67160 WISSEMBOURG<\/span><\/p>\n<p style=\"margin-top: 0; margin-bottom: 0;\"><span style=\"font-family: Verdana; font-size: small;\">03-88-94-04-34<br \/>\n<a href=\"http:\/\/aos-wissembourg.com\" target=\"_blank\" rel=\"noopener noreferrer\">http:\/\/aos-wissembourg.com<\/a><br \/>\n<\/span><\/p>\n<\/td>\n<\/tr>\n<tr>\n<td align=\"center\" width=\"50%\">\n<p style=\"margin-top: 0; margin-bottom: 0;\"><span style=\"font-family: Verdana; font-size: small;\"><b>Inspection Acad\u00e9mique<br \/>\ndu Bas-Rhin<\/b><\/span><\/p>\n<p style=\"margin-top: 0; margin-bottom: 0;\"><span style=\"font-family: Verdana; font-size: small;\">65, avenue de la For\u00eat-Noire<\/span><\/p>\n<p style=\"margin-top: 0; margin-bottom: 0;\"><span style=\"font-family: Verdana; font-size: small;\">67000 STRASBOURG<\/span><\/p>\n<p style=\"margin-top: 0; margin-bottom: 0;\"><span style=\"font-family: Verdana; font-size: small;\">03-88-45-92-92<br \/>\n<a href=\"https:\/\/www.ac-strasbourg.fr\/\">https:\/\/www.ac-strasbourg.fr\/<\/a><br \/>\n<\/span><\/p>\n<\/td>\n<td align=\"center\" width=\"50%\">\n<p style=\"margin-top: 0; margin-bottom: 0;\"><span style=\"font-family: Verdana; font-size: small;\"><b>Mairie de Lembach<\/b><\/span><\/p>\n<p style=\"margin-top: 0; margin-bottom: 0;\"><span style=\"font-family: Verdana; font-size: small;\">1, route de Bitche<\/span><\/p>\n<p style=\"margin-top: 0; margin-bottom: 0;\"><span style=\"font-family: Verdana; font-size: small;\">67510 LEMBACH<\/span><\/p>\n<p style=\"margin-top: 0; margin-bottom: 0;\"><span style=\"font-family: Verdana; font-size: small;\">03-88-94-42-84<\/span><\/p>\n<p style=\"margin-top: 0;\"><span style=\"font-family: Verdana; font-size: small;\">fax: 03-88-94-21-45<\/span><br \/>\n<span style=\"font-family: Verdana; font-size: small;\"><a href=\"mailto:mairie@lembach.fr\">mairie@lembach.fr<\/a><\/span><br \/>\n<span style=\"font-family: Verdana; font-size: small;\"><a href=\"http:\/\/www.lembach.fr\/mairie\" target=\"_blank\" rel=\"noopener noreferrer\">http:\/\/www.lembach.fr\/mairie<\/a><\/span><\/p>\n<\/td>\n<\/tr>\n<\/tbody>\n<\/table>\n<p><img loading=\"lazy\" decoding=\"async\" class=\"size-full wp-image-614 aligncenter\" src=\"http:\/\/www.lembach.fr\/ecole\/wp-content\/uploads\/2013\/02\/contacts-2.jpg\" alt=\"contacts 2\" width=\"400\" height=\"300\" srcset=\"https:\/\/www.lembach.fr\/ecole\/wp-content\/uploads\/2013\/02\/contacts-2.jpg 400w, https:\/\/www.lembach.fr\/ecole\/wp-content\/uploads\/2013\/02\/contacts-2-300x225.jpg 300w\" sizes=\"auto, (max-width: 400px) 100vw, 400px\" \/><\/p>\n","protected":false},"excerpt":{"rendered":"<p>\u00c9cole Henri Mertz 10, rue des \u00e9coles 67510 LEMBACH 03-88-94-21-57 \u00a00672028r@ac-strasbourg.fr Classes maternelles 03-88-94-21-59 Inspection d\u00e9partementale de l&rsquo;\u00c9ducation Nationale de Haguenau Nord 1, March\u00e9 aux poissons 67500 HAGUENAU 03-88-73-46-66 https:\/\/circ-ien-haguenau-nord.site.ac-strasbourg.fr\/ Association des Oeuvres scolaires 2, rue des Quatre Vents 67160 &hellip; <a href=\"https:\/\/www.lembach.fr\/ecole\/infos-pratiques\/adresses-utiles\/\">Continuer la lecture <span class=\"meta-nav\">&rarr;<\/span><\/a><\/p>\n","protected":false},"author":1,"featured_media":0,"parent":198,"menu_order":2,"comment_status":"closed","ping_status":"closed","template":"","meta":{"footnotes":""},"class_list":["post-153","page","type-page","status-publish","hentry"],"_links":{"self":[{"href":"https:\/\/www.lembach.fr\/ecole\/wp-json\/wp\/v2\/pages\/153","targetHints":{"allow":["GET"]}}],"collection":[{"href":"https:\/\/www.lembach.fr\/ecole\/wp-json\/wp\/v2\/pages"}],"about":[{"href":"https:\/\/www.lembach.fr\/ecole\/wp-json\/wp\/v2\/types\/page"}],"author":[{"embeddable":true,"href":"https:\/\/www.lembach.fr\/ecole\/wp-json\/wp\/v2\/users\/1"}],"replies":[{"embeddable":true,"href":"https:\/\/www.lembach.fr\/ecole\/wp-json\/wp\/v2\/comments?post=153"}],"version-history":[{"count":3,"href":"https:\/\/www.lembach.fr\/ecole\/wp-json\/wp\/v2\/pages\/153\/revisions"}],"predecessor-version":[{"id":4850,"href":"https:\/\/www.lembach.fr\/ecole\/wp-json\/wp\/v2\/pages\/153\/revisions\/4850"}],"up":[{"embeddable":true,"href":"https:\/\/www.lembach.fr\/ecole\/wp-json\/wp\/v2\/pages\/198"}],"wp:attachment":[{"href":"https:\/\/www.lembach.fr\/ecole\/wp-json\/wp\/v2\/media?parent=153"}],"curies":[{"name":"wp","href":"https:\/\/api.w.org\/{rel}","templated":true}]}}